000
CXHW50 PHFO 011952
CF6HNL
PRELIMINARY LOCAL CLIMATOLOGICAL DATA (WS FORM: F-6)
STATION: HONOLULU HI
MONTH: DECEMBER
YEAR: 2023
LATITUDE: 21 21 N
LONGITUDE: 157 56 W
TEMPERATURE IN F: :PCPN: SNOW: WIND :SUNSHINE: SKY :PK WND
================================================================================
1 2 3 4 5 6A 6B 7 8 9 10 11 12 13 14 15 16 17 18
12Z AVG MX 2MIN
DY MAX MIN AVG DEP HDD CDD WTR SNW DPTH SPD SPD DIR MIN PSBL S-S WX SPD DR
================================================================================
1 75 68 72 -5 0 7 0.35 M M 5.0 28 320 M M 8 37 320
2 85 66 76 -1 0 11 0.00 M M 4.6 16 70 M M 3 22 80
3 83 68 76 -1 0 11 0.00 M M 4.6 16 40 M M 3 20 40
4 83 68 76 0 0 11 T M M 7.0 17 50 M M 3 25 30
5 81 73 77 1 0 12 0.01 M M 11.0 26 70 M M 7 1 33 80
6 82 72 77 1 0 12 T M M 13.3 20 60 M M 4 30 40
7 81 70 76 0 0 11 T M M 4.8 12 160 M M 5 17 150
8 81 67 74 -2 0 9 0.00 M M 5.1 12 230 M M 3 17 240
9 85 66 76 0 0 11 0.00 M M 5.9 17 70 M M 1 23 30
10 86 68 77 1 0 12 0.00 M M 8.5 20 70 M M 4 26 60
11 85 75 80 4 0 15 0.00 M M 8.9 17 70 M M 4 26 30
12 84 71 78 2 0 13 0.01 M M 8.5 18 60 M M 5 29 10
13 78 70 74 -2 0 9 0.16 M M 8.0 17 30 M M 8 1 29 10
14 76 68 72 -4 0 7 T M M 13.8 24 50 M M 6 36 20
15 77 67 72 -4 0 7 T M M 14.3 26 80 M M 5 36 70
16 79 64 72 -4 0 7 T M M 9.2 21 50 M M 6 32 40
17 78 64 71 -4 0 6 T M M 7.8 18 50 M M 7 30 10
18 74 67 71 -4 0 6 0.07 M M 9.5 21 60 M M 7 1 28 80
19 78 69 74 -1 0 9 0.04 M M 15.1 24 60 M M 7 1 35 80
20 75 69 72 -3 0 7 0.24 M M 11.0 23 60 M M 7 1 31 70
21 79 72 76 1 0 11 0.00 M M 12.7 24 70 M M 7 34 50
22 80 71 76 1 0 11 T M M 9.9 21 70 M M 7 29 50
23 80 72 76 1 0 11 T M M 11.9 22 60 M M 5 29 60
24 82 69 76 1 0 11 0.00 M M 8.5 16 60 M M 3 23 50
25 79 66 73 -2 0 8 0.00 M M 4.4 10 40 M M 4 16 30
26 82 68 75 0 0 10 0.00 M M 6.6 16 60 M M 4 26 10
27 82 66 74 0 0 9 0.00 M M 6.1 14 220 M M 3 18 350
28 77 62 70 -4 0 5 T M M 5.6 15 50 M M 3 24 20
29 82 66 74 0 0 9 0.00 M M 6.8 17 70 M M 3 26 30
30 81 66 74 0 0 9 0.00 M M 7.2 16 130 M M 5 22 130
31 84 64 74 0 0 9 0.00 M M 6.0 16 330 M M 2 27 10
================================================================================
SM 2494 2112 0 296 0.88 M 261.6 M 149
================================================================================
AV 80.5 68.1 8.4 FASTST M M 5 MAX(MPH)
MISC ----> 28 320 37 320
================================================================================
NOTES:
# LAST OF SEVERAL OCCURRENCES
COLUMN 17 PEAK WIND IN M.P.H.
PRELIMINARY LOCAL CLIMATOLOGICAL DATA (WS FORM: F-6) , PAGE 2
STATION: HONOLULU HI
MONTH: DECEMBER
YEAR: 2023
LATITUDE: 21 21 N
LONGITUDE: 157 56 W
[TEMPERATURE DATA] [PRECIPITATION DATA] SYMBOLS USED IN COLUMN 16
AVERAGE MONTHLY: 74.3 TOTAL FOR MONTH: 0.88 1 = FOG OR MIST
DPTR FM NORMAL: -1.2 DPTR FM NORMAL: -1.30 2 = FOG REDUCING VISIBILITY
HIGHEST: 86 ON 10 GRTST 24HR 0.35 ON 1- 1 TO 1/4 MILE OR LESS
LOWEST: 62 ON 28 3 = THUNDER
SNOW, ICE PELLETS, HAIL 4 = ICE PELLETS
TOTAL MONTH: M 5 = HAIL
GRTST 24HR M ON M 6 = FREEZING RAIN OR DRIZZLE
GRTST DEPTH: M ON M 7 = DUSTSTORM OR SANDSTORM:
VSBY 1/2 MILE OR LESS
8 = SMOKE OR HAZE
[NO. OF DAYS WITH] [WEATHER - DAYS WITH] 9 = BLOWING SNOW
X = TORNADO
MAX 32 OR BELOW: 0 0.01 INCH OR MORE: 7
MAX 90 OR ABOVE: 0 0.10 INCH OR MORE: 3
MIN 32 OR BELOW: 0 0.50 INCH OR MORE: 0
MIN 0 OR BELOW: 0 1.00 INCH OR MORE: 0
[HDD (BASE 65) ]
TOTAL THIS MO. 0 CLEAR (SCALE 0-3) 5
DPTR FM NORMAL 0 PTCLDY (SCALE 4-7) 26
TOTAL FM JUL 1 0 CLOUDY (SCALE 8-10) 0
DPTR FM NORMAL 0
[CDD (BASE 65) ]
TOTAL THIS MO. 296
DPTR FM NORMAL -30 [PRESSURE DATA]
TOTAL FM JAN 1 4972 HIGHEST SLP 30.18 ON 29
DPTR FM NORMAL 206 LOWEST SLP 29.83 ON 8
[REMARKS]
#FINAL-12-23#