000
CXUS53 KFSD 012046 CCA
CLMHON
CLIMATE REPORT
NATIONAL WEATHER SERVICE SIOUX FALLS SD
244 PM CST FRI MAR 01 2024
...................................
...THE HURON CLIMATE SUMMARY FOR THE MONTH OF FEBRUARY 2024...
CLIMATE NORMAL PERIOD: 1991 TO 2020
CLIMATE RECORD PERIOD: 1881 TO 2024
WEATHER OBSERVED NORMAL DEPART LAST YEAR`S
VALUE DATE(S) VALUE FROM VALUE DATE(S)
NORMAL
................................................................
TEMPERATURE (F)
RECORD
HIGH 71 02/25/1958
LOW -41 02/09/1994
HIGHEST 69 02/26 MM MM 42 02/12
LOWEST -3 02/15 MM MM -23 02/24
AVG. MAXIMUM 42.7 30.8 11.9 28.6
AVG. MINIMUM 21.9 10.2 11.7 8.4
MEAN 32.3 20.5 11.8 18.5
DAYS MAX >= 90 0 0.0 0.0 0
DAYS MAX <= 32 6 15.1 -9.1 13
DAYS MIN <= 32 23 27.2 -4.2 28
DAYS MIN <= 0 1 7.4 -6.4 7
PRECIPITATION (INCHES)
RECORD
MAXIMUM 3.87 1962
MINIMUM 0.03 1968
TOTALS 0.56 0.75 -0.19 0.93
DAILY AVG. 0.02 0.03 -0.01 0.03
DAYS >= .01 2 7.0 -5.0 4
DAYS >= .10 1 2.2 -1.2 3
DAYS >= .50 1 0.3 0.7 1
DAYS >= 1.00 0 0.0 0.0 0
GREATEST
24 HR. TOTAL 0.51 02/14 TO 02/14
SNOWFALL (INCHES)
RECORDS
TOTAL 39.9 1962
TOTALS 7.7 8.9 -1.2 17.0
SINCE 7/1 24.4 32.3 -7.9 44.2
SNOWDEPTH AVG. 2 6
DAYS >= 1.0 1 2.5 -1.5 3
GREATEST
SNOW DEPTH 8 02/15 17 02/24
02/16 02/25
24 HR TOTAL 7.7 02/14 TO 02/14
DEGREE DAYS
HEATING TOTAL 942 1284 -342 1296
SINCE 7/1 4903 5849 -946 5916
COOLING TOTAL 0 0 0 0
SINCE 1/1 0 0 0 0
................................................................
WIND (MPH)
AVERAGE WIND SPEED 9.3
HIGHEST WIND SPEED/DIRECTION 39/340 DATE 02/27
HIGHEST GUST SPEED/DIRECTION 52/340 DATE 02/27
SKY COVER
POSSIBLE SUNSHINE (PERCENT) MM
AVERAGE SKY COVER 0.40
NUMBER OF DAYS FAIR 15
NUMBER OF DAYS PC 7
NUMBER OF DAYS CLOUDY 7
AVERAGE RH (PERCENT) 76
WEATHER CONDITIONS. NUMBER OF DAYS WITH
THUNDERSTORM 0 MIXED PRECIP 0
HEAVY RAIN 0 RAIN 0
LIGHT RAIN 2 FREEZING RAIN 0
LT FREEZING RAIN 0 HAIL 0
HEAVY SNOW 1 SNOW 1
LIGHT SNOW 4 SLEET 0
FOG 11 FOG W/VIS <= 1/4 MILE 4
HAZE 0
- INDICATES NEGATIVE NUMBERS.
R INDICATES RECORD WAS SET OR TIED.
MM INDICATES DATA IS MISSING.
T INDICATES TRACE AMOUNT.
$$