000
CXUS54 KHGX 011414
CLMHOU
CLIMATE REPORT
NATIONAL WEATHER SERVICE HOUSTON/GALVESTON TX
914 AM CDT SUN OCT 01 2023
...................................
...THE HOUSTON/HOBBY AIRPORT CLIMATE SUMMARY FOR THE MONTH OF SEPTEMBER 2023...
CLIMATE NORMAL PERIOD: 1991 TO 2020
CLIMATE RECORD PERIOD: 1930 TO 2023
WEATHER OBSERVED NORMAL DEPART LAST YEAR`S
VALUE DATE(S) VALUE FROM VALUE DATE(S)
NORMAL
................................................................
TEMPERATURE (F)
RECORD
HIGH 108 09/04/2000
LOW 46 09/27/1942
HIGHEST 104 09/08 89 15 99 09/22
LOWEST 72 09/19 72 0 58 09/30
AVG. MAXIMUM 95.9 89.3 6.6 92.1
AVG. MINIMUM 76.9 72.9 4.0 73.4
MEAN 86.4 81.1 5.3 82.8
DAYS MAX >= 90 29 16.4 12.6 23
DAYS MAX <= 32 0 0.0 0.0 0
DAYS MIN <= 32 0 0.0 0.0 0
DAYS MIN <= 0 0 0.0 0.0 0
PRECIPITATION (INCHES)
RECORD
MAXIMUM 13.07 2020
TOTALS 3.31 5.76 -2.45
DAILY AVG. 0.11 0.19 -0.08 0.05
DAYS >= .01 8 9.8 -1.8 7
DAYS >= .10 6 6.3 -0.3 5
DAYS >= .50 3 3.3 -0.3 1
DAYS >= 1.00 0 1.7 -1.7 0
GREATEST
24 HR. TOTAL 0.87 09/04 TO 09/04 0.67 09/01 TO 09/02
SNOWFALL (INCHES)
RECORDS
TOTAL 0.0 2002
TOTALS 0.0
SINCE 7/1 0.0
LIQUID 7/1 0.00
DAYS >= TRACE 0
GREATEST
24 HR TOTAL MM
DEGREE DAYS
HEATING TOTAL 0 0 0 0
SINCE 7/1 0 0 0 MM
COOLING TOTAL 648 483 165 540
SINCE 1/1 3840 2978 862 MM
................................................................
WIND (MPH)
AVERAGE WIND SPEED 6.9
HIGHEST WIND SPEED/DIRECTION 35/100 DATE 09/08
HIGHEST GUST SPEED/DIRECTION 47/010 DATE 09/25
SKY COVER
AVERAGE SKY COVER 0.38
AVERAGE RH (PERCENT) 63
WEATHER CONDITIONS. NUMBER OF DAYS WITH
THUNDERSTORM 9 MIXED PRECIP 0
HEAVY RAIN 5 RAIN 2
LIGHT RAIN 8 FREEZING RAIN 0
LT FREEZING RAIN 0 HAIL 0
HEAVY SNOW 0 SNOW 0
LIGHT SNOW 0 SLEET 0
FOG 3 FOG W/VIS <= 1/4 MILE 1
HAZE 5
- INDICATES NEGATIVE NUMBERS.
R INDICATES RECORD WAS SET OR TIED.
MM INDICATES DATA IS MISSING.
T INDICATES TRACE AMOUNT.
$$