243
CXUS54 KBRO 010900
CF6HRL
PRELIMINARY LOCAL CLIMATOLOGICAL DATA (WS FORM: F-6)
STATION: HARLINGEN
MONTH: SEPTEMBER
YEAR: 2020
LATITUDE: 26 13 N
LONGITUDE: 97 40 W
TEMPERATURE IN F: :PCPN: SNOW: WIND :SUNSHINE: SKY :PK WND
================================================================================
1 2 3 4 5 6A 6B 7 8 9 10 11 12 13 14 15 16 17 18
12Z AVG MX 2MIN
DY MAX MIN AVG DEP HDD CDD WTR SNW DPTH SPD SPD DIR MIN PSBL S-S WX SPD DR
================================================================================
1 99 84 92 8 0 27 0.00 0.0 0 21.9 33 180 M M 6 42 170
2 100 79 90 6 0 25 0.00 0.0 0 14.3 26 170 M M 3 8 32 160
3 99 77 88 4 0 23 0.00 0.0 0 11.0 21 120 M M 3 28 140
4 96 75 86 2 0 21 0.01 0.0 0 8.1 28 160 M M 2 3 37 160
5 80 72 76 -8 0 11 2.29 0.0 0 6.9 31 70 M M 7 13 39 70
6 88 76 82 -2 0 17 0.25 0.0 0 6.8 15 20 M M 3 1 19 360
7 90 77 84 1 0 19 0.01 0.0 0 4.9 22 120 M M 2 138 25 130
8 94 75 85 2 0 20 0.00 0.0 0 9.8 18 160 M M 1 1 M M
9 94 78 86 3 0 21 T 0.0 0 10.7 23 150 M M 1 26 160
10 79 69 74 -9 0 9 0.31 0.0 0 12.2 21 320 M M 8 1 23 310
11 81 69 75 -8 0 10 0.01 0.0 0 11.9 21 330 M M 7 24 340
12 93 69 81 -2 0 16 0.00 0.0 0 7.8 14 40 M M 1 20 10
13 92 72 82 0 0 17 0.75 0.0 0 7.9 22 60 M M 3 13 28 360
14 82 74 78 -4 0 13 0.31 0.0 0 8.7 18 110 M M 3 1 22 110
15 90 74 82 0 0 17 0.55 0.0 0 8.0 31 70 M M 5 1 38 70
16 94 74 84 2 0 19 0.66 0.0 0 6.3 31 360 M M 1 13 44 10
17 86 72 79 -3 0 14 0.00 0.0 0 9.0 24 340 M M 3 3 30 340
18 87 72 80 -1 0 15 0.36 0.0 0 10.5 21 30 M M 4 1 28 350
19 87 66 77 -4 0 12 0.00 0.0 0 10.1 21 350 M M 1 26 350
20 87 65 76 -5 0 11 0.00 0.0 0 11.0 21 330 M M 1 28 310
21 83 66 75 -6 0 10 0.00 0.0 0 12.1 24 310 M M 8 32 310
22 90 71 81 0 0 16 T 0.0 0 8.0 18 290 M M 4 24 270
23 94 71 83 3 0 18 0.00 0.0 0 6.8 15 70 M M 1 19 80
24 93 72 83 3 0 18 0.00 0.0 0 5.9 15 100 M M 4 18 80
25 90 72 81 1 0 16 0.34 0.0 0 7.9 20 130 M M 3 13 25 110
26 95 73 84 4 0 19 0.00 0.0 0 10.9 21 130 M M 1 24 170
27 96 75 86 6 0 21 0.00 0.0 0 12.1 24 160 M M 2 29 140
28 95 71 83 3 0 18 T 0.0 0 11.0 29 20 M M 5 13 34 20
29 84 59 72 -7 0 7 0.00 0.0 0 11.4 28 20 M M 2 34 10
30 87 57 72 -7 0 7 0.00 0.0 0 5.8 16 100 M M 0 19 100
================================================================================
SM 2705 2156 0 487 5.85 0.0 289.7 M 95
================================================================================
AV 90.2 71.9 9.7 FASTST M M 3 MAX(MPH)
MISC ----> # 33 180 # 44 10
================================================================================
NOTES:
# LAST OF SEVERAL OCCURRENCES
COLUMN 17 PEAK WIND IN M.P.H.
PRELIMINARY LOCAL CLIMATOLOGICAL DATA (WS FORM: F-6) , PAGE 2
STATION: HARLINGEN
MONTH: SEPTEMBER
YEAR: 2020
LATITUDE: 26 13 N
LONGITUDE: 97 40 W
[TEMPERATURE DATA] [PRECIPITATION DATA] SYMBOLS USED IN COLUMN 16
AVERAGE MONTHLY: 81.0 TOTAL FOR MONTH: 5.85 1 = FOG OR MIST
DPTR FM NORMAL: -0.9 DPTR FM NORMAL: 0.63 2 = FOG REDUCING VISIBILITY
HIGHEST: 100 ON 2 GRTST 24HR 2.29 ON 5- 5 TO 1/4 MILE OR LESS
LOWEST: 57 ON 30 3 = THUNDER
SNOW, ICE PELLETS, HAIL 4 = ICE PELLETS
TOTAL MONTH: 0.0 INCH 5 = HAIL
GRTST 24HR 0.0 6 = FREEZING RAIN OR DRIZZLE
GRTST DEPTH: 0 7 = DUSTSTORM OR SANDSTORM:
VSBY 1/2 MILE OR LESS
8 = SMOKE OR HAZE
[NO. OF DAYS WITH] [WEATHER - DAYS WITH] 9 = BLOWING SNOW
X = TORNADO
MAX 32 OR BELOW: 0 0.01 INCH OR MORE: 12
MAX 90 OR ABOVE: 18 0.10 INCH OR MORE: 9
MIN 32 OR BELOW: 0 0.50 INCH OR MORE: 4
MIN 0 OR BELOW: 0 1.00 INCH OR MORE: 1
[HDD (BASE 65) ]
TOTAL THIS MO. 0 CLEAR (SCALE 0-3) 18
DPTR FM NORMAL 0 PTCLDY (SCALE 4-7) 12
TOTAL FM JUL 1 0 CLOUDY (SCALE 8-10) 0
DPTR FM NORMAL 0
[CDD (BASE 65) ]
TOTAL THIS MO. 487
DPTR FM NORMAL -18 [PRESSURE DATA]
TOTAL FM JAN 1 3860 HIGHEST SLP 30.21 ON 29
DPTR FM NORMAL 431 LOWEST SLP 29.68 ON 27
[REMARKS]
#FINAL-09-20#