000
CXUS53 KGID 011254
CLMHSI
CLIMATE REPORT
NATIONAL WEATHER SERVICE HASTINGS NE
754 AM CDT THU JUN 01 2023
...................................
...THE HASTINGS NE CLIMATE SUMMARY FOR THE MONTH OF MAY 2023...
CLIMATE NORMAL PERIOD 1991 TO 2020
CLIMATE RECORD PERIOD 1894 TO 2023
WEATHER OBSERVED NORMAL DEPART LAST YEAR`S
VALUE DATE(S) VALUE FROM VALUE DATE(S)
NORMAL
................................................................
TEMPERATURE (F)
RECORD
HIGH 105 05/29/1934
LOW 22 05/01/1909
HIGHEST 88 05/29 90 -2 92 05/19
LOWEST 30 05/01 37 -7 34 05/02
05/02
AVG. MAXIMUM 78.0 72.8 5.2 73.0
AVG. MINIMUM 52.2 50.7 1.5 51.5
MEAN 65.1 61.8 3.3 62.2
DAYS MAX >= 90 0 1.0 -1.0 1
DAYS MAX <= 32 0 0.0 0.0 0
DAYS MIN <= 32 2 0.5 1.5 0
DAYS MIN <= 0 0 0.0 0.0 0
PRECIPITATION (INCHES)
RECORD
MAXIMUM 12.47 1965
MINIMUM 0.47 1934
TOTALS 1.22 4.35 -3.13 3.37
DAILY AVG. 0.04 0.14 -0.10 0.11
DAYS >= .01 8 12.0 -4.0 10
DAYS >= .10 4 7.7 -3.7 8
DAYS >= .50 0 3.2 -3.2 2
DAYS >= 1.00 0 1.0 -1.0 1
GREATEST
24 HR. TOTAL 0.54 05/29 TO 05/30
SNOWFALL (INCHES)
RECORDS
TOTAL 4.5 1967
TOTALS 0.0 0.0 0.0 T
SINCE 7/1 27.9 28.6 -0.7 MM
DAYS >= 1.0 0 MM MM 0
GREATEST
SNOW DEPTH 0 0 MM
24 HR TOTAL MM
DEGREE DAYS
HEATING TOTAL 76 167 -91 174
SINCE 7/1 5928 5855 73 MM
COOLING TOTAL 88 66 22 96
SINCE 1/1 102 74 28 MM
................................................................
WIND (MPH)
AVERAGE WIND SPEED 9.2
HIGHEST WIND SPEED/DIRECTION 31/340 DATE 05/29
HIGHEST GUST SPEED/DIRECTION 45/330 DATE 05/29
SKY COVER
POSSIBLE SUNSHINE (PERCENT) MM
AVERAGE SKY COVER 0.30
NUMBER OF DAYS FAIR 19
NUMBER OF DAYS PC 9
NUMBER OF DAYS CLOUDY 2
AVERAGE RH (PERCENT) 62
WEATHER CONDITIONS. NUMBER OF DAYS WITH
THUNDERSTORM 8 MIXED PRECIP 0
HEAVY RAIN 3 RAIN 3
LIGHT RAIN 10 FREEZING RAIN 0
LT FREEZING RAIN 0 HAIL 0
HEAVY SNOW 0 SNOW 0
LIGHT SNOW 0 SLEET 0
FOG 13 FOG W/VIS <= 1/4 MILE 1
HAZE 8
- INDICATES NEGATIVE NUMBERS.
R INDICATES RECORD WAS SET OR TIED.
MM INDICATES DATA IS MISSING.
T INDICATES TRACE AMOUNT.
$$