000
CXUS53 KGID 020256
CLMHSI
CLIMATE REPORT
NATIONAL WEATHER SERVICE HASTINGS NE
856 PM CST FRI MAR 01 2024
...................................
...THE HASTINGS NE CLIMATE SUMMARY FOR THE MONTH OF FEBRUARY 2024...
CLIMATE NORMAL PERIOD 1991 TO 2020
CLIMATE RECORD PERIOD 1894 TO 2024
WEATHER OBSERVED NORMAL DEPART LAST YEAR`S
VALUE DATE(S) VALUE FROM VALUE DATE(S)
NORMAL
................................................................
TEMPERATURE (F)
RECORD
HIGH 80 02/28/2006
02/25/1995
LOW -30 02/16/2021
HIGHEST 76 02/26 70 6 59 02/21
LOWEST 5 02/28 -7 12 -2 02/23
AVG. MAXIMUM 53.1 40.7 12.4 41.3
AVG. MINIMUM 26.8 19.4 7.4 18.7
MEAN 39.9 30.0 9.9 30.0
DAYS MAX >= 90 0 0.0 0.0 0
DAYS MAX <= 32 1 9.6 -8.6 6
DAYS MIN <= 32 25 25.7 -0.7 27
DAYS MIN <= 0 0 2.2 -2.2 2
PRECIPITATION (INCHES)
RECORD
MAXIMUM 2.80 1971
MINIMUM T 1921
TOTALS 0.72 0.75 -0.03 1.09
DAILY AVG. 0.02 NAN NAN 0.04
DAYS >= .01 3 5.5 -2.5 7
DAYS >= .10 2 1.8 0.2 4
DAYS >= .50 1 0.5 0.5 0
DAYS >= 1.00 0 0.1 -0.1 0
GREATEST
24 HR. TOTAL 0.65 02/03 TO 02/04
SNOWFALL (INCHES)
RECORDS
TOTAL 25.5 1903
TOTALS 0.1 7.5 -7.4 9.8
SINCE 7/1 23.1 23.1 0.0 MM
DAYS >= 1.0 0 2.2 -2.2 4
GREATEST
SNOW DEPTH MM 6 02/16
02/17
24 HR TOTAL 0.1 02/27 TO 02/27
DEGREE DAYS
HEATING TOTAL 722 978 -256 973
SINCE 7/1 4077 4576 -499 MM
COOLING TOTAL 0 0 0 0
SINCE 1/1 0 0 0 MM
................................................................
WIND (MPH)
AVERAGE WIND SPEED 10.4
HIGHEST WIND SPEED/DIRECTION 40/350 DATE 02/27
HIGHEST GUST SPEED/DIRECTION 52/350 DATE 02/27
SKY COVER
POSSIBLE SUNSHINE (PERCENT) MM
AVERAGE SKY COVER 0.26
NUMBER OF DAYS FAIR 21
NUMBER OF DAYS PC 5
NUMBER OF DAYS CLOUDY 3
AVERAGE RH (PERCENT) 63
WEATHER CONDITIONS. NUMBER OF DAYS WITH
THUNDERSTORM 1 MIXED PRECIP 0
HEAVY RAIN 0 RAIN 1
LIGHT RAIN 2 FREEZING RAIN 0
LT FREEZING RAIN 0 HAIL 0
HEAVY SNOW 0 SNOW 0
LIGHT SNOW 2 SLEET 0
FOG 8 FOG W/VIS <= 1/4 MILE 3
HAZE 2
- INDICATES NEGATIVE NUMBERS.
R INDICATES RECORD WAS SET OR TIED.
MM INDICATES DATA IS MISSING.
T INDICATES TRACE AMOUNT.
$$