000
CXUS53 KAPX 010730
CF6HTL
PRELIMINARY LOCAL CLIMATOLOGICAL DATA (WS FORM: F-6)
STATION: HOUGHTON LAKE MI
MONTH: JULY
YEAR: 2022
LATITUDE: 44 22 N
LONGITUDE: 84 41 W
TEMPERATURE IN F: :PCPN: SNOW: WIND :SUNSHINE: SKY :PK WND
================================================================================
1 2 3 4 5 6A 6B 7 8 9 10 11 12 13 14 15 16 17 18
12Z AVG MX 2MIN
DY MAX MIN AVG DEP HDD CDD WTR SNW DPTH SPD SPD DIR MIN PSBL S-S WX SPD DR
================================================================================
1 78 51 65 -2 0 0 0.33 0.0 0 8.9 17 250 M M 3 13 32 280
2 79 53 66 -1 0 1 0.00 0.0 0 7.9 16 280 M M 1 25 280
3 82 46 64 -3 1 0 0.00 0.0 0 4.3 9 270 M M 0 M M
4 83 56 70 3 0 5 0.17 0.0 0 4.6 12 320 M M 5 1 19 160
5 80 66 73 6 0 8 0.07 0.0 0 8.7 15 280 M M 7 1 22 280
6 73 55 64 -4 1 0 0.00 0.0 0 6.8 15 70 M M 7 20 70
7 81 52 67 -1 0 2 0.00 0.0 0 3.3 9 270 M M 4 1 13 270
8 77 49 63 -5 2 0 0.00 0.0 0 6.6 14 50 M M 4 1 19 50
9 78 46 62 -6 3 0 0.00 0.0 0 4.5 13 120 M M 0 22 120
10 82 44 63 -5 2 0 0.00 0.0 0 4.9 10 250 M M 0 15 250
11 80 61 71 3 0 6 0.15 0.0 0 9.6 16 250 M M 6 38 35 230
12 74 57 66 -2 0 1 0.00 0.0 0 9.7 17 320 M M 6 27 300
13 78 54 66 -2 0 1 0.09 0.0 0 3.1 14 360 M M 7 20 360
14 79 46 63 -5 2 0 0.00 0.0 0 3.6 13 310 M M 1 1 19 310
15 80 47 64 -4 1 0 0.00 0.0 0 4.7 17 230 M M 3 1 25 230
16 80 55 68 0 0 3 0.00 0.0 0 4.1 9 270 M M 5 1 14 250
17 84 57 71 3 0 6 0.00 0.0 0 4.1 14 80 M M 2 1 19 80
18 89 53 71 3 0 6 0.00 0.0 0 6.0 15 270 M M 1 1 22 240
19 90 71 81 13 0 16 0.00 0.0 0 7.8 16 210 M M 1 23 220
20 86 71 79 11 0 14 0.01 0.0 0 14.8 24 270 M M 4 38 260
21 87 63 75 7 0 10 0.07 0.0 0 11.6 21 280 M M 2 1 30 270
22 88 56 72 4 0 7 0.00 0.0 0 8.6 18 240 M M 1 12 30 260
23 91 70 81 13 0 16 0.03 0.0 0 8.4 16 240 M M 2 29 250
24 81 61 71 3 0 6 0.70 0.0 0 10.8 21 280 M M 7 13 32 360
25 74 51 63 -5 2 0 0.00 0.0 0 7.7 17 300 M M 3 29 280
26 80 50 65 -3 0 0 0.00 0.0 0 4.4 10 190 M M 5 16 230
27 82 53 68 0 0 3 0.01 0.0 0 7.1 15 280 M M 4 25 260
28 76 64 70 2 0 5 0.01 0.0 0 11.8 21 280 M M 4 3 32 290
29 78 59 69 1 0 4 0.00 0.0 0 8.9 18 300 M M 3 27 300
30 81 49 65 -3 0 0 0.00 0.0 0 4.5 12 220 M M 3 1 17 230
31 83 51 67 -1 0 2 0.00 0.0 0 5.9 14 240 M M 3 1 21 180
================================================================================
SM 2514 1717 14 122 1.64 0.0 217.7 M 104
================================================================================
AV 81.1 55.4 7.0 FASTST M M 3 MAX(MPH)
MISC ----> 24 270 38 260
================================================================================
NOTES:
# LAST OF SEVERAL OCCURRENCES
COLUMN 17 PEAK WIND IN M.P.H.
PRELIMINARY LOCAL CLIMATOLOGICAL DATA (WS FORM: F-6) , PAGE 2
STATION: HOUGHTON LAKE MI
MONTH: JULY
YEAR: 2022
LATITUDE: 44 22 N
LONGITUDE: 84 41 W
[TEMPERATURE DATA] [PRECIPITATION DATA] SYMBOLS USED IN COLUMN 16
AVERAGE MONTHLY: 68.2 TOTAL FOR MONTH: 1.64 1 = FOG OR MIST
DPTR FM NORMAL: 0.4 DPTR FM NORMAL: -1.10 2 = FOG REDUCING VISIBILITY
HIGHEST: 91 ON 23 GRTST 24HR 0.73 ON 23-24 TO 1/4 MILE OR LESS
LOWEST: 44 ON 10 3 = THUNDER
SNOW, ICE PELLETS, HAIL 4 = ICE PELLETS
TOTAL MONTH: 0.0 INCH 5 = HAIL
GRTST 24HR 0.0 6 = FREEZING RAIN OR DRIZZLE
GRTST DEPTH: 0 7 = DUSTSTORM OR SANDSTORM:
VSBY 1/2 MILE OR LESS
8 = SMOKE OR HAZE
[NO. OF DAYS WITH] [WEATHER - DAYS WITH] 9 = BLOWING SNOW
X = TORNADO
MAX 32 OR BELOW: 0 0.01 INCH OR MORE: 11
MAX 90 OR ABOVE: 2 0.10 INCH OR MORE: 4
MIN 32 OR BELOW: 0 0.50 INCH OR MORE: 1
MIN 0 OR BELOW: 0 1.00 INCH OR MORE: 0
[HDD (BASE 65) ]
TOTAL THIS MO. 14 CLEAR (SCALE 0-3) 15
DPTR FM NORMAL -27 PTCLDY (SCALE 4-7) 16
TOTAL FM JUL 1 14 CLOUDY (SCALE 8-10) 0
DPTR FM NORMAL -23
[CDD (BASE 65) ]
TOTAL THIS MO. 122
DPTR FM NORMAL -4 [PRESSURE DATA]
TOTAL FM JAN 1 252 HIGHEST SLP 30.28 ON 9
DPTR FM NORMAL 36 LOWEST SLP 29.41 ON 20
[REMARKS]
#FINAL-07-22#