000
CXUS53 KAPX 011833
CF6HTL
PRELIMINARY LOCAL CLIMATOLOGICAL DATA (WS FORM: F-6)
STATION: HOUGHTON LAKE MI
MONTH: SEPTEMBER
YEAR: 2020
LATITUDE: 44 22 N
LONGITUDE: 84 41 W
TEMPERATURE IN F: :PCPN: SNOW: WIND :SUNSHINE: SKY :PK WND
================================================================================
1 2 3 4 5 6A 6B 7 8 9 10 11 12 13 14 15 16 17 18
12Z AVG MX 2MIN
DY MAX MIN AVG DEP HDD CDD WTR SNW DPTH SPD SPD DIR MIN PSBL S-S WX SPD DR
================================================================================
1 74 54 64 2 1 0 0.00 0.0 0 3.6 13 160 M M 3 19 180
2 76 56 66 4 0 1 0.35 0.0 0 11.4 23 280 M M 4 1 33 270
3 80 55 68 6 0 3 0.15 0.0 0 11.3 29 240 M M 2 138 45 250
4 69 54 62 1 3 0 0.00 0.0 0 12.1 25 280 M M 2 35 280
5 72 40 56 -5 9 0 T 0.0 0 4.7 17 300 M M 4 1 26 310
6 72 37 55 -6 10 0 0.03 0.0 0 9.0 24 180 M M 3 13 36 180
7 67 47 57 -3 8 0 T 0.0 0 8.0 17 290 M M 5 1 28 280
8 54 45 50 -10 15 0 0.03 0.0 0 8.1 15 50 M M 10 1 22 50
9 56 47 52 -8 13 0 0.18 0.0 0 8.1 14 80 M M 10 1 22 20
10 55 40 48 -11 17 0 0.21 0.0 0 4.1 12 30 M M 9 1 19 20
11 66 32 49 -10 16 0 0.00 0.0 0 4.8 14 70 M M 3 12 19 80
12 65 51 58 -1 7 0 0.12 0.0 0 5.9 13 130 M M 10 18 18 130
13 68 55 62 4 3 0 0.01 0.0 0 10.5 22 270 M M 7 1 31 270
14 64 39 52 -6 13 0 0.00 0.0 0 3.9 10 340 M M 2 14 320
15 70 48 59 1 6 0 0.00 0.0 0 9.9 17 210 M M 2 27 200
16 74 50 62 5 3 0 T 0.0 0 9.2 17 330 M M 3 25 260
17 61 34 48 -9 17 0 0.00 0.0 0 5.4 16 310 M M 1 1 23 310
18 58 31 45 -11 20 0 0.00 0.0 0 6.3 15 40 M M 0 22 30
19 61 26 44 -12 21 0 0.00 0.0 0 3.8 10 250 M M 0 1 15 260
20 67 31 49 -7 16 0 0.00 0.0 0 6.5 15 160 M M 0 19 170
21 69 37 53 -2 12 0 0.00 0.0 0 7.2 14 180 M M 0 21 160
22 75 51 63 8 2 0 0.00 0.0 0 6.2 14 180 M M 0 12 20 180
23 81 42 62 8 3 0 0.00 0.0 0 3.0 10 320 M M 3 128 15 310
24 75 48 62 8 3 0 0.00 0.0 0 2.2 8 250 M M 2 1 10 240
25 78 53 66 12 0 1 0.00 0.0 0 6.7 18 180 M M 3 12 26 170
26 79 60 70 17 0 5 0.00 0.0 0 9.3 17 180 M M 1 26 170
27 71 59 65 12 0 0 0.00 0.0 0 7.7 17 210 M M 3 26 220
28 60 50 55 3 10 0 0.46 0.0 0 5.2 14 310 M M 10 1 19 230
29 60 50 55 3 10 0 T 0.0 0 10.5 15 260 M M 7 24 260
30 59 47 53 1 12 0 0.10 0.0 0 9.6 22 300 M M 8 13 30 300
================================================================================
SM 2036 1369 250 10 1.64 0.0 214.2 M 117
================================================================================
AV 67.9 45.6 7.1 FASTST M M 4 MAX(MPH)
MISC ----> # 29 240 # 45 250
================================================================================
NOTES:
# LAST OF SEVERAL OCCURRENCES
COLUMN 17 PEAK WIND IN M.P.H.
PRELIMINARY LOCAL CLIMATOLOGICAL DATA (WS FORM: F-6) , PAGE 2
STATION: HOUGHTON LAKE MI
MONTH: SEPTEMBER
YEAR: 2020
LATITUDE: 44 22 N
LONGITUDE: 84 41 W
[TEMPERATURE DATA] [PRECIPITATION DATA] SYMBOLS USED IN COLUMN 16
AVERAGE MONTHLY: 56.8 TOTAL FOR MONTH: 1.64 1 = FOG OR MIST
DPTR FM NORMAL: -0.5 DPTR FM NORMAL: -1.46 2 = FOG REDUCING VISIBILITY
HIGHEST: 81 ON 23 GRTST 24HR 0.46 ON 28-28 TO 1/4 MILE OR LESS
LOWEST: 26 ON 19 3 = THUNDER
SNOW, ICE PELLETS, HAIL 4 = ICE PELLETS
TOTAL MONTH: 0.0 INCH 5 = HAIL
GRTST 24HR 0.0 6 = FREEZING RAIN OR DRIZZLE
GRTST DEPTH: 0 7 = DUSTSTORM OR SANDSTORM:
VSBY 1/2 MILE OR LESS
8 = SMOKE OR HAZE
[NO. OF DAYS WITH] [WEATHER - DAYS WITH] 9 = BLOWING SNOW
X = TORNADO
MAX 32 OR BELOW: 0 0.01 INCH OR MORE: 10
MAX 90 OR ABOVE: 0 0.10 INCH OR MORE: 7
MIN 32 OR BELOW: 4 0.50 INCH OR MORE: 0
MIN 0 OR BELOW: 0 1.00 INCH OR MORE: 0
[HDD (BASE 65) ]
TOTAL THIS MO. 250 CLEAR (SCALE 0-3) 17
DPTR FM NORMAL -4 PTCLDY (SCALE 4-7) 8
TOTAL FM JUL 1 295 CLOUDY (SCALE 8-10) 5
DPTR FM NORMAL -86
[CDD (BASE 65) ]
TOTAL THIS MO. 10
DPTR FM NORMAL -10 [PRESSURE DATA]
TOTAL FM JAN 1 490 HIGHEST SLP M ON M
DPTR FM NORMAL 205 LOWEST SLP 29.42 ON 30
[REMARKS]
#FINAL-09-20#