000
CXUS51 KRLX 191144
CF6HTS
PRELIMINARY LOCAL CLIMATOLOGICAL DATA (WS FORM: F-6)
STATION: HUNTINGTON WV
MONTH: APRIL
YEAR: 2024
LATITUDE: 38 22 N
LONGITUDE: 82 33 W
TEMPERATURE IN F: :PCPN: SNOW: WIND :SUNSHINE: SKY :PK WND
================================================================================
1 2 3 4 5 6A 6B 7 8 9 10 11 12 13 14 15 16 17 18
12Z AVG MX 2MIN
DY MAX MIN AVG DEP HDD CDD WTR SNW DPTH SPD SPD DIR MIN PSBL S-S WX SPD DR
================================================================================
1 80 58 69 17 0 4 T 0.0 0 5.8 13 220 M M 6 20 230
2 74 60 67 15 0 2 0.72 0.0 0 7.0 47 250 M M 6 123 92 250
3 66 41 54 1 11 0 0.21 0.0 0 10.5 24 240 M M 7 3 38 250
4 48 38 43 -10 22 0 0.12 0.0 0 10.7 21 260 M M 9 1 35 250
5 49 38 44 -10 21 0 0.02 0.0 0 8.3 14 340 M M 9 22 300
6 55 35 45 -9 20 0 0.00 0.0 0 4.2 13 340 M M 4 18 330
7 67 31 49 -5 16 0 0.00 0.0 0 3.8 12 60 M M 1 20 10
8 79 53 66 11 0 1 0.00 0.0 0 6.0 16 210 M M 6 24 210
9 72 58 65 10 0 0 0.01 0.0 0 7.5 17 190 M M 7 27 200
10 69 58 64 9 1 0 0.27 0.0 0 4.0 9 190 M M 8 1 14 120
11 74 53 64 8 1 0 1.40 0.0 0 6.0 22 260 M M 9 1 42 250
12 55 49 52 -4 13 0 0.06 0.0 0 12.4 24 250 M M 9 8 39 240
13 68 47 58 2 7 0 T 0.0 0 8.5 17 280 M M 3 28 280
14 85 52 69 12 0 4 0.00 0.0 0 10.6 24 220 M M 0 39 250
15 87 63 75 18 0 10 0.00 0.0 0 5.9 16 250 M M 1 25 230
16 89 61 75 17 0 10 0.00 0.0 0 5.9 16 230 M M 1 25 220
17 84 66 75 17 0 10 T 0.0 0 10.8 25 210 M M 4 44 190
18 84 59 72 14 0 7 0.00 0.0 0 4.4 9 330 M M 0 15 290
================================================================================
SM 1285 920 112 48 2.81 0.0 132.3 M 90
================================================================================
AV 71.4 51.1 7.4 FASTST M M 5 MAX(MPH)
MISC ----> 47 250 92 250
================================================================================
NOTES:
# LAST OF SEVERAL OCCURRENCES
COLUMN 17 PEAK WIND IN M.P.H.
PRELIMINARY LOCAL CLIMATOLOGICAL DATA (WS FORM: F-6) , PAGE 2
STATION: HUNTINGTON WV
MONTH: APRIL
YEAR: 2024
LATITUDE: 38 22 N
LONGITUDE: 82 33 W
[TEMPERATURE DATA] [PRECIPITATION DATA] SYMBOLS USED IN COLUMN 16
AVERAGE MONTHLY: 61.3 TOTAL FOR MONTH: 2.81 1 = FOG OR MIST
DPTR FM NORMAL: 6.1 DPTR FM NORMAL: 0.61 2 = FOG REDUCING VISIBILITY
HIGHEST: 89 ON 16 GRTST 24HR 1.42 ON 11-12 TO 1/4 MILE OR LESS
LOWEST: 31 ON 7 3 = THUNDER
SNOW, ICE PELLETS, HAIL 4 = ICE PELLETS
TOTAL MONTH: 0.0 INCH 5 = HAIL
GRTST 24HR 0.0 6 = FREEZING RAIN OR DRIZZLE
GRTST DEPTH: 0 7 = DUSTSTORM OR SANDSTORM:
VSBY 1/2 MILE OR LESS
8 = SMOKE OR HAZE
[NO. OF DAYS WITH] [WEATHER - DAYS WITH] 9 = BLOWING SNOW
X = TORNADO
MAX 32 OR BELOW: 0 0.01 INCH OR MORE: 8
MAX 90 OR ABOVE: 0 0.10 INCH OR MORE: 5
MIN 32 OR BELOW: 1 0.50 INCH OR MORE: 2
MIN 0 OR BELOW: 0 1.00 INCH OR MORE: 1
[HDD (BASE 65) ]
TOTAL THIS MO. 112 CLEAR (SCALE 0-3) 6
DPTR FM NORMAL -77 PTCLDY (SCALE 4-7) 8
TOTAL FM JUL 1 3326 CLOUDY (SCALE 8-10) 4
DPTR FM NORMAL -812
[CDD (BASE 65) ]
TOTAL THIS MO. 48
DPTR FM NORMAL 34 [PRESSURE DATA]
TOTAL FM JAN 1 49 HIGHEST SLP M ON M
DPTR FM NORMAL 29 LOWEST SLP 29.28 ON 11
[REMARKS]