000
CXUS53 KIND 010600
CF6HUF
PRELIMINARY LOCAL CLIMATOLOGICAL DATA (WS FORM: F-6)
STATION: TERRE HAUTE IN
MONTH: JUNE
YEAR: 2022
LATITUDE: 39 27 N
LONGITUDE: 87 18 W
TEMPERATURE IN F: :PCPN: SNOW: WIND :SUNSHINE: SKY :PK WND
================================================================================
1 2 3 4 5 6A 6B 7 8 9 10 11 12 13 14 15 16 17 18
12Z AVG MX 2MIN
DY MAX MIN AVG DEP HDD CDD WTR SNW DPTH SPD SPD DIR MIN PSBL S-S WX SPD DR
================================================================================
1 85 71 78 9 0 13 0.02 M M 4.7 13 320 M M 3 8 18 310
2 79 58 69 -1 0 4 0.03 M M 5.6 13 320 M M 4 1 20 310
3 85 51 68 -2 0 3 0.00 M M 3.0 14 240 M M 2 20 270
4 86 51 69 -1 0 4 0.00 M M 1.5 10 80 M M 0 16 30
5 86 58 72 2 0 7 0.00 M M 4.4 12 180 M M 0 16 180
6 84 59 72 1 0 7 0.51 M M 7.3 22 220 M M 5 138 32 220
7 82 64 73 2 0 8 0.00 M M 6.0 10 40 M M 6 1 14 360
8 80 59 70 -1 0 5 0.05 M M 8.3 24 320 M M 5 1 38 320
9 81 56 69 -3 0 4 0.00 M M 4.9 16 250 M M 3 21 250
10 75 57 66 -6 0 1 0.08 M M 4.3 17 220 M M 8 1 23 220
11 81 59 70 -2 0 5 0.06 M M 6.7 15 200 M M 5 1 22 200
12 87 69 78 6 0 13 0.02 M M 5.2 17 190 M M 6 13 22 200
13 95 73 84 12 0 19 0.00 M M 7.8 17 180 M M 3 1 23 190
14 97 81 89 16 0 24 0.00 M M 9.6 15 210 M M 0 21 220
15 96 76 86 13 0 21 0.00 M M 10.0 21 200 M M 0 29 200
16 97 78 88 15 0 23 T M M 9.5 18 250 M M 1 24 230
17 93 70 82 9 0 17 0.01 M M 7.4 26 260 M M 1 3 36 240
18 83 61 72 -2 0 7 0.00 M M 8.4 16 40 M M 0 21 40
19 83 52 68 -6 0 3 0.00 M M 4.8 14 130 M M 0 19 140
20 90 53 72 -2 0 7 0.00 M M 4.7 13 210 M M 0 19 200
21 97 60 79 5 0 14 0.00 M M 7.5 17 260 M M 0 24 220
22 96 68 82 8 0 17 0.00 M M 7.4 20 330 M M 0 26 340
23 90 62 76 2 0 11 0.00 M M 4.6 13 20 M M 0 20 360
24 92 59 76 1 0 11 0.00 M M 3.1 10 330 M M 0 14 360
25 86 62 74 -1 0 9 0.00 M M 5.8 14 160 M M 0 18 170
26 85 68 77 2 0 12 0.26 M M 10.0 25 310 M M 4 13 41 320
27 82 57 70 -5 0 5 0.00 M M 6.5 15 330 M M 0 24 10
28 84 51 68 -7 0 3 0.00 M M 2.7 9 80 M M 0 14 70
29 88 55 72 -3 0 7 0.00 M M 3.0 10 200 M M 0 16 240
30 94 57 76 1 0 11 0.00 M M 5.8 18 210 M M 0 25 210
================================================================================
SM 2619 1855 0 295 1.04 M 180.5 M 56
================================================================================
AV 87.3 61.8 6.0 FASTST M M 2 MAX(MPH)
MISC ----> 26 260 41 320
================================================================================
NOTES:
# LAST OF SEVERAL OCCURRENCES
COLUMN 17 PEAK WIND IN M.P.H.
PRELIMINARY LOCAL CLIMATOLOGICAL DATA (WS FORM: F-6) , PAGE 2
STATION: TERRE HAUTE IN
MONTH: JUNE
YEAR: 2022
LATITUDE: 39 27 N
LONGITUDE: 87 18 W
[TEMPERATURE DATA] [PRECIPITATION DATA] SYMBOLS USED IN COLUMN 16
AVERAGE MONTHLY: 74.6 TOTAL FOR MONTH: 1.04 1 = FOG OR MIST
DPTR FM NORMAL: 1.9 DPTR FM NORMAL: -3.60 2 = FOG REDUCING VISIBILITY
HIGHEST: 97 ON 21,16 GRTST 24HR 0.51 ON 6- 6 TO 1/4 MILE OR LESS
LOWEST: 51 ON 28, 4 3 = THUNDER
SNOW, ICE PELLETS, HAIL 4 = ICE PELLETS
TOTAL MONTH: M 5 = HAIL
GRTST 24HR M ON M 6 = FREEZING RAIN OR DRIZZLE
GRTST DEPTH: M ON M 7 = DUSTSTORM OR SANDSTORM:
VSBY 1/2 MILE OR LESS
8 = SMOKE OR HAZE
[NO. OF DAYS WITH] [WEATHER - DAYS WITH] 9 = BLOWING SNOW
X = TORNADO
MAX 32 OR BELOW: 0 0.01 INCH OR MORE: 9
MAX 90 OR ABOVE: 11 0.10 INCH OR MORE: 2
MIN 32 OR BELOW: 0 0.50 INCH OR MORE: 1
MIN 0 OR BELOW: 0 1.00 INCH OR MORE: 0
[HDD (BASE 65) ]
TOTAL THIS MO. 0 CLEAR (SCALE 0-3) 20
DPTR FM NORMAL -11 PTCLDY (SCALE 4-7) 10
TOTAL FM JUL 1 4813 CLOUDY (SCALE 8-10) 0
DPTR FM NORMAL -419
[CDD (BASE 65) ]
TOTAL THIS MO. 295
DPTR FM NORMAL 52 [PRESSURE DATA]
TOTAL FM JAN 1 458 HIGHEST SLP M ON M
DPTR FM NORMAL 107 LOWEST SLP 29.70 ON 6
[REMARKS]
#FINAL-06-22#