000
CXUS53 KIND 011532
CLMHUF
CLIMATE REPORT
NATIONAL WEATHER SERVICE INDIANAPOLIS IN
1132 AM EDT MON APR 01 2024
...................................
...THE TERRE HAUTE IN CLIMATE SUMMARY FOR THE MONTH OF MARCH 2024...
CLIMATE NORMAL PERIOD 1991 TO 2020
CLIMATE RECORD PERIOD 9999 TO 9999
WEATHER OBSERVED NORMAL DEPART LAST YEAR`S
VALUE DATE(S) VALUE FROM VALUE DATE(S)
NORMAL
................................................................
TEMPERATURE (F)
HIGHEST 77 03/04 72 03/01
03/30
03/06
LOWEST 25 03/11 19 03/18
AVG. MAXIMUM 60.1 52.8 7.3 52.8
AVG. MINIMUM 38.0 32.8 5.2 33.2
MEAN 49.1 42.8 6.3 43.0
DAYS MAX >= 90 0 0.0 0.0 0
DAYS MAX <= 32 0 1.2 -1.2 1
DAYS MIN <= 32 12 16.3 -4.3 14
DAYS MIN <= 0 0 0.1 -0.1 0
PRECIPITATION (INCHES)
TOTALS 2.68R 2.92 -0.24 6.95
DAILY AVG. 0.09 0.09 -0.00 0.22
DAYS >= .01 8 10.6 -2.6 15
DAYS >= .10 3 6.5 -3.5 11
DAYS >= .50 1 1.8 -0.8 4
DAYS >= 1.00 1 0.7 0.3 2
GREATEST
24 HR. TOTAL 1.69 03/13 TO 03/14
DEGREE DAYS
HEATING TOTAL 488 692 -204 673
SINCE 7/1 3832 4755 -923 MM
COOLING TOTAL 4 3 1 0
SINCE 1/1 4 3 1 MM
................................................................
WIND (MPH)
AVERAGE WIND SPEED 10.3
HIGHEST WIND SPEED/DIRECTION 36/160 DATE 03/25
HIGHEST GUST SPEED/DIRECTION 49/160 DATE 03/25
SKY COVER
AVERAGE SKY COVER 0.40
AVERAGE RH (PERCENT) 66
WEATHER CONDITIONS. NUMBER OF DAYS WITH
THUNDERSTORM 5 MIXED PRECIP 0
HEAVY RAIN 1 RAIN 3
LIGHT RAIN 11 FREEZING RAIN 0
LT FREEZING RAIN 0 HAIL 0
HEAVY SNOW 0 SNOW 0
LIGHT SNOW 2 SLEET 0
FOG 12 FOG W/VIS <= 1/4 MILE 0
HAZE 0
- INDICATES NEGATIVE NUMBERS.
R INDICATES RECORD WAS SET OR TIED.
MM INDICATES DATA IS MISSING.
T INDICATES TRACE AMOUNT.
$$