000
CXUS53 KIND 011542
CLMHUF
CLIMATE REPORT
NATIONAL WEATHER SERVICE INDIANAPOLIS IN
1142 AM EDT SUN OCT 01 2023
...................................
...THE TERRE HAUTE IN CLIMATE SUMMARY FOR THE MONTH OF SEPTEMBER 2023...
CLIMATE NORMAL PERIOD 1991 TO 2020
CLIMATE RECORD PERIOD 9999 TO 9999
WEATHER OBSERVED NORMAL DEPART LAST YEAR`S
VALUE DATE(S) VALUE FROM VALUE DATE(S)
NORMAL
................................................................
TEMPERATURE (F)
HIGHEST 91 09/04 95 09/21
LOWEST 46 09/13 34 09/28
09/19
09/24
09/29
AVG. MAXIMUM 81.5 79.0 2.5 79.2
AVG. MINIMUM 55.1 54.2 0.9 55.1
MEAN 68.3 66.6 1.7 67.2
DAYS MAX >= 90 3 3.4 -0.4 2
DAYS MAX <= 32 0 0.0 0.0 0
DAYS MIN <= 32 0 0.0 0.0 0
DAYS MIN <= 0 0 0.0 0.0 0
PRECIPITATION (INCHES)
TOTALS 0.74 2.93 -2.19 1.16
DAILY AVG. 0.02 0.10 -0.08 0.04
DAYS >= .01 6 8.8 -2.8 8
DAYS >= .10 2 4.4 -2.4 4
DAYS >= .50 0 1.9 -1.9 0
DAYS >= 1.00 0 0.6 -0.6 0
GREATEST
24 HR. TOTAL 0.43 09/05 TO 09/05
DEGREE DAYS
HEATING TOTAL 13 68 -55 73
SINCE 7/1 14 72 -58 MM
COOLING TOTAL 119 116 3 144
SINCE 1/1 1065 1057 8 MM
................................................................
WIND (MPH)
AVERAGE WIND SPEED 4.5
HIGHEST WIND SPEED/DIRECTION 22/210 DATE 09/06
HIGHEST GUST SPEED/DIRECTION 29/310 DATE 09/17
29/120 09/20
SKY COVER
AVERAGE SKY COVER 0.28
AVERAGE RH (PERCENT) 74
WEATHER CONDITIONS. NUMBER OF DAYS WITH
THUNDERSTORM 3 MIXED PRECIP 2
HEAVY RAIN 0 RAIN 10
LIGHT RAIN 9 FREEZING RAIN 0
LT FREEZING RAIN 0 HAIL 0
HEAVY SNOW 0 SNOW 0
LIGHT SNOW 0 SLEET 0
FOG 19 FOG W/VIS <= 1/4 MILE 4
HAZE 3
- INDICATES NEGATIVE NUMBERS.
R INDICATES RECORD WAS SET OR TIED.
MM INDICATES DATA IS MISSING.
T INDICATES TRACE AMOUNT.
$$