000
CXUS51 KCAR 010600
CF6HUL
PRELIMINARY LOCAL CLIMATOLOGICAL DATA (WS FORM: F-6)
STATION: HOULTON ME
MONTH: SEPTEMBER
YEAR: 2021
LATITUDE: 46 7 N
LONGITUDE: 67 48 W
TEMPERATURE IN F: :PCPN: SNOW: WIND :SUNSHINE: SKY :PK WND
================================================================================
1 2 3 4 5 6A 6B 7 8 9 10 11 12 13 14 15 16 17 18
12Z AVG MX 2MIN
DY MAX MIN AVG DEP HDD CDD WTR SNW DPTH SPD SPD DIR MIN PSBL S-S WX SPD DR
================================================================================
1 67 53 60 -1 5 0 0.00 M M 4.2 15 280 M M 7 19 250
2 59 52 56 -5 9 0 0.52 M M 8.4 18 360 M M 7 1 26 10
3 63 50 57 -4 8 0 0.01 M M 9.2 18 350 M M 10 26 330
4 64 42 53 -7 12 0 0.00 M M 7.2 20 330 M M 5 26 320
5 65 38 52 -8 13 0 T M M 3.7 10 170 M M 3 18 130
6 74 56 65 5 0 0 0.72 M M 6.2 15 280 M M 8 13 20 280
7 70 49 60 0 5 0 0.00 M M 6.1 17 250 M M 3 25 250
8 76 46 61 2 4 0 0.00 M M 5.7 17 190 M M 1 24 190
9 68 63 66 7 0 1 1.04 M M 6.3 13 190 M M 9 1 22 170
10 69 52 61 3 4 0 1.40 M M 6.0 17 330 M M 9 1 23 300
11 69 50 60 2 5 0 0.00 M M 6.9 18 260 M M 1 24 240
12 72 48 60 2 5 0 0.04 M M 7.4 18 220 M M 2 1 26 210
13 69 44 57 0 8 0 0.00 M M 5.3 18 270 M M 5 23 250
14 64 40 52 -5 13 0 0.00 M M 5.1 15 10 M M 1 1 23 340
15 66 53 60 3 5 0 0.65 M M 6.9 15 180 M M 10 13 26 150
16 72 48 60 4 5 0 0.00 M M 1.9 17 10 M M 1 1 20 10
17 73 42 58 2 7 0 0.00 M M 4.8 15 220 M M 0 24 210
18 78 48 63 8 2 0 0.04 M M 6.3 15 30 M M 6 13 20 210
19 66 41 54 -1 11 0 0.00 M M 6.5 20 10 M M 1 25 10
20 70 36 53 -1 12 0 0.00 M M 2.4 10 210 M M 0 16 180
21 71 50 61 7 4 0 0.00 M M 8.7 17 220 M M 2 1 24 220
22 73 60 67 13 0 2 0.00 M M 7.2 13 220 M M 7 19 200
23 78 61 70 17 0 5 0.00 M M 6.9 16 230 M M 6 18 22 190
24 75 64 70 17 0 5 T M M 9.5 18 150 M M 9 18 31 130
25 69 57 63 11 2 0 1.36 M M 2.2 15 270 M M 10 1 23 150
26 67 50 59 7 6 0 1.74 M M 4.8 12 260 M M 8 1 17 260
27 65 47 56 4 9 0 0.00 M M 6.7 16 240 M M 4 21 220
28 64 44 54 3 11 0 0.00 M M 2.6 12 270 M M 4 1 16 280
29 61 36 49 -2 16 0 T M M 2.5 12 40 M M 5 1 16 20
30 57 44 51 1 14 0 0.05 M M 5.7 15 360 M M 8 1 20 10
================================================================================
SM 2054 1464 195 13 7.57 M 173.3 M 152
================================================================================
AV 68.5 48.8 5.8 FASTST M M 5 MAX(MPH)
MISC ----> # 20 330 31 130
================================================================================
NOTES:
# LAST OF SEVERAL OCCURRENCES
COLUMN 17 PEAK WIND IN M.P.H.
PRELIMINARY LOCAL CLIMATOLOGICAL DATA (WS FORM: F-6) , PAGE 2
STATION: HOULTON ME
MONTH: SEPTEMBER
YEAR: 2021
LATITUDE: 46 7 N
LONGITUDE: 67 48 W
[TEMPERATURE DATA] [PRECIPITATION DATA] SYMBOLS USED IN COLUMN 16
AVERAGE MONTHLY: 58.6 TOTAL FOR MONTH: 7.57 1 = FOG OR MIST
DPTR FM NORMAL: 2.4 DPTR FM NORMAL: 4.17 2 = FOG REDUCING VISIBILITY
HIGHEST: 78 ON 23,18 GRTST 24HR 2.36 ON 9-10 TO 1/4 MILE OR LESS
LOWEST: 36 ON 29,20 3 = THUNDER
SNOW, ICE PELLETS, HAIL 4 = ICE PELLETS
TOTAL MONTH: M 5 = HAIL
GRTST 24HR M ON M 6 = FREEZING RAIN OR DRIZZLE
GRTST DEPTH: M ON M 7 = DUSTSTORM OR SANDSTORM:
VSBY 1/2 MILE OR LESS
8 = SMOKE OR HAZE
[NO. OF DAYS WITH] [WEATHER - DAYS WITH] 9 = BLOWING SNOW
X = TORNADO
MAX 32 OR BELOW: 0 0.01 INCH OR MORE: 11
MAX 90 OR ABOVE: 0 0.10 INCH OR MORE: 7
MIN 32 OR BELOW: 0 0.50 INCH OR MORE: 7
MIN 0 OR BELOW: 0 1.00 INCH OR MORE: 4
[HDD (BASE 65) ]
TOTAL THIS MO. 195 CLEAR (SCALE 0-3) 11
DPTR FM NORMAL -88 PTCLDY (SCALE 4-7) 13
TOTAL FM JUL 1 316 CLOUDY (SCALE 8-10) 6
DPTR FM NORMAL -101
[CDD (BASE 65) ]
TOTAL THIS MO. 13
DPTR FM NORMAL -4 [PRESSURE DATA]
TOTAL FM JAN 1 329 HIGHEST SLP M ON M
DPTR FM NORMAL 123 LOWEST SLP 29.54 ON 26
[REMARKS]
#FINAL-09-21#