000
CXUS56 KMTR 010900
CF6HWD
PRELIMINARY LOCAL CLIMATOLOGICAL DATA (WS FORM: F-6)
STATION: HAYWARD AIRPORT
MONTH: JULY
YEAR: 2022
LATITUDE: 37 39 N
LONGITUDE: 122 7 W
TEMPERATURE IN F: :PCPN: SNOW: WIND :SUNSHINE: SKY :PK WND
================================================================================
1 2 3 4 5 6A 6B 7 8 9 10 11 12 13 14 15 16 17 18
12Z AVG MX 2MIN
DY MAX MIN AVG DEP HDD CDD WTR SNW DPTH SPD SPD DIR MIN PSBL S-S WX SPD DR
================================================================================
1 67 56 62 -4 3 0 0.00 M M 10.8 18 280 M M 7 26 290
2 61 56 59 -7 6 0 0.00 M M 12.2 17 250 M M 10 24 270
3 64 56 60 -6 5 0 T M M 10.6 17 270 M M 9 8 25 270
4 77 58 68 2 0 3 0.00 M M 7.5 20 300 M M 10 8 24 280
5 76 64 70 4 0 5 0.00 M M 9.4 22 290 M M 8 8 29 270
6 73 61 67 1 0 2 0.00 M M 11.4 20 290 M M 8 26 280
7 72 58 65 -1 0 0 0.00 M M 9.2 17 290 M M 10 23 300
8 72 57 65 -1 0 0 0.00 M M 8.0 16 290 M M 2 M M
9 69 58 64 -2 1 0 0.00 M M 8.1 16 280 M M 4 22 280
10 86 58 72 6 0 7 0.00 M M 5.7 15 290 M M 4 20 300
11 79 59 69 3 0 4 0.00 M M 8.7 17 290 M M 0 22 280
12 76 58 67 1 0 2 0.00 M M 9.0 18 300 M M 4 24 290
13 74 59 67 1 0 2 0.00 M M 10.4 18 290 M M 5 26 280
14 71 57 64 -2 1 0 0.00 M M 8.4 17 290 M M 4 28 290
15 69 56 63 -3 2 0 0.00 M M 7.6 16 290 M M 3 21 310
16 80 57 69 3 0 4 0.00 M M 6.2 15 300 M M 3 24 260
17 74 57 66 0 0 1 0.00 M M 7.3 17 290 M M 0 22 300
18 80 58 69 3 0 4 0.00 M M 7.8 18 290 M M 0 23 290
19 72 55 64 -2 1 0 0.00 M M 9.3 18 290 M M 2 24 290
20 72 56 64 -2 1 0 0.00 M M 7.7 17 300 M M 6 24 290
21 71 55 63 -3 2 0 0.00 M M 6.9 17 280 M M 4 22 290
22 73 56 65 -1 0 0 0.00 M M 7.4 15 300 M M 1 21 290
23 72 55 64 -2 1 0 0.00 M M 9.3 17 290 M M 3 21 290
24 76 55 66 0 0 1 0.00 M M 8.1 17 300 M M 4 23 280
25 73 56 65 -1 0 0 0.00 M M 9.2 18 290 M M 5 27 290
26 75 58 67 1 0 2 0.00 M M 9.6 20 290 M M 5 30 290
27 72 57 65 -1 0 0 0.00 M M 9.5 20 290 M M 5 24 290
28 68 57 63 -3 2 0 0.00 M M 8.8 17 290 M M 8 22 270
29 70 59 65 -1 0 0 0.00 M M 10.9 16 260 M M 7 24 240
30 70 61 66 0 0 1 0.00 M M 10.6 22 280 M M 7 27 290
31 70 61 66 0 0 1 T M M 8.3 15 300 M M 5 18 300
================================================================================
SM 2254 1784 25 39 T M 273.9 M 153
================================================================================
AV 72.7 57.5 8.8 FASTST M M 5 MAX(MPH)
MISC ----> # 22 290 30 290
================================================================================
NOTES:
# LAST OF SEVERAL OCCURRENCES
COLUMN 17 PEAK WIND IN M.P.H.
PRELIMINARY LOCAL CLIMATOLOGICAL DATA (WS FORM: F-6) , PAGE 2
STATION: HAYWARD AIRPORT
MONTH: JULY
YEAR: 2022
LATITUDE: 37 39 N
LONGITUDE: 122 7 W
[TEMPERATURE DATA] [PRECIPITATION DATA] SYMBOLS USED IN COLUMN 16
AVERAGE MONTHLY: 65.1 TOTAL FOR MONTH: T 1 = FOG OR MIST
DPTR FM NORMAL: -1.0 DPTR FM NORMAL: -0.00 2 = FOG REDUCING VISIBILITY
HIGHEST: 86 ON 10 GRTST 24HR T ON 3- 3 TO 1/4 MILE OR LESS
LOWEST: 55 ON 24,23 3 = THUNDER
SNOW, ICE PELLETS, HAIL 4 = ICE PELLETS
TOTAL MONTH: M 5 = HAIL
GRTST 24HR M ON M 6 = FREEZING RAIN OR DRIZZLE
GRTST DEPTH: M ON M 7 = DUSTSTORM OR SANDSTORM:
VSBY 1/2 MILE OR LESS
8 = SMOKE OR HAZE
[NO. OF DAYS WITH] [WEATHER - DAYS WITH] 9 = BLOWING SNOW
X = TORNADO
MAX 32 OR BELOW: 0 0.01 INCH OR MORE: 0
MAX 90 OR ABOVE: 0 0.10 INCH OR MORE: 0
MIN 32 OR BELOW: 0 0.50 INCH OR MORE: 0
MIN 0 OR BELOW: 0 1.00 INCH OR MORE: 0
[HDD (BASE 65) ]
TOTAL THIS MO. 25 CLEAR (SCALE 0-3) 8
DPTR FM NORMAL -4 PTCLDY (SCALE 4-7) 18
TOTAL FM JUL 1 25 CLOUDY (SCALE 8-10) 5
DPTR FM NORMAL -6
[CDD (BASE 65) ]
TOTAL THIS MO. 39
DPTR FM NORMAL -23 [PRESSURE DATA]
TOTAL FM JAN 1 128 HIGHEST SLP M ON M
DPTR FM NORMAL -17 LOWEST SLP 29.84 ON 17
[REMARKS]
#FINAL-07-22#