000
CXUS53 KICT 021500
CF6ICT
PRELIMINARY LOCAL CLIMATOLOGICAL DATA (WS FORM: F-6)
STATION: WICHITA EISENHOWER NATIONAL
MONTH: FEBRUARY
YEAR: 2022
LATITUDE: 37 39 N
LONGITUDE: 97 25 W
TEMPERATURE IN F: :PCPN: SNOW: WIND :SUNSHINE: SKY :PK WND
================================================================================
1 2 3 4 5 6A 6B 7 8 9 10 11 12 13 14 15 16 17 18
12Z AVG MX 2MIN
DY MAX MIN AVG DEP HDD CDD WTR SNW DPTH SPD SPD DIR MIN PSBL S-S WX SPD DR
================================================================================
1 49 27 38 4 27 0 0.14 0.1 0 16.7 30 20 M M 9 1468 40 20
2 27 13 20 -15 45 0 0.18 5.9 4 21.5 33 30 M M 10 1289 45 20
3 19 7 13 -22 52 0 T T 5 16.9 29 20 M M 9 89 36 30
4 33 2 18 -17 47 0 0.00 0.0 5 6.7 12 240 M M 2 15 250
5 40 11 26 -9 39 0 0.00 0.0 5 11.8 24 180 M M 1 1 31 190
6 52 19 36 1 29 0 0.00 0.0 2 10.0 21 350 M M 2 28 10
7 58 20 39 3 26 0 0.00 0.0 T 6.8 18 210 M M 2 25 210
8 62 23 43 7 22 0 0.00 0.0 0 9.5 24 10 M M 1 37 10
9 62 29 46 10 19 0 0.00 0.0 0 6.0 17 340 M M 3 22 340
10 57 34 46 10 19 0 0.00 0.0 0 8.6 18 260 M M 4 26 270
11 58 29 44 8 21 0 0.00 0.0 0 16.8 30 10 M M 5 45 10
12 41 17 29 -8 36 0 0.00 0.0 0 12.0 28 10 M M 2 39 10
13 45 24 35 -2 30 0 0.00 0.0 0 8.6 18 20 M M 2 27 20
14 60 22 41 4 24 0 0.00 0.0 0 9.3 23 50 M M 0 28 50
15 66 39 53 15 12 0 0.00 0.0 0 21.2 38 180 M M 5 51 170
16 70 35 53 15 12 0 0.01 T 0 21.0 33 190 M M 5 3 50 190
17 35 7 21 -17 44 0 0.53 4.3 1 16.6 35 20 M M 6 123469 47 10
18 36 7 22 -16 43 0 0.00 0.0 4 10.0 20 200 M M 0 26 200
19 40 25 33 -6 32 0 0.00 0.0 2 11.4 23 30 M M 1 30 30
20 63 37 50 11 15 0 0.00 0.0 1 14.4 23 180 M M 1 31 190
21 70 21 46 7 19 0 0.00 0.0 0 16.7 29 340 M M 5 39 340
22 23 10 17 -23 48 0 T T 0 21.9 33 330 M M 6 8 44 340
23 22 3 13 -27 52 0 0.00 0.0 0 16.1 24 360 M M 6 35 360
24 20 10 15 -25 50 0 0.01 0.7 T 10.2 17 340 M M 8 18 22 320
25 32 7 20 -21 45 0 0.00 0.0 0 6.1 12 30 M M 3 19 50
26 41 13 27 -14 38 0 0.00 0.0 0 2.5 8 10 M M 3 11 20
27 57 19 38 -3 27 0 0.00 0.0 0 7.2 14 280 M M 0 19 310
28 72 23 48 6 17 0 0.00 0.0 0 7.1 17 260 M M 3 22 270
================================================================================
SM 1310 533 890 0 0.87 11.0 343.6 M 104
================================================================================
AV 46.8 19.0 12.3 FASTST M M 4 MAX(MPH)
MISC ----> 38 180 51 170
================================================================================
NOTES:
# LAST OF SEVERAL OCCURRENCES
COLUMN 17 PEAK WIND IN M.P.H.
PRELIMINARY LOCAL CLIMATOLOGICAL DATA (WS FORM: F-6) , PAGE 2
STATION: WICHITA EISENHOWER NATIONAL
MONTH: FEBRUARY
YEAR: 2022
LATITUDE: 37 39 N
LONGITUDE: 97 25 W
[TEMPERATURE DATA] [PRECIPITATION DATA] SYMBOLS USED IN COLUMN 16
AVERAGE MONTHLY: 32.9 TOTAL FOR MONTH: 0.87 1 = FOG OR MIST
DPTR FM NORMAL: -4.7 DPTR FM NORMAL: -0.33 2 = FOG REDUCING VISIBILITY
HIGHEST: 72 ON 28 GRTST 24HR 0.54 ON 16-17 TO 1/4 MILE OR LESS
LOWEST: 2 ON 4 3 = THUNDER
SNOW, ICE PELLETS, HAIL 4 = ICE PELLETS
TOTAL MONTH: 11.0 INCHES 5 = HAIL
GRTST 24HR 5.9 ON 2- 2 6 = FREEZING RAIN OR DRIZZLE
GRTST DEPTH: 5 ON 5, 4 7 = DUSTSTORM OR SANDSTORM:
VSBY 1/2 MILE OR LESS
8 = SMOKE OR HAZE
[NO. OF DAYS WITH] [WEATHER - DAYS WITH] 9 = BLOWING SNOW
X = TORNADO
MAX 32 OR BELOW: 6 0.01 INCH OR MORE: 5
MAX 90 OR ABOVE: 0 0.10 INCH OR MORE: 3
MIN 32 OR BELOW: 24 0.50 INCH OR MORE: 1
MIN 0 OR BELOW: 0 1.00 INCH OR MORE: 0
[HDD (BASE 65) ]
TOTAL THIS MO. 890 CLEAR (SCALE 0-3) 16
DPTR FM NORMAL 123 PTCLDY (SCALE 4-7) 9
TOTAL FM JUL 1 3152 CLOUDY (SCALE 8-10) 3
DPTR FM NORMAL -350
[CDD (BASE 65) ]
TOTAL THIS MO. 0
DPTR FM NORMAL 0 [PRESSURE DATA]
TOTAL FM JAN 1 0 HIGHEST SLP 30.70 ON 25
DPTR FM NORMAL 0 LOWEST SLP 29.53 ON 21
[REMARKS]
#FINAL-02-22#