000
CXUS55 KVEF 011010
CF6IGM
PRELIMINARY LOCAL CLIMATOLOGICAL DATA (WS FORM: F-6)
STATION: KINGMAN AZ
MONTH: DECEMBER
YEAR: 2022
LATITUDE: 35 16 N
LONGITUDE: 113 57 W
TEMPERATURE IN F: :PCPN: SNOW: WIND :SUNSHINE: SKY :PK WND
================================================================================
1 2 3 4 5 6A 6B 7 8 9 10 11 12 13 14 15 16 17 18
12Z AVG MX 2MIN
DY MAX MIN AVG DEP HDD CDD WTR SNW DPTH SPD SPD DIR MIN PSBL S-S WX SPD DR
================================================================================
1 60 30 45 0 20 0 0.00 M M 8.2 23 210 M M 0 28 210
2 57 41 49 4 16 0 0.00 M M 8.6 21 210 M M 3 28 200
3 59 37 48 3 17 0 0.00 M M 3.7 13 40 M M 1 15 40
4 63 37 50 6 15 0 0.00 M M 7.5 22 210 M M 0 26 200
5 59 36 48 4 17 0 0.00 M M 8.6 22 210 M M 2 12 27 220
6 54 33 44 0 21 0 0.00 M M 5.7 15 230 M M 3 22 210
7 54 33 44 0 21 0 0.00 M M 8.8 21 220 M M 3 26 220
8 56 28 42 -1 23 0 0.00 M M 5.4 17 110 M M 0 19 120
9 57 24 41 -2 24 0 0.00 M M 3.3 8 130 M M 0 11 360
10 58 26 42 -1 23 0 0.00 M M 8.2 21 240 M M 0 25 230
11 62 37 50 7 15 0 0.53 M M 18.3 39 190 M M 5 18 51 180
12 44 31 38 -5 27 0 0.00 M M 8.7 17 230 M M 2 21 220
13 45 27 36 -7 29 0 0.00 M M 6.1 17 350 M M 4 21 350
14 46 25 36 -6 29 0 0.00 M M 4.6 15 30 M M 0 19 20
15 48 25 37 -5 28 0 0.00 M M 5.7 15 30 M M 0 18 20
16 47 26 37 -5 28 0 0.00 M M 9.9 18 20 M M 0 21 20
17 48 22 35 -7 30 0 0.00 M M 5.3 13 20 M M 0 15 20
18 51 26 39 -3 26 0 0.00 M M 3.0 10 150 M M 0 12 210
19 51 22 37 -5 28 0 0.00 M M 3.6 10 120 M M 0 11 120
20 55 27 41 -1 24 0 0.00 M M 4.3 10 110 M M 0 13 100
21 56 29 43 1 22 0 0.00 M M 5.0 9 140 M M 0 14 40
22 60 27 44 2 21 0 0.00 M M 4.0 10 30 M M 0 13 30
23 60 32 46 4 19 0 0.00 M M 5.5 12 110 M M 0 16 40
24 62 33 48 6 17 0 0.00 M M 7.6 14 10 M M 0 19 20
25 65 35 50 8 15 0 0.00 M M 7.3 20 10 M M 0 24 10
26 64 36 50 8 15 0 0.00 M M 4.8 13 150 M M 0 14 140
27 67 41 54 12 11 0 0.02 M M 11.1 29 230 M M 5 37 240
28 52 41 47 5 18 0 0.09 M M 10.4 20 240 M M 7 23 230
29 51 39 45 2 20 0 0.06 M M 9.6 25 260 M M 7 1 31 250
30 52 38 45 2 20 0 0.00 M M 6.4 18 250 M M 9 22 250
31 55 48 52 9 13 0 0.00 M M 7.5 26 200 M M 4 43 170
================================================================================
SM 1718 992 652 0 0.70 M 216.7 M 55
================================================================================
AV 55.4 32.0 7.0 FASTST M M 2 MAX(MPH)
MISC ----> 39 190 51 180
================================================================================
NOTES:
# LAST OF SEVERAL OCCURRENCES
COLUMN 17 PEAK WIND IN M.P.H.
PRELIMINARY LOCAL CLIMATOLOGICAL DATA (WS FORM: F-6) , PAGE 2
STATION: KINGMAN AZ
MONTH: DECEMBER
YEAR: 2022
LATITUDE: 35 16 N
LONGITUDE: 113 57 W
[TEMPERATURE DATA] [PRECIPITATION DATA] SYMBOLS USED IN COLUMN 16
AVERAGE MONTHLY: 43.7 TOTAL FOR MONTH: 0.70 1 = FOG OR MIST
DPTR FM NORMAL: 0.8 DPTR FM NORMAL: 0.02 2 = FOG REDUCING VISIBILITY
HIGHEST: 67 ON 27 GRTST 24HR 0.53 ON 11-11 TO 1/4 MILE OR LESS
LOWEST: 22 ON 19,17 3 = THUNDER
SNOW, ICE PELLETS, HAIL 4 = ICE PELLETS
TOTAL MONTH: M 5 = HAIL
GRTST 24HR M ON M 6 = FREEZING RAIN OR DRIZZLE
GRTST DEPTH: M ON M 7 = DUSTSTORM OR SANDSTORM:
VSBY 1/2 MILE OR LESS
8 = SMOKE OR HAZE
[NO. OF DAYS WITH] [WEATHER - DAYS WITH] 9 = BLOWING SNOW
X = TORNADO
MAX 32 OR BELOW: 0 0.01 INCH OR MORE: 4
MAX 90 OR ABOVE: 0 0.10 INCH OR MORE: 1
MIN 32 OR BELOW: 16 0.50 INCH OR MORE: 1
MIN 0 OR BELOW: 0 1.00 INCH OR MORE: 0
[HDD (BASE 65) ]
TOTAL THIS MO. 652 CLEAR (SCALE 0-3) 23
DPTR FM NORMAL -31 PTCLDY (SCALE 4-7) 7
TOTAL FM JUL 1 1305 CLOUDY (SCALE 8-10) 1
DPTR FM NORMAL 84
[CDD (BASE 65) ]
TOTAL THIS MO. 0
DPTR FM NORMAL 0 [PRESSURE DATA]
TOTAL FM JAN 1 2406 HIGHEST SLP 30.33 ON 24
DPTR FM NORMAL 233 LOWEST SLP 29.63 ON 28
[REMARKS]
#FINAL-12-22#