000
CXUS55 KVEF 010910
CF6IGM
PRELIMINARY LOCAL CLIMATOLOGICAL DATA (WS FORM: F-6)
STATION: KINGMAN AZ
MONTH: APRIL
YEAR: 2022
LATITUDE: 35 16 N
LONGITUDE: 113 57 W
TEMPERATURE IN F: :PCPN: SNOW: WIND :SUNSHINE: SKY :PK WND
================================================================================
1 2 3 4 5 6A 6B 7 8 9 10 11 12 13 14 15 16 17 18
12Z AVG MX 2MIN
DY MAX MIN AVG DEP HDD CDD WTR SNW DPTH SPD SPD DIR MIN PSBL S-S WX SPD DR
================================================================================
1 77 47 62 6 3 0 0.00 M M 4.6 14 150 M M 0 16 290
2 77 48 63 7 2 0 0.00 M M 9.3 25 240 M M 0 33 250
3 77 50 64 8 1 0 0.00 M M 6.5 15 140 M M 0 18 300
4 80 46 63 7 2 0 0.00 M M 5.4 21 290 M M 0 27 310
5 85 51 68 11 0 3 0.00 M M 9.4 23 290 M M 0 35 300
6 74 51 63 6 2 0 0.00 M M 16.1 26 350 M M 0 33 360
7 80 47 64 7 1 0 0.00 M M 13.5 24 350 M M 0 31 350
8 85 48 67 10 0 2 0.00 M M 6.5 15 10 M M 0 19 10
9 86 50 68 11 0 3 0.00 M M 13.5 35 230 M M 0 43 230
10 73 45 59 1 6 0 0.00 M M 8.2 23 350 M M 0 32 330
11 75 44 60 2 5 0 0.00 M M 24.8 45 220 M M 0 61 220
12 59 35 47 -11 18 0 0.00 M M 17.0 43 260 M M 1 55 240
13 66 29 48 -10 17 0 0.00 M M 7.2 17 240 M M 0 26 230
14 72 36 54 -4 11 0 0.00 M M 11.8 26 230 M M 0 35 230
15 76 45 61 2 4 0 0.00 M M 13.9 30 230 M M 0 39 220
16 78 49 64 5 1 0 0.00 M M 16.4 40 250 M M 0 53 250
17 85 42 64 5 1 0 0.00 M M 6.9 20 260 M M 0 27 260
18 85 45 65 5 0 0 0.00 M M 12.6 26 240 M M 0 34 220
19 85 59 72 12 0 7 0.00 M M 15.6 37 220 M M 0 47 220
20 78 53 66 6 0 1 0.00 M M 14.1 26 230 M M 0 35 250
21 80 50 65 5 0 0 0.00 M M 16.3 32 230 M M 0 43 240
22 65 41 53 -8 12 0 0.00 M M 16.9 36 240 M M 2 46 220
23 70 37 54 -7 11 0 0.00 M M 10.0 24 340 M M 0 32 10
24 72 39 56 -5 9 0 0.00 M M 10.3 22 350 M M 0 30 360
25 81 41 61 -1 4 0 0.00 M M 7.1 16 230 M M 0 22 240
26 85 44 65 3 0 0 0.00 M M 11.0 28 230 M M 0 39 230
27 83 52 68 6 0 3 0.00 M M 14.1 26 230 M M 0 37 240
28 81 53 67 5 0 2 0.00 M M 16.9 33 220 M M 0 8 43 210
29 79 43 61 -2 4 0 0.00 M M 10.1 22 360 M M 0 30 350
30 87 45 66 3 0 1 0.00 M M 8.9 21 250 M M 0 32 250
================================================================================
SM 2336 1365 114 22 0.00 M 354.9 M 3
================================================================================
AV 77.9 45.5 11.8 FASTST M M 0 MAX(MPH)
MISC ----> 45 220 61 220
================================================================================
NOTES:
# LAST OF SEVERAL OCCURRENCES
COLUMN 17 PEAK WIND IN M.P.H.
PRELIMINARY LOCAL CLIMATOLOGICAL DATA (WS FORM: F-6) , PAGE 2
STATION: KINGMAN AZ
MONTH: APRIL
YEAR: 2022
LATITUDE: 35 16 N
LONGITUDE: 113 57 W
[TEMPERATURE DATA] [PRECIPITATION DATA] SYMBOLS USED IN COLUMN 16
AVERAGE MONTHLY: 61.7 TOTAL FOR MONTH: 0.00 1 = FOG OR MIST
DPTR FM NORMAL: 2.6 DPTR FM NORMAL: -0.46 2 = FOG REDUCING VISIBILITY
HIGHEST: 87 ON 30 GRTST 24HR 0.00 ON 1- 1 TO 1/4 MILE OR LESS
LOWEST: 29 ON 13 3 = THUNDER
SNOW, ICE PELLETS, HAIL 4 = ICE PELLETS
TOTAL MONTH: M 5 = HAIL
GRTST 24HR M ON M 6 = FREEZING RAIN OR DRIZZLE
GRTST DEPTH: M ON M 7 = DUSTSTORM OR SANDSTORM:
VSBY 1/2 MILE OR LESS
8 = SMOKE OR HAZE
[NO. OF DAYS WITH] [WEATHER - DAYS WITH] 9 = BLOWING SNOW
X = TORNADO
MAX 32 OR BELOW: 0 0.01 INCH OR MORE: 0
MAX 90 OR ABOVE: 0 0.10 INCH OR MORE: 0
MIN 32 OR BELOW: 1 0.50 INCH OR MORE: 0
MIN 0 OR BELOW: 0 1.00 INCH OR MORE: 0
[HDD (BASE 65) ]
TOTAL THIS MO. 114 CLEAR (SCALE 0-3) 30
DPTR FM NORMAL -88 PTCLDY (SCALE 4-7) 0
TOTAL FM JUL 1 2631 CLOUDY (SCALE 8-10) 0
DPTR FM NORMAL -322
[CDD (BASE 65) ]
TOTAL THIS MO. 22
DPTR FM NORMAL -3 [PRESSURE DATA]
TOTAL FM JAN 1 28 HIGHEST SLP 30.20 ON 7
DPTR FM NORMAL 1 LOWEST SLP 29.37 ON 11
[REMARKS]
#FINAL-04-22#