000
CXUS55 KVEF 010910
CF6IGM
PRELIMINARY LOCAL CLIMATOLOGICAL DATA (WS FORM: F-6)
STATION: KINGMAN AZ
MONTH: JUNE
YEAR: 2021
LATITUDE: 35 16 N
LONGITUDE: 113 57 W
TEMPERATURE IN F: :PCPN: SNOW: WIND :SUNSHINE: SKY :PK WND
================================================================================
1 2 3 4 5 6A 6B 7 8 9 10 11 12 13 14 15 16 17 18
12Z AVG MX 2MIN
DY MAX MIN AVG DEP HDD CDD WTR SNW DPTH SPD SPD DIR MIN PSBL S-S WX SPD DR
================================================================================
1 99 62 81 7 0 16 0.00 M M 10.4 23 230 M M 0 34 270
2 101 67 84 9 0 19 0.00 M M 12.4 24 230 M M 0 30 190
3 100 71 86 11 0 21 0.00 M M 15.7 28 230 M M 0 35 240
4 101 71 86 11 0 21 0.00 M M 14.2 25 220 M M 0 40 230
5 100 72 86 10 0 21 0.00 M M 14.3 28 250 M M 0 34 210
6 97 67 82 6 0 17 0.00 M M 14.2 31 240 M M 0 40 240
7 93 65 79 3 0 14 0.00 M M 17.2 30 240 M M 0 38 220
8 90 59 75 -2 0 10 0.00 M M 15.9 30 250 M M 0 39 230
9 92 65 79 2 0 14 0.00 M M 16.1 30 220 M M 0 39 200
10 87 60 74 -3 0 9 0.00 M M 12.6 24 250 M M 0 37 230
11 94 50 72 -6 0 7 0.00 M M 6.4 18 230 M M 0 25 230
12 100 56 78 0 0 13 0.00 M M 8.1 21 260 M M 0 28 230
13 103 62 83 5 0 18 0.00 M M 12.6 29 230 M M 0 35 230
14 107 67 87 9 0 22 0.00 M M 10.2 26 230 M M 0 38 250
15 111 72 92 13 0 27 0.00 M M 6.6 20 310 M M 0 29 290
16 109 77 93 14 0 28 0.00 M M 10.1 24 250 M M 0 31 240
17 109 84 97 18 0 32 T M M 8.6 49 170 M M 1 38 70 160
18 111 76 94 14 0 29 0.00 M M 7.6 21 230 M M 0 30 250
19 111 80 96 16 0 31 0.00 M M 10.8 25 230 M M 0 33 230
20 108 77 93 13 0 28 0.00 M M 15.8 35 240 M M 0 8 49 230
21 102 77 90 10 0 25 0.00 M M 13.7 28 240 M M 0 42 190
22 101 72 87 6 0 22 0.00 M M 11.3 28 250 M M 0 39 270
23 86 66 76 -5 0 11 0.01 M M 7.8 25 260 M M 7 30 250
24 95 62 79 -2 0 14 T M M 10.1 29 170 M M 1 33 180
25 97 66 82 1 0 17 0.00 M M 8.1 21 250 M M 0 27 240
26 103 63 83 1 0 18 0.00 M M 6.3 20 340 M M 0 27 10
27 104 74 89 7 0 24 0.00 M M 8.1 22 130 M M 0 29 120
28 103 81 92 10 0 27 0.00 M M 12.1 28 120 M M 0 36 130
29 97 73 85 3 0 20 0.00 M M 17.0 36 140 M M 0 38 44 140
30 95 71 83 1 0 18 T M M 6.9 24 250 M M 2 3 32 260
================================================================================
SM 3006 2065 0 593 0.01 M 341.2 M 11
================================================================================
AV100.2 68.8 11.4 FASTST M M 0 MAX(MPH)
MISC ----> 49 170 70 160
================================================================================
NOTES:
# LAST OF SEVERAL OCCURRENCES
COLUMN 17 PEAK WIND IN M.P.H.
PRELIMINARY LOCAL CLIMATOLOGICAL DATA (WS FORM: F-6) , PAGE 2
STATION: KINGMAN AZ
MONTH: JUNE
YEAR: 2021
LATITUDE: 35 16 N
LONGITUDE: 113 57 W
[TEMPERATURE DATA] [PRECIPITATION DATA] SYMBOLS USED IN COLUMN 16
AVERAGE MONTHLY: 84.5 TOTAL FOR MONTH: 0.01 1 = FOG OR MIST
DPTR FM NORMAL: 5.8 DPTR FM NORMAL: -0.10 2 = FOG REDUCING VISIBILITY
HIGHEST: 111 ON 19,18 GRTST 24HR 0.01 ON 23-23 TO 1/4 MILE OR LESS
LOWEST: 50 ON 11 3 = THUNDER
SNOW, ICE PELLETS, HAIL 4 = ICE PELLETS
TOTAL MONTH: M 5 = HAIL
GRTST 24HR M ON M 6 = FREEZING RAIN OR DRIZZLE
GRTST DEPTH: M ON M 7 = DUSTSTORM OR SANDSTORM:
VSBY 1/2 MILE OR LESS
8 = SMOKE OR HAZE
[NO. OF DAYS WITH] [WEATHER - DAYS WITH] 9 = BLOWING SNOW
X = TORNADO
MAX 32 OR BELOW: 0 0.01 INCH OR MORE: 1
MAX 90 OR ABOVE: 28 0.10 INCH OR MORE: 0
MIN 32 OR BELOW: 0 0.50 INCH OR MORE: 0
MIN 0 OR BELOW: 0 1.00 INCH OR MORE: 0
[HDD (BASE 65) ]
TOTAL THIS MO. 0 CLEAR (SCALE 0-3) 29
DPTR FM NORMAL -2 PTCLDY (SCALE 4-7) 1
TOTAL FM JUL 1 2846 CLOUDY (SCALE 8-10) 0
DPTR FM NORMAL -162
[CDD (BASE 65) ]
TOTAL THIS MO. 593
DPTR FM NORMAL 180 [PRESSURE DATA]
TOTAL FM JAN 1 840 HIGHEST SLP 29.88 ON 24
DPTR FM NORMAL 228 LOWEST SLP 29.50 ON 19
[REMARKS]
#FINAL-06-21#