000
CXUS55 KVEF 070610
CLMIGM
CLIMATE REPORT
NATIONAL WEATHER SERVICE LAS VEGAS, NV
1010 PM PST TUE FEB 06 2024
...................................
...THE KINGMAN AZ CLIMATE SUMMARY FOR THE MONTH OF JANUARY 2024...
CLIMATE NORMAL PERIOD: 1991 TO 2020
CLIMATE RECORD PERIOD: 1901 TO 2024
WEATHER OBSERVED NORMAL DEPART LAST YEAR`S
VALUE DATE(S) VALUE FROM VALUE DATE(S)
NORMAL
................................................................
TEMPERATURE (F)
RECORD
HIGH 78 01/13/1923
01/12/1923
LOW 4 01/29/1979
HIGHEST 71 01/30 63 01/10
LOWEST 19 01/09 23 01/20
01/12
AVG. MAXIMUM 56.3 57.4 -1.1 52.5
AVG. MINIMUM 31.6 30.9 0.7 32.3
MEAN 43.9 44.2 -0.3 42.4
DAYS MAX >= 90 0 0.0 0.0 0
DAYS MAX <= 32 0 0.1 -0.1 0
DAYS MIN <= 32 17 18.0 -1.0 16
DAYS MIN <= 0 0 0.0 0.0 0
PRECIPITATION (INCHES)
RECORD
MAXIMUM 5.87 1993
MINIMUM 0.00 1972
TOTALS 0.71 0.98 -0.27 2.70
DAILY AVG. 0.02 0.03 -0.01 0.09
DAYS >= .01 5 4.0 1.0 10
DAYS >= .10 2 2.1 -0.1 7
DAYS >= .50 0 0.5 -0.5 2
DAYS >= 1.00 0 0.1 -0.1 0
GREATEST
24 HR. TOTAL 0.39 01/21 TO 01/21
DEGREE DAYS
HEATING TOTAL 645 646 -1 694
SINCE 7/1 1669 1865 -196 MM
COOLING TOTAL 0 0 0 0
SINCE 1/1 0 0 0 MM
FREEZE DATES
RECORD
EARLIEST 09/24/1920
LATEST 05/21/1975
EARLIEST 11/10
LATEST 04/06
................................................................
WIND (MPH)
AVERAGE WIND SPEED 7.2
HIGHEST WIND SPEED/DIRECTION 37/230 DATE 01/11
HIGHEST GUST SPEED/DIRECTION 50/220 DATE 01/11
SKY COVER
POSSIBLE SUNSHINE (PERCENT) MM
AVERAGE SKY COVER 0.20
NUMBER OF DAYS FAIR 24
NUMBER OF DAYS PC 4
NUMBER OF DAYS CLOUDY 3
AVERAGE RH (PERCENT) 58
WEATHER CONDITIONS. NUMBER OF DAYS WITH
THUNDERSTORM 0 MIXED PRECIP 0
HEAVY RAIN 2 RAIN 3
LIGHT RAIN 7 FREEZING RAIN 0
LT FREEZING RAIN 0 HAIL 0
HEAVY SNOW 0 SLEET 0
FOG 5 FOG W/VIS <= 1/4 MILE 0
HAZE 0
- INDICATES NEGATIVE NUMBERS.
R INDICATES RECORD WAS SET OR TIED.
MM INDICATES DATA IS MISSING.
T INDICATES TRACE AMOUNT.
$$