023
CXUS54 KFWD 010731
CF6ILE
PRELIMINARY LOCAL CLIMATOLOGICAL DATA (WS FORM: F-6)
STATION: KILLEEN SKYLARK
MONTH: JULY
YEAR: 2020
LATITUDE: 31 4 N
LONGITUDE: 97 41 W
TEMPERATURE IN F: :PCPN: SNOW: WIND :SUNSHINE: SKY :PK WND
================================================================================
1 2 3 4 5 6A 6B 7 8 9 10 11 12 13 14 15 16 17 18
12Z AVG MX 2MIN
DY MAX MIN AVG DEP HDD CDD WTR SNW DPTH SPD SPD DIR MIN PSBL S-S WX SPD DR
================================================================================
1 94 78 86 4 0 21 0.00 0.0 0 12.5 18 180 M M 5 25 180
2 99 79 89 7 0 24 0.00 0.0 0 10.7 16 180 M M 2 23 190
3 101 74 88 6 0 23 0.00 0.0 0 8.4 14 190 M M 0 17 150
4 101 72 87 5 0 22 0.00 0.0 0 6.4 15 150 M M 0 M M
5 98 78 88 6 0 23 T 0.0 0 6.2 10 130 M M 0 3 M M
6 95 78 87 5 0 22 0.00 0.0 0 7.2 13 160 M M 0 M M
7 89 75 82 0 0 17 0.16 0.0 0 7.7 17 50 M M 0 13 31 30
8 97 78 88 6 0 23 0.00 0.0 0 10.7 16 170 M M 0 22 190
9 98 78 88 6 0 23 0.00 0.0 0 13.6 17 180 M M 0 25 170
10 101 76 89 7 0 24 0.00 0.0 0 9.0 15 190 M M 0 22 160
11 103 76 90 7 0 25 0.00 0.0 0 9.1 15 180 M M 0 20 180
12 105 78 92 9 0 27 0.00 0.0 0 9.5 16 210 M M 0 23 210
13 106 79 93 10 0 28 0.00 0.0 0 9.5 17 160 M M 0 25 160
14 104 76 90 7 0 25 0.00 0.0 0 13.8 20 160 M M 0 28 190
15 99 76 88 5 0 23 0.00 0.0 0 12.8 17 160 M M 0 25 180
16 101 76 89 6 0 24 0.00 0.0 0 9.2 15 180 M M 0 20 180
17 100 77 89 6 0 24 0.00 0.0 0 8.9 15 150 M M 0 8 20 110
18 96 75 86 3 0 21 0.00 0.0 0 9.1 14 120 M M 0 20 120
19 98 75 87 4 0 22 0.00 0.0 0 7.1 14 140 M M 0 25 140
20 98 73 86 3 0 21 0.00 0.0 0 7.1 15 100 M M 0 20 100
21 95 75 85 2 0 20 0.00 0.0 0 8.0 13 110 M M 0 8 M M
22 98 78 88 5 0 23 0.00 0.0 0 8.2 16 130 M M 0 24 130
23 99 76 88 4 0 23 0.00 0.0 0 7.0 14 90 M M 0 18 120
24 97 75 86 2 0 21 0.00 0.0 0 9.3 20 50 M M 0 8 25 50
25 91 75 83 -1 0 18 0.09 0.0 0 7.9 13 100 M M 0 138 20 100
26 92 74 83 -1 0 18 T 0.0 0 6.8 14 120 M M 0 13 20 120
27 95 74 85 1 0 20 M 0.0 0 5.8 12 160 M M 0 M M
28 95 74 85 1 0 20 M 0.0 0 8.5 21 30 M M 0 30 20
29 98 75 87 3 0 22 M 0.0 0 11.2 22 170 M M 0 33 180
30 99 75 87 3 0 22 0.00 0.0 0 12.5 18 200 M M 0 24 210
31 96 78 87 3 0 22 M 0.0 0 8.0 13 230 M M 0 3 17 230
================================================================================
SM 3038 2356 0 691 0.25 0.0 281.7 M 7
================================================================================
AV 98.0 76.0 9.1 FASTST M M 0 MAX(MPH)
MISC ----> # 22 170 # 33 180
================================================================================
NOTES:
# LAST OF SEVERAL OCCURRENCES
COLUMN 17 PEAK WIND IN M.P.H.
PRELIMINARY LOCAL CLIMATOLOGICAL DATA (WS FORM: F-6) , PAGE 2
STATION: KILLEEN SKYLARK
MONTH: JULY
YEAR: 2020
LATITUDE: 31 4 N
LONGITUDE: 97 41 W
[TEMPERATURE DATA] [PRECIPITATION DATA] SYMBOLS USED IN COLUMN 16
AVERAGE MONTHLY: 87.0 TOTAL FOR MONTH: 0.25 1 = FOG OR MIST
DPTR FM NORMAL: 4.0 DPTR FM NORMAL: -1.57 2 = FOG REDUCING VISIBILITY
HIGHEST: 106 ON 13 GRTST 24HR 0.16 ON 7- 7 TO 1/4 MILE OR LESS
LOWEST: 72 ON 4 3 = THUNDER
SNOW, ICE PELLETS, HAIL 4 = ICE PELLETS
TOTAL MONTH: 0.0 INCH 5 = HAIL
GRTST 24HR 0.0 6 = FREEZING RAIN OR DRIZZLE
GRTST DEPTH: 0 7 = DUSTSTORM OR SANDSTORM:
VSBY 1/2 MILE OR LESS
8 = SMOKE OR HAZE
[NO. OF DAYS WITH] [WEATHER - DAYS WITH] 9 = BLOWING SNOW
X = TORNADO
MAX 32 OR BELOW: 0 0.01 INCH OR MORE: 2
MAX 90 OR ABOVE: 30 0.10 INCH OR MORE: 1
MIN 32 OR BELOW: 0 0.50 INCH OR MORE: 0
MIN 0 OR BELOW: 0 1.00 INCH OR MORE: 0
[HDD (BASE 65) ]
TOTAL THIS MO. 0 CLEAR (SCALE 0-3) 30
DPTR FM NORMAL 0 PTCLDY (SCALE 4-7) 1
TOTAL FM JUL 1 0 CLOUDY (SCALE 8-10) 0
DPTR FM NORMAL 0
[CDD (BASE 65) ]
TOTAL THIS MO. 691
DPTR FM NORMAL 133 [PRESSURE DATA]
TOTAL FM JAN 1 1725 HIGHEST SLP M ON M
DPTR FM NORMAL 325 LOWEST SLP M ON M
[REMARKS]
#FINAL-07-20#