000
CXUS52 KILM 011221
CF6ILM
PRELIMINARY LOCAL CLIMATOLOGICAL DATA (WS FORM: F-6)
STATION: WILMINGTON NORTH CAROLINA
MONTH: MAY
YEAR: 2023
LATITUDE: 34 16 N
LONGITUDE: 77 55 W
TEMPERATURE IN F: :PCPN: SNOW: WIND :SUNSHINE: SKY :PK WND
================================================================================
1 2 3 4 5 6A 6B 7 8 9 10 11 12 13 14 15 16 17 18
12Z AVG MX 2MIN
DY MAX MIN AVG DEP HDD CDD WTR SNW DPTH SPD SPD DIR MIN PSBL S-S WX SPD DR
================================================================================
1 74 53 64 -4 1 0 0.00 0.0 0 14.4 30 230 M M 1 39 230
2 76 53 65 -3 0 0 T 0.0 0 11.7 32 290 M M 1 44 290
3 74 49 62 -6 3 0 0.00 0.0 0 10.5 28 270 M M 2 8 35 260
4 76 46 61 -7 4 0 0.00 0.0 0 6.3 17 310 M M 1 8 21 340
5 77 49 63 -6 2 0 0.00 0.0 0 3.7 13 160 M M 2 8 19 130
6 80 53 67 -2 0 2 0.00 0.0 0 5.0 15 180 M M 2 8 20 190
7 84 60 72 3 0 7 0.00 0.0 0 11.2 21 210 M M 1 27 220
8 90 68 79 10 0 14 T 0.0 0 13.2 22 270 M M 1 28 270
9 93 69 81 11 0 16 0.00 0.0 0 8.7 20 50 M M 1 3 26 50
10 81 59 70 0 0 5 0.00 0.0 0 9.5 20 50 M M 1 25 40
11 78 58 68 -2 0 3 0.00 0.0 0 5.4 14 160 M M 1 19 180
12 83 57 70 0 0 5 0.00 0.0 0 5.8 15 170 M M 0 20 130
13 84 58 71 1 0 6 0.00 0.0 0 6.3 16 180 M M 0 24 170
14 80 67 74 3 0 9 0.03 0.0 0 7.2 16 40 M M 8 18 20 30
15 80 58 69 -2 0 4 0.00 0.0 0 8.1 18 70 M M 2 22 60
16 86 68 77 6 0 12 0.00 0.0 0 9.2 20 200 M M 2 28 210
17 88 71 80 9 0 15 T 0.0 0 9.6 23 250 M M 6 28 250
18 74 65 70 -2 0 5 0.17 0.0 0 12.5 23 70 M M 9 1 32 60
19 77 64 71 -1 0 6 4.15 0.0 0 9.9 22 50 M M 10 138 33 20
20 82 66 74 2 0 9 0.00 0.0 0 5.9 13 290 M M 8 1 18 10
21 78 61 70 -2 0 5 0.01 0.0 0 5.7 17 10 M M 8 20 10
22 82 57 70 -2 0 5 0.00 0.0 0 8.3 17 30 M M 0 1 22 20
23 82 59 71 -2 0 6 0.00 0.0 0 12.3 20 50 M M 2 27 30
24 82 59 71 -2 0 6 0.00 0.0 0 9.2 17 40 M M 5 21 340
25 80 60 70 -3 0 5 T 0.0 0 13.6 24 40 M M 8 32 40
26 66 58 62 -11 3 0 0.25 0.0 0 15.9 26 30 M M 9 35 30
27 66 57 62 -12 3 0 0.64 0.0 0 19.1 30 40 M M 10 1 41 30
28 77 64 71 -3 0 6 0.43 0.0 0 11.3 22 170 M M 10 18 27 170
29 73 61 67 -7 0 2 0.01 0.0 0 4.5 13 230 M M 8 1 17 230
30 84 60 72 -2 0 7 T 0.0 0 6.2 16 90 M M 5 1 21 100
31 80 65 73 -2 0 8 0.01 0.0 0 8.5 20 30 M M 9 23 30
================================================================================
SM 2467 1852 16 168 5.70 0.0 288.7 M 133
================================================================================
AV 79.6 59.7 9.3 FASTST M M 4 MAX(MPH)
MISC ----> 32 290 44 290
================================================================================
NOTES:
# LAST OF SEVERAL OCCURRENCES
COLUMN 17 PEAK WIND IN M.P.H.
PRELIMINARY LOCAL CLIMATOLOGICAL DATA (WS FORM: F-6) , PAGE 2
STATION: WILMINGTON NORTH CAROLINA
MONTH: MAY
YEAR: 2023
LATITUDE: 34 16 N
LONGITUDE: 77 55 W
[TEMPERATURE DATA] [PRECIPITATION DATA] SYMBOLS USED IN COLUMN 16
AVERAGE MONTHLY: 69.7 TOTAL FOR MONTH: 5.70 1 = FOG OR MIST
DPTR FM NORMAL: -1.4 DPTR FM NORMAL: 1.16 2 = FOG REDUCING VISIBILITY
HIGHEST: 93 ON 9 GRTST 24HR 4.20 ON 18-19 TO 1/4 MILE OR LESS
LOWEST: 46 ON 4 3 = THUNDER
SNOW, ICE PELLETS, HAIL 4 = ICE PELLETS
TOTAL MONTH: 0.0 INCH 5 = HAIL
GRTST 24HR 0.0 6 = FREEZING RAIN OR DRIZZLE
GRTST DEPTH: 0 7 = DUSTSTORM OR SANDSTORM:
VSBY 1/2 MILE OR LESS
8 = SMOKE OR HAZE
[NO. OF DAYS WITH] [WEATHER - DAYS WITH] 9 = BLOWING SNOW
X = TORNADO
MAX 32 OR BELOW: 0 0.01 INCH OR MORE: 9
MAX 90 OR ABOVE: 2 0.10 INCH OR MORE: 5
MIN 32 OR BELOW: 0 0.50 INCH OR MORE: 2
MIN 0 OR BELOW: 0 1.00 INCH OR MORE: 1
[HDD (BASE 65) ]
TOTAL THIS MO. 16 CLEAR (SCALE 0-3) 17
DPTR FM NORMAL -5 PTCLDY (SCALE 4-7) 8
TOTAL FM JUL 1 1681 CLOUDY (SCALE 8-10) 6
DPTR FM NORMAL -640
[CDD (BASE 65) ]
TOTAL THIS MO. 168
DPTR FM NORMAL -42 [PRESSURE DATA]
TOTAL FM JAN 1 408 HIGHEST SLP 30.27 ON 6
DPTR FM NORMAL 95 LOWEST SLP 29.54 ON 2
[REMARKS]
#FINAL-05-23#