000
CXUS52 KILM 011000
CF6ILM
PRELIMINARY LOCAL CLIMATOLOGICAL DATA (WS FORM: F-6)
STATION: WILMINGTON NORTH CAROLINA
MONTH: MARCH
YEAR: 2021
LATITUDE: 34 16 N
LONGITUDE: 77 55 W
TEMPERATURE IN F: :PCPN: SNOW: WIND :SUNSHINE: SKY :PK WND
================================================================================
1 2 3 4 5 6A 6B 7 8 9 10 11 12 13 14 15 16 17 18
12Z AVG MX 2MIN
DY MAX MIN AVG DEP HDD CDD WTR SNW DPTH SPD SPD DIR MIN PSBL S-S WX SPD DR
================================================================================
1 83 57 70 19 0 5 0.03 0.0 0 12.2 29 320 M M 6 1 37 320
2 57 46 52 0 13 0 0.01 0.0 0 10.2 18 40 M M 2 32 350
3 63 40 52 0 13 0 0.18 0.0 0 7.6 16 20 M M 8 1 23 360
4 71 40 56 4 9 0 0.00 0.0 0 6.2 18 290 M M 0 1 23 290
5 56 38 47 -5 18 0 0.00 0.0 0 7.8 22 10 M M 0 27 360
6 53 34 44 -8 21 0 0.00 0.0 0 3.9 15 40 M M 2 20 30
7 59 31 45 -8 20 0 0.00 0.0 0 5.0 17 330 M M 0 1 24 320
8 61 28 45 -8 20 0 0.00 0.0 0 3.9 14 180 M M 0 19 290
9 72 34 53 0 12 0 0.00 0.0 0 6.9 17 210 M M 0 22 190
10 73 45 59 5 6 0 0.00 0.0 0 6.1 15 180 M M 0 20 170
11 75 42 59 5 6 0 0.00 0.0 0 6.0 20 230 M M 1 24 200
12 80 49 65 11 0 0 0.00 0.0 0 9.2 20 250 M M 0 25 250
13 65 55 60 6 5 0 0.00 0.0 0 6.2 14 110 M M 7 18 90
14 76 53 65 11 0 0 T 0.0 0 4.6 15 240 M M 5 17 240
15 63 50 57 2 8 0 T 0.0 0 12.0 20 40 M M 6 24 40
16 51 42 47 -8 18 0 0.16 0.0 0 8.2 18 60 M M 10 18 23 60
17 58 49 54 -1 11 0 0.54 0.0 0 5.2 12 20 M M 10 13 15 10
18 77 54 66 10 0 1 T 0.0 0 12.3 26 200 M M 6 1 38 210
19 65 41 53 -3 12 0 0.00 0.0 0 15.0 31 30 M M 7 1 38 20
20 56 40 48 -8 17 0 0.10 0.0 0 15.0 23 40 M M 9 29 40
21 66 45 56 0 9 0 0.00 0.0 0 17.8 29 30 M M 7 35 40
22 68 53 61 4 4 0 0.01 0.0 0 17.3 26 20 M M 6 18 36 20
23 71 55 63 6 2 0 0.05 0.0 0 11.5 18 20 M M 9 1 25 30
24 78 59 69 12 0 4 0.06 0.0 0 6.5 14 200 M M 7 1 18 260
25 80 55 68 11 0 3 T 0.0 0 7.1 20 190 M M 2 1 27 180
26 81 67 74 16 0 9 0.00 0.0 0 11.3 24 210 M M 3 33 220
27 85 61 73 15 0 8 0.00 0.0 0 5.5 17 180 M M 4 13 22 210
28 83 66 75 17 0 10 0.16 0.0 0 16.3 28 210 M M 4 13 39 210
29 67 45 56 -2 9 0 0.00 0.0 0 7.6 20 290 M M 0 32 320
30 74 43 59 0 6 0 T 0.0 0 5.4 18 100 M M 3 23 100
31 83 61 72 13 0 7 1.32 0.0 0 6.0 21 290 M M 4 138 26 220
================================================================================
SM 2150 1478 239 47 2.62 0.0 275.8 M 128
================================================================================
AV 69.4 47.7 8.9 FASTST M M 4 MAX(MPH)
MISC ----> 31 30 39 210
================================================================================
NOTES:
# LAST OF SEVERAL OCCURRENCES
COLUMN 17 PEAK WIND IN M.P.H.
PRELIMINARY LOCAL CLIMATOLOGICAL DATA (WS FORM: F-6) , PAGE 2
STATION: WILMINGTON NORTH CAROLINA
MONTH: MARCH
YEAR: 2021
LATITUDE: 34 16 N
LONGITUDE: 77 55 W
[TEMPERATURE DATA] [PRECIPITATION DATA] SYMBOLS USED IN COLUMN 16
AVERAGE MONTHLY: 58.5 TOTAL FOR MONTH: 2.62 1 = FOG OR MIST
DPTR FM NORMAL: 3.4 DPTR FM NORMAL: -1.59 2 = FOG REDUCING VISIBILITY
HIGHEST: 85 ON 27 GRTST 24HR 1.32 ON 31-31 TO 1/4 MILE OR LESS
LOWEST: 28 ON 8 3 = THUNDER
SNOW, ICE PELLETS, HAIL 4 = ICE PELLETS
TOTAL MONTH: 0.0 INCH 5 = HAIL
GRTST 24HR 0.0 6 = FREEZING RAIN OR DRIZZLE
GRTST DEPTH: 0 7 = DUSTSTORM OR SANDSTORM:
VSBY 1/2 MILE OR LESS
8 = SMOKE OR HAZE
[NO. OF DAYS WITH] [WEATHER - DAYS WITH] 9 = BLOWING SNOW
X = TORNADO
MAX 32 OR BELOW: 0 0.01 INCH OR MORE: 11
MAX 90 OR ABOVE: 0 0.10 INCH OR MORE: 6
MIN 32 OR BELOW: 2 0.50 INCH OR MORE: 2
MIN 0 OR BELOW: 0 1.00 INCH OR MORE: 1
[HDD (BASE 65) ]
TOTAL THIS MO. 239 CLEAR (SCALE 0-3) 13
DPTR FM NORMAL -84 PTCLDY (SCALE 4-7) 14
TOTAL FM JUL 1 1917 CLOUDY (SCALE 8-10) 4
DPTR FM NORMAL -334
[CDD (BASE 65) ]
TOTAL THIS MO. 47
DPTR FM NORMAL 31 [PRESSURE DATA]
TOTAL FM JAN 1 54 HIGHEST SLP 30.58 ON 9
DPTR FM NORMAL 33 LOWEST SLP 29.62 ON 18
[REMARKS]
#FINAL-03-21#