000
CXUS52 KILM 011955
CF6ILM
PRELIMINARY LOCAL CLIMATOLOGICAL DATA (WS FORM: F-6)
STATION: WILMINGTON NORTH CAROLINA
MONTH: OCTOBER
YEAR: 2020
LATITUDE: 34 16 N
LONGITUDE: 77 55 W
TEMPERATURE IN F: :PCPN: SNOW: WIND :SUNSHINE: SKY :PK WND
================================================================================
1 2 3 4 5 6A 6B 7 8 9 10 11 12 13 14 15 16 17 18
12Z AVG MX 2MIN
DY MAX MIN AVG DEP HDD CDD WTR SNW DPTH SPD SPD DIR MIN PSBL S-S WX SPD DR
================================================================================
1 81 54 68 -2 0 3 0.00 0.0 0 3.6 12 230 M M 0 14 170
2 75 60 68 -2 0 3 0.00 0.0 0 8.4 22 30 M M 2 29 40
3 72 57 65 -4 0 0 0.00 0.0 0 10.1 17 40 M M 8 21 40
4 65 57 61 -8 4 0 0.37 0.0 0 8.1 16 40 M M 9 1 20 360
5 77 57 67 -2 0 2 0.00 0.0 0 3.6 14 360 M M 0 19 340
6 76 56 66 -2 0 1 0.00 0.0 0 5.1 15 40 M M 1 18 50
7 86 61 74 6 0 9 0.00 0.0 0 5.8 15 240 M M 1 19 230
8 89 63 76 8 0 11 0.00 0.0 0 4.7 13 340 M M 0 1 17 340
9 78 65 72 5 0 7 0.01 0.0 0 6.9 17 70 M M 4 1 23 60
10 82 70 76 9 0 11 0.01 0.0 0 6.3 18 170 M M 2 1 23 160
11 78 73 76 9 0 11 2.23 0.0 0 8.0 17 100 M M 8 1 23 120
12 84 70 77 11 0 12 T 0.0 0 4.7 12 300 M M 8 12 14 270
13 84 67 76 10 0 11 0.01 0.0 0 5.1 13 310 M M 6 12 17 310
14 79 58 69 3 0 4 0.00 0.0 0 6.1 14 30 M M 2 1 18 30
15 82 57 70 5 0 5 0.10 0.0 0 3.4 14 140 M M 4 1 19 130
16 84 58 71 6 0 6 0.07 0.0 0 6.7 20 10 M M 7 12 24 10
17 69 51 60 -5 5 0 0.00 0.0 0 10.6 20 40 M M 3 28 40
18 77 50 64 0 1 0 0.00 0.0 0 5.3 12 100 M M 2 15 50
19 82 58 70 6 0 5 0.00 0.0 0 6.8 14 10 M M 2 1 17 20
20 82 65 74 10 0 9 0.00 0.0 0 4.5 12 100 M M 5 12 14 100
21 83 66 75 11 0 10 0.00 0.0 0 5.5 10 70 M M 1 1 14 120
22 82 66 74 11 0 9 0.00 0.0 0 6.1 14 50 M M 3 18 50
23 83 65 74 11 0 9 0.00 0.0 0 2.6 9 100 M M 6 12 110
24 84 62 73 10 0 8 0.00 0.0 0 1.9 10 160 M M 0 1 14 160
25 78 63 71 9 0 6 1.38 0.0 0 4.7 14 30 M M 9 1 18 20
26 75 57 66 4 0 1 0.00 0.0 0 6.0 14 340 M M 6 1 18 320
27 80 61 71 9 0 6 0.00 0.0 0 2.3 8 130 M M 6 12 12 340
28 83 59 71 9 0 6 0.00 0.0 0 3.0 10 170 M M 4 12 14 120
29 83 67 75 14 0 10 T 0.0 0 16.0 33 210 M M 6 52 230
30 80 54 67 6 0 2 0.00 0.0 0 13.8 30 270 M M 2 39 220
31 69 50 60 -1 5 0 0.00 0.0 0 11.1 18 20 M M 2 24 20
================================================================================
SM 2462 1877 15 177 4.18 0.0 196.8 M 119
================================================================================
AV 79.4 60.5 6.3 FASTST M M 4 MAX(MPH)
MISC ----> 33 210 52 230
================================================================================
NOTES:
# LAST OF SEVERAL OCCURRENCES
COLUMN 17 PEAK WIND IN M.P.H.
PRELIMINARY LOCAL CLIMATOLOGICAL DATA (WS FORM: F-6) , PAGE 2
STATION: WILMINGTON NORTH CAROLINA
MONTH: OCTOBER
YEAR: 2020
LATITUDE: 34 16 N
LONGITUDE: 77 55 W
[TEMPERATURE DATA] [PRECIPITATION DATA] SYMBOLS USED IN COLUMN 16
AVERAGE MONTHLY: 70.0 TOTAL FOR MONTH: 4.18 1 = FOG OR MIST
DPTR FM NORMAL: 4.8 DPTR FM NORMAL: 0.29 2 = FOG REDUCING VISIBILITY
HIGHEST: 89 ON 8 GRTST 24HR 2.23 ON 11-11 TO 1/4 MILE OR LESS
LOWEST: 50 ON 31,18 3 = THUNDER
SNOW, ICE PELLETS, HAIL 4 = ICE PELLETS
TOTAL MONTH: 0.0 INCH 5 = HAIL
GRTST 24HR 0.0 6 = FREEZING RAIN OR DRIZZLE
GRTST DEPTH: 0 7 = DUSTSTORM OR SANDSTORM:
VSBY 1/2 MILE OR LESS
8 = SMOKE OR HAZE
[NO. OF DAYS WITH] [WEATHER - DAYS WITH] 9 = BLOWING SNOW
X = TORNADO
MAX 32 OR BELOW: 0 0.01 INCH OR MORE: 8
MAX 90 OR ABOVE: 0 0.10 INCH OR MORE: 4
MIN 32 OR BELOW: 0 0.50 INCH OR MORE: 2
MIN 0 OR BELOW: 0 1.00 INCH OR MORE: 2
[HDD (BASE 65) ]
TOTAL THIS MO. 15 CLEAR (SCALE 0-3) 16
DPTR FM NORMAL -77 PTCLDY (SCALE 4-7) 12
TOTAL FM JUL 1 22 CLOUDY (SCALE 8-10) 3
DPTR FM NORMAL -75
[CDD (BASE 65) ]
TOTAL THIS MO. 177
DPTR FM NORMAL 80 [PRESSURE DATA]
TOTAL FM JAN 1 2301 HIGHEST SLP 30.42 ON 31
DPTR FM NORMAL 287 LOWEST SLP 29.56 ON 30
[REMARKS]
#FINAL-10-20#