000
CXUS53 KILX 011803
CLMILX
CLIMATE REPORT
NATIONAL WEATHER SERVICE LINCOLN IL
1203 PM CST THU FEB 01 2024
...................................
...THE LINCOLN IL CLIMATE SUMMARY FOR THE MONTH OF JANUARY 2024...
CLIMATE NORMAL PERIOD 1991 TO 2020
CLIMATE RECORD PERIOD 1905 TO 2024
WEATHER OBSERVED NORMAL DEPART LAST YEAR`S
VALUE DATE(S) VALUE FROM VALUE
NORMAL
..............................................................
TEMPERATURE (F)
RECORD
HIGH 70 01/25/1950
01/24/1950
01/07/1907
LOW -34 01/15/1927
HIGHEST 42 01/25 MM MM 66
01/29
01/31
LOWEST -12 01/14 MM MM 5
AVG. MAXIMUM 31.4 34.5 -3.1 41.6
AVG. MINIMUM 20.1 17.8 2.3 27.7
MEAN 25.8 26.1 -0.3 34.7
DAYS MAX >= 90 0 0.0 0.0 0
DAYS MAX <= 32 8 13.0 -5.0 3
DAYS MIN <= 32 25 27.9 -2.9 24
DAYS MIN <= 0 7 4.0 3.0 0
PRECIPITATION (INCHES)
RECORD
MAXIMUM 6.23 1949
MINIMUM 0.04 1986
TOTALS 4.38 2.17 2.21 1.90
DAILY AVG. 0.14 0.07 0.07 0.06
DAYS >= .01 19 9.3 9.7 12
DAYS >= .10 8 4.7 3.3 6
DAYS >= .50 4 1.2 2.8 1
DAYS >= 1.00 0 0.3 -0.3 0
GREATEST
24 HR. TOTAL 0.71 01/12 TO 01/12 0.79
01/25 TO 01/25
SNOWFALL (INCHES)
RECORDS
TOTAL 20.0 1987
TOTALS 7.4 5.7 1.7 3.9
SINCE 7/1 9.3 11.3 -2.0 MM
DAYS >= 1.0 3 2.2 0.8 1
GREATEST
SNOW DEPTH 3 01/19 1
01/20
24 HR TOTAL MM MM
DEGREE DAYS
HEATING TOTAL 1209 1204 5 933
SINCE 7/1 3036 3393 -357 MM
COOLING TOTAL 0 0 0 0
SINCE 1/1 0 0 0 MM
..............................................................
WIND (MPH)
AVERAGE WIND SPEED MM
HIGHEST WIND SPEED/DIRECTION MM DATE MM
HIGHEST GUST SPEED/DIRECTION MM DATE MM
AVERAGE RH (PERCENT) MM
WEATHER CONDITIONS. NUMBER OF DAYS WITH
THUNDERSTORM 1 MIXED PRECIP 0
HEAVY RAIN 3 RAIN 6
LIGHT RAIN 13 FREEZING RAIN 1
LT FREEZING RAIN 1 HAIL 0
HEAVY SNOW 0 SNOW 2
LIGHT SNOW 15 SLEET 1
FOG 14 FOG W/VIS <= 1/4 MILE 6
HAZE 0
- INDICATES NEGATIVE NUMBERS.
R INDICATES RECORD WAS SET OR TIED.
MM INDICATES DATA IS MISSING.
T INDICATES TRACE AMOUNT.
&&
RECORD COLD HIGH OF -3 DEGREES ON JANUARY 14
RECORD LOW OF -12 DEGREES ON JANUARY 14TH
10TH WETTEST JANUARY ON RECORD
$$