000
CXUS53 KDLH 042154
CLMINL
CLIMATE REPORT
NATIONAL WEATHER SERVICE DULUTH MN
354 PM CST MON DEC 04 2023
...................................
...THE INTERNATIONAL FALLS CLIMATE SUMMARY FOR THE MONTH OF NOVEMBER 2023...
CLIMATE NORMAL PERIOD: 1991 TO 2020
CLIMATE RECORD PERIOD: 1895 TO 2023
WEATHER OBSERVED NORMAL DEPART LAST YEAR`S
VALUE DATE(S) VALUE FROM VALUE DATE(S)
NORMAL
................................................................
TEMPERATURE (F)
RECORD
HIGH 74 11/04/2020
LOW -32 11/28/1985
HIGHEST 58 11/14 MM MM 71 11/02
LOWEST -6 11/28 MM MM -1 11/19
11/20
AVG. MAXIMUM 37.0 34.4 2.6 34.8
AVG. MINIMUM 20.8 18.1 2.7 19.2
MEAN 28.9 26.3 2.6 27.0
DAYS MAX >= 90 0 0.0 0.0 0
DAYS MAX <= 32 9 13.5 -4.5 15
DAYS MIN <= 32 28 27.3 0.7 27
DAYS MIN <= 0 2 2.7 -0.7 2
PRECIPITATION (INCHES)
RECORD
MAXIMUM 3.63 1919
MINIMUM T 1924
TOTALS 1.24 1.39 -0.15 1.44
DAILY AVG. 0.04 0.05 -0.01 0.05
DAYS >= .01 12 10.2 1.8 16
DAYS >= .10 4 3.8 0.2 5
DAYS >= .50 0 0.7 -0.7 0
DAYS >= 1.00 0 0.1 -0.1 0
GREATEST
24 HR. TOTAL 0.60 11/05 TO 11/06
SNOWFALL (INCHES)
RECORDS
TOTAL 29.7 1965
TOTALS 4.9 12.1 -7.2 12.9
SINCE 7/1 9.3 13.8 -4.5 MM
SNOWDEPTH AVG. 1 3
DAYS >= 1.0 2 3.7 -1.7 6
GREATEST
SNOW DEPTH 2 11/03 7 11/19
11/05
11/27
24 HR TOTAL MM
DEGREE DAYS
HEATING TOTAL 1077 1162 -85 1131
SINCE 7/1 1741 2428 -687 MM
COOLING TOTAL 0 0 0 0
SINCE 1/1 255 174 81 MM
................................................................
WIND (MPH)
AVERAGE WIND SPEED 7.3
HIGHEST WIND SPEED/DIRECTION 25/320 DATE 11/16
HIGHEST GUST SPEED/DIRECTION 38/340 DATE 11/16
SKY COVER
POSSIBLE SUNSHINE (PERCENT) MM
AVERAGE SKY COVER MM
NUMBER OF DAYS FAIR MM
NUMBER OF DAYS PC MM
NUMBER OF DAYS CLOUDY MM
AVERAGE RH (PERCENT) 74
WEATHER CONDITIONS. NUMBER OF DAYS WITH
THUNDERSTORM 0 MIXED PRECIP 0
HEAVY RAIN 0 RAIN 3
LIGHT RAIN 7 FREEZING RAIN 0
LT FREEZING RAIN 1 HAIL 0
HEAVY SNOW 1 SNOW 1
LIGHT SNOW 18 SLEET 0
FOG 16 FOG W/VIS <= 1/4 MILE 0
HAZE 3
- INDICATES NEGATIVE NUMBERS.
R INDICATES RECORD WAS SET OR TIED.
MM INDICATES DATA IS MISSING.
T INDICATES TRACE AMOUNT.
$$