000
CXUS56 KFGZ 010910
CF6INW
PRELIMINARY LOCAL CLIMATOLOGICAL DATA (WS FORM: F-6)
STATION: WINSLOW AZ AIRPORT
MONTH: JUNE
YEAR: 2023
LATITUDE: 35 1 N
LONGITUDE: 110 44 W
TEMPERATURE IN F: :PCPN: SNOW: WIND :SUNSHINE: SKY :PK WND
================================================================================
1 2 3 4 5 6A 6B 7 8 9 10 11 12 13 14 15 16 17 18
12Z AVG MX 2MIN
DY MAX MIN AVG DEP HDD CDD WTR SNW DPTH SPD SPD DIR MIN PSBL S-S WX SPD DR
================================================================================
1 79 47 63 -6 2 0 T M M 8.3 24 300 M M 2 3 31 290
2 82 55 69 0 0 4 T M M 7.6 28 270 M M 4 3 33 270
3 87 49 68 -2 0 3 0.00 M M 7.8 21 320 M M 1 28 320
4 87 51 69 -1 0 4 0.00 M M 7.0 32 190 M M 0 38 180
5 92 47 70 0 0 5 0.00 M M 8.4 23 190 M M 0 31 190
6 90 53 72 1 0 7 0.00 M M 14.3 31 210 M M 0 38 180
7 85 49 67 -4 0 2 0.00 M M 10.9 24 240 M M 0 34 150
8 85 44 65 -6 0 0 0.00 M M 10.8 23 230 M M 0 31 250
9 86 56 71 -1 0 6 0.00 M M 9.1 22 250 M M 0 29 290
10 90 46 68 -4 0 3 0.00 M M 8.2 24 200 M M 0 29 180
11 87 54 71 -1 0 6 0.00 M M 14.4 36 210 M M 0 43 210
12 81 49 65 -8 0 0 0.00 M M 10.6 23 230 M M 2 28 260
13 83 51 67 -6 0 2 0.00 M M 7.7 17 270 M M 2 21 250
14 89 49 69 -4 0 4 0.00 M M 10.7 28 270 M M 0 8 35 270
15 90 51 71 -3 0 6 0.00 M M 10.5 23 320 M M 2 8 30 320
16 89 52 71 -3 0 6 0.00 M M 11.1 28 230 M M 0 35 250
17 89 52 71 -3 0 6 0.00 M M 7.1 16 220 M M 0 22 340
18 93 57 75 0 0 10 0.00 M M 13.1 33 230 M M 0 51 240
19 92 50 71 -4 0 6 0.00 M M 14.6 36 210 M M 0 45 230
20 92 52 72 -3 0 7 0.00 M M 11.5 26 230 M M 0 35 230
21 94 53 74 -2 0 9 0.00 M M 10.3 25 200 M M 0 32 230
22 94 52 73 -3 0 8 0.00 M M 11.5 25 210 M M 0 35 220
23 91 52 72 -4 0 7 T M M 13.4 28 240 M M 0 37 250
24 96 38 67 -9 0 2 0.00 M M 6.9 20 230 M M 0 28 230
25 97 53 75 -2 0 10 0.00 M M 12.7 33 220 M M 0 39 230
26 100 57 79 2 0 14 0.00 M M 14.3 33 200 M M 0 48 260
27 98 57 78 1 0 13 0.00 M M 13.3 35 220 M M 0 46 210
28 97 51 74 -3 0 9 0.00 M M 11.8 35 230 M M 0 47 240
29 94 54 74 -4 0 9 0.00 M M 9.7 24 270 M M 0 30 280
30 94 52 73 -5 0 8 0.00 M M 7.9 20 330 M M 0 25 320
================================================================================
SM 2703 1533 2 176 T M 315.5 M 13
================================================================================
AV 90.1 51.1 10.5 FASTST M M 0 MAX(MPH)
MISC ----> # 36 210 51 240
================================================================================
NOTES:
# LAST OF SEVERAL OCCURRENCES
COLUMN 17 PEAK WIND IN M.P.H.
PRELIMINARY LOCAL CLIMATOLOGICAL DATA (WS FORM: F-6) , PAGE 2
STATION: WINSLOW AZ AIRPORT
MONTH: JUNE
YEAR: 2023
LATITUDE: 35 1 N
LONGITUDE: 110 44 W
[TEMPERATURE DATA] [PRECIPITATION DATA] SYMBOLS USED IN COLUMN 16
AVERAGE MONTHLY: 70.6 TOTAL FOR MONTH: T 1 = FOG OR MIST
DPTR FM NORMAL: -3.2 DPTR FM NORMAL: -0.14 2 = FOG REDUCING VISIBILITY
HIGHEST: 100 ON 26 GRTST 24HR T ON 1- 1 TO 1/4 MILE OR LESS
LOWEST: 38 ON 24 3 = THUNDER
SNOW, ICE PELLETS, HAIL 4 = ICE PELLETS
TOTAL MONTH: M 5 = HAIL
GRTST 24HR M ON M 6 = FREEZING RAIN OR DRIZZLE
GRTST DEPTH: M ON M 7 = DUSTSTORM OR SANDSTORM:
VSBY 1/2 MILE OR LESS
8 = SMOKE OR HAZE
[NO. OF DAYS WITH] [WEATHER - DAYS WITH] 9 = BLOWING SNOW
X = TORNADO
MAX 32 OR BELOW: 0 0.01 INCH OR MORE: 0
MAX 90 OR ABOVE: 17 0.10 INCH OR MORE: 0
MIN 32 OR BELOW: 0 0.50 INCH OR MORE: 0
MIN 0 OR BELOW: 0 1.00 INCH OR MORE: 0
[HDD (BASE 65) ]
TOTAL THIS MO. 2 CLEAR (SCALE 0-3) 29
DPTR FM NORMAL -6 PTCLDY (SCALE 4-7) 1
TOTAL FM JUL 1 4454 CLOUDY (SCALE 8-10) 0
DPTR FM NORMAL 127
[CDD (BASE 65) ]
TOTAL THIS MO. 176
DPTR FM NORMAL -94 [PRESSURE DATA]
TOTAL FM JAN 1 217 HIGHEST SLP M ON M
DPTR FM NORMAL -123 LOWEST SLP 29.64 ON 6
[REMARKS]
#FINAL-06-23#