000
CXUS56 KFGZ 010910
CF6INW
PRELIMINARY LOCAL CLIMATOLOGICAL DATA (WS FORM: F-6)
STATION: WINSLOW AZ AIRPORT
MONTH: NOVEMBER
YEAR: 2021
LATITUDE: 35 1 N
LONGITUDE: 110 44 W
TEMPERATURE IN F: :PCPN: SNOW: WIND :SUNSHINE: SKY :PK WND
================================================================================
1 2 3 4 5 6A 6B 7 8 9 10 11 12 13 14 15 16 17 18
12Z AVG MX 2MIN
DY MAX MIN AVG DEP HDD CDD WTR SNW DPTH SPD SPD DIR MIN PSBL S-S WX SPD DR
================================================================================
1 74 45 60 9 5 0 0.00 M M 9.9 21 270 M M 0 25 270
2 71 40 56 6 9 0 0.00 M M 4.3 13 260 M M 0 16 260
3 69 32 51 1 14 0 0.00 M M 3.7 9 350 M M 0 13 340
4 71 30 51 2 14 0 0.00 M M 3.5 9 240 M M 0 11 150
5 75 33 54 5 11 0 0.00 M M 5.0 12 180 M M 0 14 180
6 80 35 58 9 7 0 0.00 M M 7.3 18 230 M M 0 22 250
7 78 39 59 11 6 0 0.00 M M 8.3 17 240 M M 0 21 220
8 77 36 57 9 8 0 0.00 M M 8.9 22 240 M M 0 26 220
9 72 34 53 6 12 0 0.00 M M 9.2 22 270 M M 1 28 250
10 67 35 51 4 14 0 0.00 M M 7.5 21 350 M M 0 27 360
11 63 28 46 0 19 0 0.00 M M 3.6 10 290 M M 0 M M
12 64 24 44 -2 21 0 0.00 M M 3.2 10 30 M M 0 13 350
13 67 28 48 2 17 0 0.00 M M 4.1 12 150 M M 0 14 150
14 69 27 48 3 17 0 0.00 M M 2.9 10 140 M M 0 12 130
15 73 31 52 7 13 0 0.00 M M 4.8 12 130 M M 0 14 140
16 71 34 53 9 12 0 0.00 M M 8.9 21 250 M M 0 26 270
17 64 27 46 2 19 0 0.00 M M 4.7 12 250 M M 0 13 350
18 63 22 43 -1 22 0 0.00 M M 3.7 12 240 M M 0 14 140
19 70 32 51 8 14 0 0.00 M M 6.4 13 240 M M 0 15 250
20 67 33 50 7 15 0 0.00 M M 5.8 13 30 M M 0 17 30
21 59 29 44 2 21 0 0.00 M M 5.0 13 350 M M 0 18 340
22 57 19 38 -4 27 0 0.00 M M 3.1 8 250 M M 0 9 40
23 54 31 43 2 22 0 0.09 M M 6.1 13 10 M M 6 16 10
24 55 33 44 3 21 0 T M M 9.8 21 340 M M 2 24 340
25 50 19 35 -6 30 0 0.00 M M 6.4 14 340 M M 0 16 360
26 52 20 36 -4 29 0 0.00 M M 4.0 9 360 M M 0 13 30
27 57 19 38 -2 27 0 0.00 M M 3.5 10 340 M M 0 14 350
28 61 21 41 2 24 0 0.00 M M 3.5 8 270 M M 0 10 10
29 62 22 42 3 23 0 0.00 M M 3.0 9 140 M M 0 11 130
30 60 24 42 3 23 0 0.00 0.0 0 3.3 9 340 M M 0 11 320
================================================================================
SM 1972 882 516 0 0.09 0.0 163.4 M 9
================================================================================
AV 65.7 29.4 5.4 FASTST M M 0 MAX(MPH)
MISC ----> # 22 240 28 250
================================================================================
NOTES:
# LAST OF SEVERAL OCCURRENCES
COLUMN 17 PEAK WIND IN M.P.H.
PRELIMINARY LOCAL CLIMATOLOGICAL DATA (WS FORM: F-6) , PAGE 2
STATION: WINSLOW AZ AIRPORT
MONTH: NOVEMBER
YEAR: 2021
LATITUDE: 35 1 N
LONGITUDE: 110 44 W
[TEMPERATURE DATA] [PRECIPITATION DATA] SYMBOLS USED IN COLUMN 16
AVERAGE MONTHLY: 47.6 TOTAL FOR MONTH: 0.09 1 = FOG OR MIST
DPTR FM NORMAL: 3.0 DPTR FM NORMAL: -0.39 2 = FOG REDUCING VISIBILITY
HIGHEST: 80 ON 6 GRTST 24HR 0.09 ON 23-23 TO 1/4 MILE OR LESS
LOWEST: 19 ON 27,25 3 = THUNDER
SNOW, ICE PELLETS, HAIL 4 = ICE PELLETS
TOTAL MONTH: 0.0 INCH 5 = HAIL
GRTST 24HR 0.0 6 = FREEZING RAIN OR DRIZZLE
GRTST DEPTH: 0 7 = DUSTSTORM OR SANDSTORM:
VSBY 1/2 MILE OR LESS
8 = SMOKE OR HAZE
[NO. OF DAYS WITH] [WEATHER - DAYS WITH] 9 = BLOWING SNOW
X = TORNADO
MAX 32 OR BELOW: 0 0.01 INCH OR MORE: 1
MAX 90 OR ABOVE: 0 0.10 INCH OR MORE: 0
MIN 32 OR BELOW: 19 0.50 INCH OR MORE: 0
MIN 0 OR BELOW: 0 1.00 INCH OR MORE: 0
[HDD (BASE 65) ]
TOTAL THIS MO. 516 CLEAR (SCALE 0-3) 29
DPTR FM NORMAL -96 PTCLDY (SCALE 4-7) 1
TOTAL FM JUL 1 835 CLOUDY (SCALE 8-10) 0
DPTR FM NORMAL -55
[CDD (BASE 65) ]
TOTAL THIS MO. 0
DPTR FM NORMAL 0 [PRESSURE DATA]
TOTAL FM JAN 1 1637 HIGHEST SLP M ON M
DPTR FM NORMAL 308 LOWEST SLP 29.89 ON 16
[REMARKS]
#FINAL-11-21#