000
CXUS55 KPSR 011005
CF6IPL
PRELIMINARY LOCAL CLIMATOLOGICAL DATA (WS FORM: F-6)
STATION: IMPERIAL CA
MONTH: JANUARY
YEAR: 2024
LATITUDE: 32 50 N
LONGITUDE: 115 35 W
TEMPERATURE IN F: :PCPN: SNOW: WIND :SUNSHINE: SKY :PK WND
================================================================================
1 2 3 4 5 6A 6B 7 8 9 10 11 12 13 14 15 16 17 18
12Z AVG MX 2MIN
DY MAX MIN AVG DEP HDD CDD WTR SNW DPTH SPD SPD DIR MIN PSBL S-S WX SPD DR
================================================================================
1 67 41 54 -1 11 0 0.00 0.0 0 6.1 12 330 M M 0 8 15 340
2 70 41 56 1 9 0 0.00 0.0 0 6.7 10 250 M M 0 13 260
3 66 44 55 0 10 0 T M M 8.5 25 330 M M 2 8 36 350
4 68 40 54 -1 11 0 0.00 M M 4.2 10 30 M M 0 14 300
5 67 38 53 -2 12 0 0.00 M M 4.4 10 270 M M 0 8 22 160
6 66 35 51 -4 14 0 0.00 M M 7.5 25 250 M M 0 36 240
7 63 43 53 -2 12 0 T M M 14.0 28 350 M M 1 8 49 350
8 60 37 49 -6 16 0 0.00 0.0 M 9.9 21 330 M M 0 40 360
9 62 34 48 -7 17 0 0.00 M M 4.5 9 250 M M 0 14 90
10 63 32 48 -8 17 0 0.00 M M 4.8 24 260 M M 0 35 270
11 63 39 51 -5 14 0 0.00 0.0 M 11.6 35 350 M M 2 8 56 350
12 62 32 47 -9 18 0 0.00 0.0 M 2.0 8 90 M M 0 15 70
13 64 34 49 -7 16 0 0.00 0.0 M 2.1 7 260 M M 0 11 120
14 69 38 54 -2 11 0 0.00 0.0 M 3.2 8 350 M M 0 11 80
15 71 40 56 0 9 0 0.00 M M 2.0 7 30 M M 0 11 20
16 73 42 58 2 7 0 0.00 M M 3.6 8 270 M M 0 11 60
17 71 43 57 1 8 0 0.00 M M 2.4 9 200 M M 0 12 200
18 73 43 58 2 7 0 0.00 M M 2.1 9 10 M M 0 10 10
19 74 46 60 4 5 0 0.00 M M 2.9 7 50 M M 0 9 90
20 70 51 61 5 4 0 0.00 M M 2.6 13 350 M M 3 19 350
21 66 53 60 4 5 0 M M M 3.7 10 120 M M 6 18 14 130
22 58 52 55 -2 10 0 M M M 6.4 20 10 M M 8 1 25 10
23 68 53 61 4 4 0 0.00 M M 2.9 9 50 M M 6 12 16 60
24 66 48 57 0 8 0 0.00 M M 3.6 9 260 M M 0 1 10 260
25 69 47 58 1 7 0 0.00 M M 4.5 10 50 M M 1 128 13 40
26 72 47 60 3 5 0 0.00 M M 5.2 13 360 M M 0 17 360
27 72 44 58 1 7 0 0.00 M M 4.8 9 270 M M 0 12 260
28 76 47 62 5 3 0 0.00 M M 5.5 10 260 M M 0 14 270
29 78 47 63 6 2 0 0.00 M M 5.6 8 270 M M 0 11 280
30 78 49 64 7 1 0 0.00 M M 2.6 8 110 M M 0 13 110
31 72 48 60 3 5 0 0.00 M M 1.9 8 100 M M 0 8 12 90
================================================================================
SM 2117 1328 285 0 T 0.0 151.8 M 29
================================================================================
AV 68.3 42.8 4.9 FASTST M M 1 MAX(MPH)
MISC ----> 35 350 56 350
================================================================================
NOTES:
# LAST OF SEVERAL OCCURRENCES
COLUMN 17 PEAK WIND IN M.P.H.
PRELIMINARY LOCAL CLIMATOLOGICAL DATA (WS FORM: F-6) , PAGE 2
STATION: IMPERIAL CA
MONTH: JANUARY
YEAR: 2024
LATITUDE: 32 50 N
LONGITUDE: 115 35 W
[TEMPERATURE DATA] [PRECIPITATION DATA] SYMBOLS USED IN COLUMN 16
AVERAGE MONTHLY: 55.6 TOTAL FOR MONTH: T 1 = FOG OR MIST
DPTR FM NORMAL: -0.4 DPTR FM NORMAL: -0.41 2 = FOG REDUCING VISIBILITY
HIGHEST: 78 ON 30,29 GRTST 24HR 0.41 ON 7- 7 TO 1/4 MILE OR LESS
LOWEST: 32 ON 12,10 3 = THUNDER
SNOW, ICE PELLETS, HAIL 4 = ICE PELLETS
TOTAL MONTH: 0.0 INCH 5 = HAIL
GRTST 24HR 0.0 6 = FREEZING RAIN OR DRIZZLE
GRTST DEPTH: 0 7 = DUSTSTORM OR SANDSTORM:
VSBY 1/2 MILE OR LESS
8 = SMOKE OR HAZE
[NO. OF DAYS WITH] [WEATHER - DAYS WITH] 9 = BLOWING SNOW
X = TORNADO
MAX 32 OR BELOW: 0 0.01 INCH OR MORE: 0
MAX 90 OR ABOVE: 0 0.10 INCH OR MORE: 0
MIN 32 OR BELOW: 2 0.50 INCH OR MORE: 0
MIN 0 OR BELOW: 0 1.00 INCH OR MORE: 0
[HDD (BASE 65) ]
TOTAL THIS MO. 285 CLEAR (SCALE 0-3) 28
DPTR FM NORMAL 5 PTCLDY (SCALE 4-7) 3
TOTAL FM JUL 1 577 CLOUDY (SCALE 8-10) 0
DPTR FM NORMAL -131
[CDD (BASE 65) ]
TOTAL THIS MO. 0
DPTR FM NORMAL -1 [PRESSURE DATA]
TOTAL FM JAN 1 0 HIGHEST SLP M ON M
DPTR FM NORMAL -1 LOWEST SLP 29.73 ON 22
[REMARKS]
#FINAL-01-24#