000
CXUS52 TJSJ 010433
CF6IST
PRELIMINARY LOCAL CLIMATOLOGICAL DATA (WS FORM: F-6)
STATION: CYRIL E. KING AP/ST THOMAS
MONTH: MAY
YEAR: 2022
LATITUDE: 18 19 N
LONGITUDE: 64 58 W
TEMPERATURE IN F: :PCPN: SNOW: WIND :SUNSHINE: SKY :PK WND
================================================================================
1 2 3 4 5 6A 6B 7 8 9 10 11 12 13 14 15 16 17 18
12Z AVG MX 2MIN
DY MAX MIN AVG DEP HDD CDD WTR SNW DPTH SPD SPD DIR MIN PSBL S-S WX SPD DR
================================================================================
1 82 76 79 -3 0 14 0.01 M M 8.6 20 120 M M 3 24 100
2 82 78 80 -2 0 15 0.00 M M 12.1 23 120 M M 2 29 110
3 86 75 81 -1 0 16 0.02 M M 11.1 20 50 M M 2 24 40
4 85 76 81 -1 0 16 0.00 M M 12.7 20 60 M M 1 29 40
5 83 75 79 -3 0 14 0.00 M M 11.2 20 130 M M 2 25 140
6 83 75 79 -3 0 14 0.00 M M 11.1 18 130 M M 1 23 130
7 84 75 80 -2 0 15 0.00 M M 10.5 16 130 M M 1 19 120
8 85 77 81 -1 0 16 0.02 M M 11.9 21 130 M M 6 1 24 120
9 84 77 81 -1 0 16 0.02 M M 9.9 16 130 M M 3 1 21 170
10 85 76 81 -1 0 16 T M M 11.7 18 120 M M 2 23 140
11 85 79 82 0 0 17 0.00 M M 14.7 20 120 M M 4 26 120
12 84 78 81 -1 0 16 T M M 15.3 24 130 M M 4 31 110
13 87 77 82 0 0 17 T M M 15.1 25 110 M M 2 31 130
14 86 76 81 -1 0 16 0.01 M M 15.1 24 120 M M 3 32 120
15 86 76 81 -1 0 16 T M M 13.1 21 140 M M 1 26 140
16 86 75 81 -1 0 16 0.03 M M 12.6 23 110 M M 5 31 110
17 86 78 82 0 0 17 T M M 10.9 20 120 M M 5 25 110
18 85 79 82 0 0 17 0.01 M M 10.6 17 120 M M 7 8 21 130
19 85 78 82 0 0 17 0.01 M M 10.0 17 130 M M 7 18 23 130
20 85 77 81 -2 0 16 0.00 M M 9.9 20 130 M M 6 8 24 140
21 88 77 83 0 0 18 0.00 M M 9.7 16 70 M M 3 24 10
22 88 78 83 0 0 18 T M M 9.5 17 140 M M 2 24 30
23 84 76 80 -3 0 15 0.74 M M 8.0 21 80 M M 4 1 27 80
24 86 75 81 -2 0 16 0.00 M M 10.3 18 130 M M 1 23 130
25 86 76 81 -2 0 16 0.00 M M 9.3 17 130 M M 3 23 130
26 88 77 83 0 0 18 T M M 10.9 18 90 M M 1 23 70
27 86 75 81 -2 0 16 0.00 M M 10.1 18 130 M M 3 23 140
28 87 77 82 -1 0 17 T M M 11.6 20 90 M M 2 25 130
29 88 77 83 0 0 18 T M M 11.6 20 130 M M 2 25 140
30 88 78 83 0 0 18 0.01 M M 11.5 22 90 M M 3 25 130
31 88 77 83 0 0 18 0.00 0.0 0 10.9 18 130 M M 4 23 130
================================================================================
SM 2651 2376 0 505 0.88 0.0 351.5 M 95
================================================================================
AV 85.5 76.6 11.3 FASTST M M 3 MAX(MPH)
MISC ----> 25 110 32 120
================================================================================
NOTES:
# LAST OF SEVERAL OCCURRENCES
COLUMN 17 PEAK WIND IN M.P.H.
PRELIMINARY LOCAL CLIMATOLOGICAL DATA (WS FORM: F-6) , PAGE 2
STATION: CYRIL E. KING AP/ST THOMAS
MONTH: MAY
YEAR: 2022
LATITUDE: 18 19 N
LONGITUDE: 64 58 W
[TEMPERATURE DATA] [PRECIPITATION DATA] SYMBOLS USED IN COLUMN 16
AVERAGE MONTHLY: 81.1 TOTAL FOR MONTH: 0.88 1 = FOG OR MIST
DPTR FM NORMAL: -1.2 DPTR FM NORMAL: -2.14 2 = FOG REDUCING VISIBILITY
HIGHEST: 88 ON 31,30 GRTST 24HR 0.74 ON 22-23 TO 1/4 MILE OR LESS
LOWEST: 75 ON 27,24 3 = THUNDER
SNOW, ICE PELLETS, HAIL 4 = ICE PELLETS
TOTAL MONTH: 0.0 INCH 5 = HAIL
GRTST 24HR 0.0 6 = FREEZING RAIN OR DRIZZLE
GRTST DEPTH: 0 7 = DUSTSTORM OR SANDSTORM:
VSBY 1/2 MILE OR LESS
8 = SMOKE OR HAZE
[NO. OF DAYS WITH] [WEATHER - DAYS WITH] 9 = BLOWING SNOW
X = TORNADO
MAX 32 OR BELOW: 0 0.01 INCH OR MORE: 10
MAX 90 OR ABOVE: 0 0.10 INCH OR MORE: 1
MIN 32 OR BELOW: 0 0.50 INCH OR MORE: 1
MIN 0 OR BELOW: 0 1.00 INCH OR MORE: 0
[HDD (BASE 65) ]
TOTAL THIS MO. 0 CLEAR (SCALE 0-3) 20
DPTR FM NORMAL 0 PTCLDY (SCALE 4-7) 11
TOTAL FM JUL 1 0 CLOUDY (SCALE 8-10) 0
DPTR FM NORMAL 0
[CDD (BASE 65) ]
TOTAL THIS MO. 505
DPTR FM NORMAL -33 [PRESSURE DATA]
TOTAL FM JAN 1 2130 HIGHEST SLP M ON M
DPTR FM NORMAL -133 LOWEST SLP 29.92 ON 10
[REMARKS]
#FINAL-05-22#