000
CXUS52 TJSJ 141730
CF6IST
PRELIMINARY LOCAL CLIMATOLOGICAL DATA (WS FORM: F-6)
STATION: CYRIL E. KING AP/ST THOMAS
MONTH: NOVEMBER
YEAR: 2020
LATITUDE: 18 19 N
LONGITUDE: 64 58 W
TEMPERATURE IN F: :PCPN: SNOW: WIND :SUNSHINE: SKY :PK WND
================================================================================
1 2 3 4 5 6A 6B 7 8 9 10 11 12 13 14 15 16 17 18
12Z AVG MX 2MIN
DY MAX MIN AVG DEP HDD CDD WTR SNW DPTH SPD SPD DIR MIN PSBL S-S WX SPD DR
================================================================================
1 89 80 85 3 0 20 0.16 0.0 0 12.3 21 90 M M 2 27 130
2 87 79 83 1 0 18 0.01 0.0 0 13.7 28 140 M M 6 1 35 150
3 87 78 83 1 0 18 0.00 0.0 0 10.8 21 160 M M 2 25 160
4 89 77 83 1 0 18 0.03 0.0 0 9.8 21 110 M M 2 8 25 110
5 88 78 83 1 0 18 0.01 0.0 0 10.9 23 80 M M 4 28 90
6 87 76 82 0 0 17 0.01 0.0 0 9.5 21 70 M M 1 26 80
7 87 79 83 1 0 18 T 0.0 0 9.7 17 110 M M 2 22 110
8 87 77 82 0 0 17 0.72 0.0 0 12.2 22 120 M M 5 1 29 120
9 87 79 83 1 0 18 0.15 0.0 0 12.0 23 90 M M 2 30 120
10 81 76 79 -2 0 14 3.31 0.0 0 11.2 22 140 M M 5 1 28 90
11 81 74 78 -3 0 13 1.06 0.0 0 11.0 22 110 M M 8 18 29 110
12 83 74 79 -2 0 14 1.27 0.0 0 9.5 24 110 M M 4 1 30 110
13 86 76 81 0 0 16 T 0.0 0 10.5 20 80 M M 1 24 70
14 86 77 82 1 0 17 T 0.0 0 8.8 17 80 M M 1 23 80
15 86 77 82 1 0 17 0.01 0.0 0 10.6 17 60 M M 2 27 50
16 87 75 81 0 0 16 0.24 0.0 M 8.6 23 90 M M 2 8 29 130
17 86 76 81 0 0 16 0.03 M M 10.6 18 110 M M 2 23 130
18 86 79 83 2 0 18 T M M 9.1 15 130 M M 1 19 120
19 87 77 82 1 0 17 0.01 0.0 0 9.3 16 60 M M 2 21 50
20 86 78 82 1 0 17 0.03 M M 10.2 24 120 M M 2 8 31 120
21 86 78 82 1 0 17 0.01 M M 13.3 24 110 M M 2 29 120
22 85 77 81 0 0 16 0.08 M M 16.1 23 130 M M 5 29 100
23 85 78 82 1 0 17 0.02 M M 13.3 21 130 M M 2 25 120
24 85 77 81 0 0 16 0.02 M M 8.0 20 140 M M 3 24 150
25 84 75 80 -1 0 15 1.50 M M 4.6 14 320 M M 4 1 18 200
26 85 76 81 1 0 16 0.00 M M 5.5 13 50 M M 1 17 90
27 85 74 80 0 0 15 0.00 M M 3.7 14 10 M M 1 19 30
28 85 74 80 0 0 15 0.09 M M 4.0 13 80 M M 3 17 80
29 86 75 81 1 0 16 T 0.0 0 6.1 15 40 M M 4 X 21 20
30 85 74 80 0 0 15 0.00 M M 9.1 18 30 M M 0 26 30
================================================================================
SM 2574 2300 0 495 8.77 0.0 294.0 M 81
================================================================================
AV 85.8 76.7 9.8 FASTST M M 3 MAX(MPH)
MISC ----> 28 140 35 150
================================================================================
NOTES:
# LAST OF SEVERAL OCCURRENCES
COLUMN 17 PEAK WIND IN M.P.H.
PRELIMINARY LOCAL CLIMATOLOGICAL DATA (WS FORM: F-6) , PAGE 2
STATION: CYRIL E. KING AP/ST THOMAS
MONTH: NOVEMBER
YEAR: 2020
LATITUDE: 18 19 N
LONGITUDE: 64 58 W
[TEMPERATURE DATA] [PRECIPITATION DATA] SYMBOLS USED IN COLUMN 16
AVERAGE MONTHLY: 81.2 TOTAL FOR MONTH: 8.77 1 = FOG OR MIST
DPTR FM NORMAL: 0.1 DPTR FM NORMAL: 3.54 2 = FOG REDUCING VISIBILITY
HIGHEST: 89 ON 4, 1 GRTST 24HR 3.82 ON 10-11 TO 1/4 MILE OR LESS
LOWEST: 74 ON 30,28 3 = THUNDER
SNOW, ICE PELLETS, HAIL 4 = ICE PELLETS
TOTAL MONTH: 0.0 INCH 5 = HAIL
GRTST 24HR 0.0 6 = FREEZING RAIN OR DRIZZLE
GRTST DEPTH: 0 7 = DUSTSTORM OR SANDSTORM:
VSBY 1/2 MILE OR LESS
8 = SMOKE OR HAZE
[NO. OF DAYS WITH] [WEATHER - DAYS WITH] 9 = BLOWING SNOW
X = TORNADO
MAX 32 OR BELOW: 0 0.01 INCH OR MORE: 21
MAX 90 OR ABOVE: 0 0.10 INCH OR MORE: 8
MIN 32 OR BELOW: 0 0.50 INCH OR MORE: 5
MIN 0 OR BELOW: 0 1.00 INCH OR MORE: 4
[HDD (BASE 65) ]
TOTAL THIS MO. 0 CLEAR (SCALE 0-3) 20
DPTR FM NORMAL 0 PTCLDY (SCALE 4-7) 9
TOTAL FM JUL 1 0 CLOUDY (SCALE 8-10) 1
DPTR FM NORMAL 0
[CDD (BASE 65) ]
TOTAL THIS MO. 495
DPTR FM NORMAL 12 [PRESSURE DATA]
TOTAL FM JAN 1 5932 HIGHEST SLP 30.06 ON 30
DPTR FM NORMAL 338 LOWEST SLP 29.81 ON 6
[REMARKS]
#FINAL-11-20#