000
CXUS53 KGRB 230639
CF6ISW
PRELIMINARY LOCAL CLIMATOLOGICAL DATA (WS FORM: F-6)
STATION: WISCONSIN RAPIDS ASOS
MONTH: SEPTEMBER
YEAR: 2021
LATITUDE: 44 22 N
LONGITUDE: 89 50 W
TEMPERATURE IN F: :PCPN: SNOW: WIND :SUNSHINE: SKY :PK WND
================================================================================
1 2 3 4 5 6A 6B 7 8 9 10 11 12 13 14 15 16 17 18
12Z AVG MX 2MIN
DY MAX MIN AVG DEP HDD CDD WTR SNW DPTH SPD SPD DIR MIN PSBL S-S WX SPD DR
================================================================================
1 77 52 65 0 0 0 0.00 0.0 0 4.2 14 20 M M 0 19 10
2 74 49 62 -3 3 0 0.00 0.0 0 5.5 12 130 M M 0 1 17 100
3 64 59 62 -3 3 0 0.28 0.0 0 5.7 12 120 M M 8 1 20 120
4 73 58 66 2 0 1 0.01 0.0 0 7.2 16 300 M M 7 1 23 320
5 76 53 65 1 0 0 0.00 0.0 0 7.0 18 290 M M 1 25 280
6 77 47 62 -2 3 0 0.00 0.0 0 2.3 13 290 M M 0 12 17 260
7 78 56 67 3 0 2 T 0.0 0 10.0 22 320 M M 3 3 33 260
8 73 52 63 0 2 0 T 0.0 0 9.5 23 300 M M 3 30 310
9 74 49 62 -1 3 0 0.00 0.0 0 1.9 10 290 M M 4 12 14 290
10 77 47 62 0 3 0 T 0.0 0 3.4 16 220 M M 1 12 19 230
11 83 56 70 8 0 5 0.00 0.0 0 6.5 16 270 M M 0 22 290
12 70 51 61 -1 4 0 T 0.0 0 4.3 12 30 M M 4 12 15 30
13 74 48 61 0 4 0 T 0.0 0 6.8 14 120 M M 4 13 22 120
14 70 55 63 2 2 0 0.13 0.0 0 8.9 24 180 M M 6 13 40 170
15 76 46 61 0 4 0 0.00 0.0 0 3.2 10 260 M M 1 12 16 290
16 80 51 66 6 0 1 0.00 0.0 0 8.7 20 180 M M 0 27 190
17 78 46 62 2 3 0 0.00 0.0 0 7.4 22 320 M M 1 31 310
18 76 41 59 -1 6 0 0.00 0.0 0 4.4 12 160 M M 0 1 17 170
19 87 54 71 12 0 6 0.00 0.0 0 7.2 17 210 M M 0 22 220
20 79 59 69 10 0 4 0.47 0.0 0 8.4 21 280 M M 5 13 32 280
21 70 46 58 0 7 0 0.00 0.0 0 8.0 20 300 M M 4 30 290
22 67 43 55 -3 10 0 0.00 0.0 0 6.2 17 360 M M 1 31 330
23 71 42 57 -1 8 0 0.00 0.0 0 6.3 17 340 M M 1 23 310
24 75 41 58 1 7 0 0.27 0.0 0 7.0 23 290 M M 3 1 35 320
25 65 43 54 -3 11 0 0.00 0.0 0 7.7 18 270 M M 3 29 280
26 75 41 58 2 7 0 0.00 0.0 0 3.3 14 200 M M 0 19 190
27 76 48 62 6 3 0 0.00 0.0 0 4.3 14 70 M M 0 1 18 80
28 74 45 60 5 5 0 0.00 0.0 0 3.9 12 100 M M 0 1 17 170
29 80 45 63 8 2 0 0.00 0.0 0 3.8 12 100 M M 0 1 15 100
30 82 52 67 13 0 2 0.00 0.0 0 4.1 10 100 M M 0 13 100
================================================================================
SM 2251 1475 100 21 1.16 0.0 177.1 M 60
================================================================================
AV 75.0 49.2 5.9 FASTST M M 2 MAX(MPH)
MISC ----> 24 180 40 170
================================================================================
NOTES:
# LAST OF SEVERAL OCCURRENCES
COLUMN 17 PEAK WIND IN M.P.H.
PRELIMINARY LOCAL CLIMATOLOGICAL DATA (WS FORM: F-6) , PAGE 2
STATION: WISCONSIN RAPIDS ASOS
MONTH: SEPTEMBER
YEAR: 2021
LATITUDE: 44 22 N
LONGITUDE: 89 50 W
[TEMPERATURE DATA] [PRECIPITATION DATA] SYMBOLS USED IN COLUMN 16
AVERAGE MONTHLY: 62.1 TOTAL FOR MONTH: 1.16 1 = FOG OR MIST
DPTR FM NORMAL: 1.8 DPTR FM NORMAL: -2.27 2 = FOG REDUCING VISIBILITY
HIGHEST: 87 ON 19 GRTST 24HR 0.47 ON 20-20 TO 1/4 MILE OR LESS
LOWEST: 41 ON 26,24 3 = THUNDER
SNOW, ICE PELLETS, HAIL 4 = ICE PELLETS
TOTAL MONTH: 0.0 INCH 5 = HAIL
GRTST 24HR 0.0 6 = FREEZING RAIN OR DRIZZLE
GRTST DEPTH: 0 7 = DUSTSTORM OR SANDSTORM:
VSBY 1/2 MILE OR LESS
8 = SMOKE OR HAZE
[NO. OF DAYS WITH] [WEATHER - DAYS WITH] 9 = BLOWING SNOW
X = TORNADO
MAX 32 OR BELOW: 0 0.01 INCH OR MORE: 5
MAX 90 OR ABOVE: 0 0.10 INCH OR MORE: 4
MIN 32 OR BELOW: 0 0.50 INCH OR MORE: 0
MIN 0 OR BELOW: 0 1.00 INCH OR MORE: 0
[HDD (BASE 65) ]
TOTAL THIS MO. 100 CLEAR (SCALE 0-3) 22
DPTR FM NORMAL -86 PTCLDY (SCALE 4-7) 8
TOTAL FM JUL 1 107 CLOUDY (SCALE 8-10) 0
DPTR FM NORMAL -125
[CDD (BASE 65) ]
TOTAL THIS MO. 21
DPTR FM NORMAL -23 [PRESSURE DATA]
TOTAL FM JAN 1 653 HIGHEST SLP 30.32 ON 22
DPTR FM NORMAL 155 LOWEST SLP 29.63 ON 7
[REMARKS]
#FINAL-09-21#