000
CXUS52 TJSJ 010438
CF6ISX
PRELIMINARY LOCAL CLIMATOLOGICAL DATA (WS FORM: F-6)
STATION: HENRY E. ROHLSEN AP/ST CROIX
MONTH: FEBRUARY
YEAR: 2022
LATITUDE: 17 42 N
LONGITUDE: 64 48 W
TEMPERATURE IN F: :PCPN: SNOW: WIND :SUNSHINE: SKY :PK WND
================================================================================
1 2 3 4 5 6A 6B 7 8 9 10 11 12 13 14 15 16 17 18
12Z AVG MX 2MIN
DY MAX MIN AVG DEP HDD CDD WTR SNW DPTH SPD SPD DIR MIN PSBL S-S WX SPD DR
================================================================================
1 85 70 78 0 0 13 0.00 M M 7.4 15 100 M M 1 19 110
2 86 74 80 2 0 15 T M M 10.3 21 100 M M 2 25 100
3 85 72 79 1 0 14 1.00 M M 6.9 17 60 M M 4 8 22 60
4 84 71 78 0 0 13 1.69 M M 7.7 20 60 M M 5 23 50
5 82 69 76 -2 0 11 0.44 M M 8.7 21 50 M M 4 1 27 70
6 83 72 78 0 0 13 0.23 M M 11.4 28 90 M M 6 1 34 100
7 84 73 79 1 0 14 0.54 M M 13.8 25 90 M M 6 1 31 80
8 85 73 79 1 0 14 T M M 11.2 21 80 M M 4 28 90
9 85 72 79 1 0 14 0.01 M M 10.1 25 90 M M 6 1 33 90
10 86 72 79 1 0 14 0.00 M M 10.4 23 100 M M 3 35 100
11 85 74 80 2 0 15 0.02 M M 15.9 26 100 M M 6 33 90
12 83 72 78 0 0 13 0.12 M M 11.6 28 80 M M 8 1 35 80
13 84 74 79 1 0 14 T M M 11.9 22 80 M M 6 25 80
14 84 71 78 0 0 13 0.00 M M 10.4 18 100 M M 3 24 90
15 86 72 79 1 0 14 0.00 M M 11.7 22 100 M M 2 27 100
16 85 74 80 2 0 15 0.00 M M 15.0 25 100 M M 3 1 29 100
17 84 75 80 2 0 15 0.00 M M 13.4 23 80 M M 2 28 80
18 84 73 79 1 0 14 0.05 M M 11.2 24 90 M M 4 18 30 90
19 85 70 78 0 0 13 0.01 M M 9.1 20 60 M M 3 8 24 50
20 84 71 78 0 0 13 0.19 M M 11.2 23 70 M M 4 18 30 70
21 84 76 80 2 0 15 0.08 M M 10.5 21 110 M M 4 25 100
22 85 73 79 1 0 14 T M M 11.0 18 60 M M 3 25 40
23 84 72 78 0 0 13 0.14 M M 8.3 18 50 M M 3 1 25 50
24 83 70 77 -1 0 12 0.12 M M 8.9 20 40 M M 3 1 26 50
25 84 69 77 -1 0 12 0.00 M M 9.0 18 90 M M 2 24 110
26 84 69 77 -1 0 12 0.22 M M 9.4 17 60 M M 3 22 80
27 84 71 78 0 0 13 0.00 M M 9.3 17 100 M M 3 21 110
28 85 71 78 0 0 13 0.00 0.0 0 9.1 18 90 M M 4 25 80
================================================================================
SM 2362 2015 0 378 4.86 0.0 294.8 M 107
================================================================================
AV 84.4 72.0 10.5 FASTST M M 4 MAX(MPH)
MISC ----> # 28 90 # 35 100
================================================================================
NOTES:
# LAST OF SEVERAL OCCURRENCES
COLUMN 17 PEAK WIND IN M.P.H.
PRELIMINARY LOCAL CLIMATOLOGICAL DATA (WS FORM: F-6) , PAGE 2
STATION: HENRY E. ROHLSEN AP/ST CROIX
MONTH: FEBRUARY
YEAR: 2022
LATITUDE: 17 42 N
LONGITUDE: 64 48 W
[TEMPERATURE DATA] [PRECIPITATION DATA] SYMBOLS USED IN COLUMN 16
AVERAGE MONTHLY: 78.2 TOTAL FOR MONTH: 4.86 1 = FOG OR MIST
DPTR FM NORMAL: 0.2 DPTR FM NORMAL: 3.51 2 = FOG REDUCING VISIBILITY
HIGHEST: 86 ON 15,10 GRTST 24HR 1.69 ON 4- 4 TO 1/4 MILE OR LESS
LOWEST: 69 ON 26,25 3 = THUNDER
SNOW, ICE PELLETS, HAIL 4 = ICE PELLETS
TOTAL MONTH: 0.0 INCH 5 = HAIL
GRTST 24HR 0.0 6 = FREEZING RAIN OR DRIZZLE
GRTST DEPTH: 0 7 = DUSTSTORM OR SANDSTORM:
VSBY 1/2 MILE OR LESS
8 = SMOKE OR HAZE
[NO. OF DAYS WITH] [WEATHER - DAYS WITH] 9 = BLOWING SNOW
X = TORNADO
MAX 32 OR BELOW: 0 0.01 INCH OR MORE: 15
MAX 90 OR ABOVE: 0 0.10 INCH OR MORE: 10
MIN 32 OR BELOW: 0 0.50 INCH OR MORE: 3
MIN 0 OR BELOW: 0 1.00 INCH OR MORE: 2
[HDD (BASE 65) ]
TOTAL THIS MO. 0 CLEAR (SCALE 0-3) 12
DPTR FM NORMAL 0 PTCLDY (SCALE 4-7) 16
TOTAL FM JUL 1 0 CLOUDY (SCALE 8-10) 0
DPTR FM NORMAL 0
[CDD (BASE 65) ]
TOTAL THIS MO. 378
DPTR FM NORMAL 14 [PRESSURE DATA]
TOTAL FM JAN 1 805 HIGHEST SLP M ON M
DPTR FM NORMAL 47 LOWEST SLP 29.94 ON 5
[REMARKS]
#FINAL-02-22#