000
CXUS55 KRIW 010945
CF6JAC
PRELIMINARY LOCAL CLIMATOLOGICAL DATA (WS FORM: F-6)
STATION: JACKSON WY
MONTH: MARCH
YEAR: 2020
LATITUDE: 43 35 N
LONGITUDE: 110 44 W
TEMPERATURE IN F: :PCPN: SNOW: WIND :SUNSHINE: SKY :PK WND
================================================================================
1 2 3 4 5 6A 6B 7 8 9 10 11 12 13 14 15 16 17 18
12Z AVG MX 2MIN
DY MAX MIN AVG DEP HDD CDD WTR SNW DPTH SPD SPD DIR MIN PSBL S-S WX SPD DR
================================================================================
1 33 7 20 -2 45 0 0.05 M M 8.8 20 10 M M 8 1 M M
2 34 -2 16 -6 49 0 T M M 11.0 22 200 M M 5 18 30 230
3 39 26 33 10 32 0 0.00 M M 13.3 23 190 M M 9 8 30 180
4 41 30 36 13 29 0 0.00 M M 20.9 31 230 M M 7 46 240
5 43 10 27 4 38 0 0.00 M M 7.6 15 30 M M 0 M M
6 48 14 31 7 34 0 0.00 M M 6.5 16 200 M M 1 M M
7 47 15 31 7 34 0 T M M 5.4 10 200 M M 6 35 180
8 39 26 33 8 32 0 0.04 M M 9.1 16 210 M M 6 1 M M
9 38 25 32 7 33 0 0.02 M M 9.9 16 210 M M 9 M M
10 37 27 32 7 33 0 T M M 10.5 17 230 M M 9 31 220
11 43 23 33 7 32 0 0.00 M M 14.8 29 270 M M 3 48 220
12 38 16 27 1 38 0 T M M 9.5 22 270 M M 4 33 280
13 38 7 23 -3 42 0 0.00 M M 5.9 14 20 M M 0 M M
14 36 23 30 3 35 0 0.98 M M 6.9 13 230 M M 10 12 M M
15 39 29 34 7 31 0 0.29 M M 2.8 8 160 M M 10 12 M M
16 39 24 32 4 33 0 0.15 M M 5.9 12 20 M M 5 1 M M
17 45 18 32 4 33 0 T M M 4.0 12 10 M M 4 12 M M
18 39 25 32 4 33 0 0.01 M M 8.7 16 20 M M 7 1 M M
19 41 19 30 2 35 0 0.01 M M 11.9 28 20 M M 5 1 31 20
20 38 27 33 4 32 0 0.01 M M 4.7 12 200 M M 9 1 M M
21 38 23 31 2 34 0 0.09 M M 4.5 8 190 M M 9 12 M M
22 39 25 32 2 33 0 0.07 M M 7.6 20 250 M M 7 1 25 250
23 41 22 32 2 33 0 T M M 6.8 18 180 M M 8 24 200
24 38 28 33 3 32 0 T M M 11.8 20 200 M M 10 18 30 230
25 35 26 31 1 34 0 T M M 13.1 20 230 M M 8 23 290
26 31 15 23 -8 42 0 0.00 M M 7.1 13 250 M M 5 22 250
27 33 4 19 -12 46 0 T M M 6.4 12 230 M M 4 1 M M
28 35 21 28 -3 37 0 T M M 6.0 15 230 M M 10 1 M M
29 40 25 33 1 32 0 T M M 3.9 14 200 M M 8 8 M M
30 39 26 33 1 32 0 0.01 M M 9.4 17 210 M M 9 1 M M
31 39 31 35 3 30 0 0.17 M M 13.4 22 180 M M 10 1 27 180
================================================================================
SM 1203 635 1088 0 1.90 M 268.1 M 205
================================================================================
AV 38.8 20.5 8.6 FASTST M M 7 MAX(MPH)
MISC ----> # 31 230 # 48 220
================================================================================
NOTES:
# LAST OF SEVERAL OCCURRENCES
COLUMN 17 PEAK WIND IN M.P.H.
PRELIMINARY LOCAL CLIMATOLOGICAL DATA (WS FORM: F-6) , PAGE 2
STATION: JACKSON WY
MONTH: MARCH
YEAR: 2020
LATITUDE: 43 35 N
LONGITUDE: 110 44 W
[TEMPERATURE DATA] [PRECIPITATION DATA] SYMBOLS USED IN COLUMN 16
AVERAGE MONTHLY: 29.7 TOTAL FOR MONTH: 1.90 1 = FOG OR MIST
DPTR FM NORMAL: 2.2 DPTR FM NORMAL: 0.28 2 = FOG REDUCING VISIBILITY
HIGHEST: 48 ON 6 GRTST 24HR 0.98 ON 14-14 TO 1/4 MILE OR LESS
LOWEST: -2 ON 2 3 = THUNDER
SNOW, ICE PELLETS, HAIL 4 = ICE PELLETS
TOTAL MONTH: M 5 = HAIL
GRTST 24HR M ON M 6 = FREEZING RAIN OR DRIZZLE
GRTST DEPTH: M ON M 7 = DUSTSTORM OR SANDSTORM:
VSBY 1/2 MILE OR LESS
8 = SMOKE OR HAZE
[NO. OF DAYS WITH] [WEATHER - DAYS WITH] 9 = BLOWING SNOW
X = TORNADO
MAX 32 OR BELOW: 1 0.01 INCH OR MORE: 13
MAX 90 OR ABOVE: 0 0.10 INCH OR MORE: 4
MIN 32 OR BELOW: 31 0.50 INCH OR MORE: 1
MIN 0 OR BELOW: 1 1.00 INCH OR MORE: 0
[HDD (BASE 65) ]
TOTAL THIS MO. 1088 CLEAR (SCALE 0-3) 4
DPTR FM NORMAL -79 PTCLDY (SCALE 4-7) 15
TOTAL FM JUL 1 8044 CLOUDY (SCALE 8-10) 12
DPTR FM NORMAL -247
[CDD (BASE 65) ]
TOTAL THIS MO. 0
DPTR FM NORMAL 0 [PRESSURE DATA]
TOTAL FM JAN 1 0 HIGHEST SLP 30.41 ON 6
DPTR FM NORMAL 0 LOWEST SLP 29.76 ON 18
[REMARKS]
#FINAL-03-20#