000
CXUS54 KJAN 190918
CF6JAN
PRELIMINARY LOCAL CLIMATOLOGICAL DATA (WS FORM: F-6)
STATION: JACKSON
MONTH: MARCH
YEAR: 2023
LATITUDE: 32 19 N
LONGITUDE: 90 5 W
TEMPERATURE IN F: :PCPN: SNOW: WIND :SUNSHINE: SKY :PK WND
================================================================================
1 2 3 4 5 6A 6B 7 8 9 10 11 12 13 14 15 16 17 18
12Z AVG MX 2MIN
DY MAX MIN AVG DEP HDD CDD WTR SNW DPTH SPD SPD DIR MIN PSBL S-S WX SPD DR
================================================================================
1 86 67 77 23 0 12 0.00 0.0 0 11.0 21 180 M M 5 18 28 180
2 77 69 73 18 0 8 T 0.0 0 9.2 17 160 M M 8 26 120
3 75 55 65 10 0 0 0.14 0.0 0 15.0 35 260 M M 4 58 260
4 73 47 60 5 5 0 0.00 0.0 0 3.0 13 330 M M 2 20 350
5 79 45 62 7 3 0 0.00 0.0 0 3.9 12 170 M M 0 20 130
6 83 50 67 11 0 2 0.00 0.0 0 4.2 16 200 M M 4 128 20 220
7 84 63 74 18 0 9 0.00 0.0 0 3.7 10 20 M M 5 18 15 30
8 84 59 72 16 0 7 0.08 0.0 0 5.5 17 20 M M 5 8 22 20
9 83 58 71 15 0 6 0.00 0.0 0 3.0 14 210 M M 5 18 17 210
10 69 50 60 4 5 0 0.13 0.0 0 6.4 17 350 M M 7 18 23 340
11 77 47 62 5 3 0 0.00 0.0 0 7.3 18 190 M M 5 28 170
12 69 49 59 2 6 0 1.56 0.0 0 10.2 21 330 M M 10 13 29 340
13 60 43 52 -5 13 0 0.00 0.0 0 11.7 21 350 M M 1 29 360
14 58 39 49 -9 16 0 0.00 0.0 0 8.4 18 40 M M 2 25 20
15 65 35 50 -8 15 0 0.00 0.0 0 4.0 14 100 M M 1 18 110
16 76 40 58 0 7 0 T 0.0 0 12.4 23 180 M M 4 33 180
17 66 42 54 -4 11 0 0.66 0.0 0 11.0 24 180 M M 7 13 35 180
18 54 40 47 -11 18 0 0.00 0.0 0 10.4 21 360 M M 4 28 20
19 45 30 38 -21 27 0 0.00 0.0 0 10.6 22 340 M M 1 29 340
20 58 25 42 -17 23 0 0.00 0.0 0 3.6 12 140 M M 1 15 110
21 71 37 54 -5 11 0 0.00 0.0 0 10.6 18 150 M M 4 29 180
22 83 53 68 9 0 3 0.00 0.0 0 9.9 16 220 M M 6 25 210
23 86 58 72 12 0 7 0.00 0.0 0 10.4 21 170 M M 3 1 29 170
24 85 69 77 17 0 12 0.10 0.0 0 14.9 29 190 M M 9 138 39 180
25 85 58 72 12 0 7 0.24 0.0 0 6.0 23 250 M M 1 138 31 230
26 85 59 72 12 0 7 2.13 0.0 0 4.8 41 340 M M 7 1238 53 340
27 80 59 70 10 0 5 T 0.0 0 6.6 14 360 M M 4 1 22 310
28 74 53 64 3 1 0 0.00 0.0 0 10.4 22 350 M M 5 30 310
29 68 47 58 -3 7 0 0.00 0.0 0 5.3 13 30 M M 2 18 30
30 79 43 61 0 4 0 0.00 0.0 0 7.6 17 170 M M 2 23 190
31 82 63 73 12 0 8 0.01 0.0 0 14.4 25 190 M M 7 35 190
================================================================================
SM 2299 1552 175 93 5.05 0.0 255.4 M 131
================================================================================
AV 74.2 50.1 8.2 FASTST M M 4 MAX(MPH)
MISC ----> 41 340 58 260
================================================================================
NOTES:
# LAST OF SEVERAL OCCURRENCES
COLUMN 17 PEAK WIND IN M.P.H.
PRELIMINARY LOCAL CLIMATOLOGICAL DATA (WS FORM: F-6) , PAGE 2
STATION: JACKSON
MONTH: MARCH
YEAR: 2023
LATITUDE: 32 19 N
LONGITUDE: 90 5 W
[TEMPERATURE DATA] [PRECIPITATION DATA] SYMBOLS USED IN COLUMN 16
AVERAGE MONTHLY: 62.1 TOTAL FOR MONTH: 5.05 1 = FOG OR MIST
DPTR FM NORMAL: 4.2 DPTR FM NORMAL: -0.63 2 = FOG REDUCING VISIBILITY
HIGHEST: 86 ON 1,23 GRTST 24HR 2.13 ON 26-26 TO 1/4 MILE OR LESS
LOWEST: 25 ON 20 3 = THUNDER
SNOW, ICE PELLETS, HAIL 4 = ICE PELLETS
TOTAL MONTH: 0.0 INCH 5 = HAIL
GRTST 24HR 0.0 6 = FREEZING RAIN OR DRIZZLE
GRTST DEPTH: 0 7 = DUSTSTORM OR SANDSTORM:
VSBY 1/2 MILE OR LESS
8 = SMOKE OR HAZE
[NO. OF DAYS WITH] [WEATHER - DAYS WITH] 9 = BLOWING SNOW
X = TORNADO
MAX 32 OR BELOW: 0 0.01 INCH OR MORE: 9
MAX 90 OR ABOVE: 0 0.10 INCH OR MORE: 7
MIN 32 OR BELOW: 2 0.50 INCH OR MORE: 3
MIN 0 OR BELOW: 0 1.00 INCH OR MORE: 2
[HDD (BASE 65) ]
TOTAL THIS MO. 175 CLEAR (SCALE 0-3) 11
DPTR FM NORMAL -78 PTCLDY (SCALE 4-7) 18
TOTAL FM JUL 1 1559 CLOUDY (SCALE 8-10) 2
DPTR FM NORMAL -557
[CDD (BASE 65) ]
TOTAL THIS MO. 93
DPTR FM NORMAL 60 [PRESSURE DATA]
TOTAL FM JAN 1 188 HIGHEST SLP 30.49 ON 19
DPTR FM NORMAL 142 LOWEST SLP 29.32 ON 3
[REMARKS]
#FINAL-03-23#