000
CXUS53 KJKL 011602
CF6JKL
PRELIMINARY LOCAL CLIMATOLOGICAL DATA (WS FORM: F-6)
STATION: JACKSON KY
MONTH: DECEMBER
YEAR: 2022
LATITUDE: 37 35 N
LONGITUDE: 83 19 W
TEMPERATURE IN F: :PCPN: SNOW: WIND :SUNSHINE: SKY :PK WND
================================================================================
1 2 3 4 5 6A 6B 7 8 9 10 11 12 13 14 15 16 17 18
12Z AVG MX 2MIN
DY MAX MIN AVG DEP HDD CDD WTR SNW DPTH SPD SPD DIR MIN PSBL S-S WX SPD DR
================================================================================
1 43 25 34 -9 31 0 0.00 0.0 0 2.3 10 270 M M 0 16 270
2 58 31 45 2 20 0 0.06 0.0 0 6.4 15 190 M M 5 28 180
3 61 36 49 6 16 0 0.22 0.0 0 7.9 18 190 M M 7 13 38 170
4 42 28 35 -7 30 0 0.00 0.0 0 2.1 7 40 M M 0 12 30
5 50 31 41 -1 24 0 0.01 0.0 0 2.9 6 210 M M 5 11 180
6 60 49 55 13 10 0 0.71 0.0 0 5.5 10 190 M M 10 1 17 220
7 65 54 60 18 5 0 0.89 0.0 0 2.7 10 120 M M 8 12 21 120
8 54 47 51 10 14 0 0.33 0.0 0 2.5 10 30 M M 10 12 24 40
9 52 47 50 9 15 0 0.01 0.0 0 1.1 8 280 M M 10 12 14 290
10 52 45 49 8 16 0 T 0.0 0 1.1 9 310 M M 9 12 13 300
11 49 42 46 5 19 0 T 0.0 0 2.3 8 300 M M 10 12 11 300
12 48 35 42 2 23 0 0.00 0.0 0 4.4 8 60 M M 5 14 50
13 51 31 41 1 24 0 0.00 0.0 0 4.6 9 60 M M 1 15 40
14 56 44 50 10 15 0 0.86 0.0 0 4.8 13 130 M M 10 1 18 120
15 56 42 49 9 16 0 0.31 0.0 0 6.3 15 280 M M 7 1 25 250
16 46 36 41 1 24 0 0.00 0.0 0 6.6 15 230 M M 6 30 260
17 44 30 37 -2 28 0 T T 0 6.9 14 260 M M 6 4 27 220
18 35 25 30 -9 35 0 T T 0 5.5 16 280 M M 6 4 27 280
19 39 22 31 -8 34 0 0.00 0.0 0 2.0 7 80 M M 2 14 80
20 45 30 38 -1 27 0 0.00 0.0 0 2.3 8 50 M M 6 13 50
21 50 29 40 2 25 0 T T 0 3.2 7 50 M M 2 4 12 80
22 51 39 45 7 20 0 0.04 0.0 0 4.1 14 190 M M 10 1 23 170
23 44 -3 21 -17 44 0 0.24 1.1 1 11.2 25 270 M M 10 129 47 260
24 13 -2 6 -32 59 0 T T 1 8.2 15 230 M M 6 9 28 210
25 25 9 17 -21 48 0 0.00 0.0 1 7.5 13 250 M M 0 22 220
26 28 15 22 -16 43 0 T T 1 4.2 8 230 M M 7 12 170
27 38 27 33 -4 32 0 0.00 0.0 1 2.8 8 200 M M 7 14 200
28 55 31 43 6 22 0 0.00 0.0 T 6.7 13 180 M M 0 21 200
29 67 43 55 18 10 0 0.00 0.0 T 6.4 14 180 M M 4 26 210
30 69 51 60 23 5 0 0.00 0.0 0 5.4 12 190 M M 1 23 170
31 60 50 55 18 10 0 0.01 0.0 0 4.6 10 250 M M 9 1 19 210
================================================================================
SM 1506 1019 744 0 3.69 1.1 144.5 M 179
================================================================================
AV 48.6 32.9 4.7 FASTST M M 6 MAX(MPH)
MISC ----> 25 270 47 260
================================================================================
NOTES:
# LAST OF SEVERAL OCCURRENCES
COLUMN 17 PEAK WIND IN M.P.H.
PRELIMINARY LOCAL CLIMATOLOGICAL DATA (WS FORM: F-6) , PAGE 2
STATION: JACKSON KY
MONTH: DECEMBER
YEAR: 2022
LATITUDE: 37 35 N
LONGITUDE: 83 19 W
[TEMPERATURE DATA] [PRECIPITATION DATA] SYMBOLS USED IN COLUMN 16
AVERAGE MONTHLY: 40.7 TOTAL FOR MONTH: 3.69 1 = FOG OR MIST
DPTR FM NORMAL: 1.0 DPTR FM NORMAL: -0.78 2 = FOG REDUCING VISIBILITY
HIGHEST: 69 ON 30 GRTST 24HR 1.29 ON 6- 7 TO 1/4 MILE OR LESS
LOWEST: -3 ON 23 3 = THUNDER
SNOW, ICE PELLETS, HAIL 4 = ICE PELLETS
TOTAL MONTH: 1.1 INCHES 5 = HAIL
GRTST 24HR 1.1 ON 23-23 6 = FREEZING RAIN OR DRIZZLE
GRTST DEPTH: 1 ON 27,26 7 = DUSTSTORM OR SANDSTORM:
VSBY 1/2 MILE OR LESS
8 = SMOKE OR HAZE
[NO. OF DAYS WITH] [WEATHER - DAYS WITH] 9 = BLOWING SNOW
X = TORNADO
MAX 32 OR BELOW: 3 0.01 INCH OR MORE: 12
MAX 90 OR ABOVE: 0 0.10 INCH OR MORE: 7
MIN 32 OR BELOW: 16 0.50 INCH OR MORE: 3
MIN 0 OR BELOW: 2 1.00 INCH OR MORE: 0
[HDD (BASE 65) ]
TOTAL THIS MO. 744 CLEAR (SCALE 0-3) 8
DPTR FM NORMAL -41 PTCLDY (SCALE 4-7) 13
TOTAL FM JUL 1 1522 CLOUDY (SCALE 8-10) 10
DPTR FM NORMAL -46
[CDD (BASE 65) ]
TOTAL THIS MO. 0
DPTR FM NORMAL 0 [PRESSURE DATA]
TOTAL FM JAN 1 1385 HIGHEST SLP 30.59 ON 1
DPTR FM NORMAL 150 LOWEST SLP 29.44 ON 23
[REMARKS]
#FINAL-12-22#