000
CXUS53 KSGF 010800
CF6JLN
PRELIMINARY LOCAL CLIMATOLOGICAL DATA (WS FORM: F-6)

                                          STATION:   JOPLIN MO
                                          MONTH:     MARCH
                                          YEAR:      2018
                                          LATITUDE:   37 10 N
                                          LONGITUDE:  94 30 W

  TEMPERATURE IN F:       :PCPN:    SNOW:  WIND      :SUNSHINE: SKY     :PK WND
================================================================================
1   2   3   4   5  6A  6B    7    8   9   10  11  12  13   14  15   16   17  18
                                     12Z  AVG MX 2MIN
DY MAX MIN AVG DEP HDD CDD  WTR  SNW DPTH SPD SPD DIR MIN PSBL S-S WX    SPD DR
================================================================================

 1  56  32  44   0  21   0    T    M    M 10.4 23 350   M    M   4 1      29 340
 2  64  27  46   2  19   0 0.00    M    M  6.7 16 140   M    M   0        21 130
 3  69  41  55  10  10   0 0.00    M    M 10.1 20 170   M    M   1 8      27 130
 4  59  45  52   7  13   0 0.21    M    M 13.3 22 150   M    M   8 13     33 160
 5  62  39  51   5  14   0 0.00    M    M 16.1 31 280   M    M   5        41 270
 6  52  34  43  -3  22   0 0.00    M    M 18.5 37 300   M    M   4        51 280
 7  48  30  39  -7  26   0 0.00    M    M 11.5 22 330   M    M   5        31 290
 8  53  22  38  -8  27   0 0.00    M    M  4.1 14 350   M    M   0        17 350
 9  69  34  52   5  13   0 0.00    M    M  9.5 22 210   M    M   0        30 210
10  67  34  51   4  14   0 0.00    M    M  6.1 14  80   M    M   0 18     21  80
11  47  39  43  -4  22   0 0.00    M    M 12.8 23 330   M    M   7 1      31 350
12  40  28  34 -14  31   0 0.00    M    M  5.2 13 310   M    M   5 1      16 310
13  53  25  39  -9  26   0 0.00    M    M  4.8 16 340   M    M   0 1      23 340
14  61  24  43  -5  22   0 0.00    M    M  7.8 18 210   M    M   0        27 220
15  75  48  62  13   3   0 0.00    M    M 15.8 26 210   M    M   0        35 210
16  77  50  64  15   1   0    T    M    M 14.8 32 210   M    M   4        45 210
17  57  37  47  -2  18   0 0.00    M    M  9.3 14 320   M    M   1        20 290
18  63  36  50   0  15   0 0.11    M    M  7.1 14 110   M    M   1 138    20 110
19  58  42  50   0  15   0 0.18    M    M 12.1 22 220   M    M   9 13     28 220
20  53  36  45  -5  20   0 0.02    M    M 10.7 22 320   M    M   9 1      28 320
21  56  30  43  -7  22   0 0.00    M    M  4.6 17 320   M    M   0        22 340
22  72  38  55   4  10   0 0.00    M    M 10.0 22 190   M    M   3 8      29 160
23  72  57  65  14   0   0 0.00    M    M 13.9 26 180   M    M   6        34 180
24  69  39  54   3  11   0 0.00    M    M 14.9 31 210   M    M   4        46 200
25  60  38  49  -3  16   0 0.07    M    M  9.4 17 110   M    M   6 13     26 120
26  66  47  57   5   8   0 0.33    M    M 12.4 21 190   M    M   9 13     28 130
27  61  44  53   1  12   0 1.34    M    M  8.7 17 350   M    M  10 13     22 340
28  57  43  50  -3  15   0 0.04    M    M  4.8 13 140   M    M  10 12     15 160
29  53  42  48  -5  17   0    T    M    M 11.1 21 360   M    M   9 1      27  10
30  59  33  46  -7  19   0 0.00    M    M  4.0 13 180   M    M   2 1      17 180
31  69  41  55   1  10   0    T    M    M 14.4 31 210   M    M   5        40 200
================================================================================
SM 1877 1155       492   0  2.30    M    314.9          M      127
================================================================================
AV 60.6 37.3                              10.2 FASTST   M    M   4    MAX(MPH)
                                 MISC ---->  # 37 300               # 51  280
================================================================================
NOTES:
# LAST OF SEVERAL OCCURRENCES

COLUMN 17 PEAK WIND IN M.P.H.

PRELIMINARY LOCAL CLIMATOLOGICAL DATA (WS FORM: F-6) , PAGE 2

                                          STATION:  JOPLIN MO
                                          MONTH:    MARCH
                                          YEAR:     2018
                                          LATITUDE:   37 10 N
                                          LONGITUDE:  94 30 W

[TEMPERATURE DATA]      [PRECIPITATION DATA]       SYMBOLS USED IN COLUMN 16

AVERAGE MONTHLY: 48.9   TOTAL FOR MONTH:   2.30    1 = FOG OR MIST
DPTR FM NORMAL:   0.0   DPTR FM NORMAL:   -1.12    2 = FOG REDUCING VISIBILITY
HIGHEST:    77 ON 16    GRTST 24HR  1.34 ON 27-27      TO 1/4 MILE OR LESS
LOWEST:     22 ON  8                               3 = THUNDER
                        SNOW, ICE PELLETS, HAIL    4 = ICE PELLETS
                        TOTAL MONTH:    M          5 = HAIL
                        GRTST 24HR    M  ON   M    6 = FREEZING RAIN OR DRIZZLE
                        GRTST DEPTH:  M  ON   M    7 = DUSTSTORM OR SANDSTORM:
                                                       VSBY 1/2 MILE OR LESS
                                                   8 = SMOKE OR HAZE
[NO. OF DAYS WITH]      [WEATHER - DAYS WITH]      9 = BLOWING SNOW
                                                   X = TORNADO
MAX 32 OR BELOW:   0    0.01 INCH OR MORE:   8
MAX 90 OR ABOVE:   0    0.10 INCH OR MORE:   5
MIN 32 OR BELOW:   8    0.50 INCH OR MORE:   1
MIN  0 OR BELOW:   0    1.00 INCH OR MORE:   1

[HDD (BASE 65) ]
TOTAL THIS MO.   492    CLEAR  (SCALE 0-3)  13
DPTR FM NORMAL   -16    PTCLDY (SCALE 4-7)  11
TOTAL FM JUL 1  3680    CLOUDY (SCALE 8-10)  7
DPTR FM NORMAL   -82

[CDD (BASE 65) ]
TOTAL THIS MO.     0
DPTR FM NORMAL    -9    [PRESSURE DATA]
TOTAL FM JAN 1     0    HIGHEST SLP M ON M
DPTR FM NORMAL   -10    LOWEST  SLP 29.45 ON 19

[REMARKS]
#FINAL-03-18#
