000
CXUS53 KSGF 010810
CF6JLN
PRELIMINARY LOCAL CLIMATOLOGICAL DATA (WS FORM: F-6)
STATION: JOPLIN MO
MONTH: DECEMBER
YEAR: 2023
LATITUDE: 37 10 N
LONGITUDE: 94 30 W
TEMPERATURE IN F: :PCPN: SNOW: WIND :SUNSHINE: SKY :PK WND
================================================================================
1 2 3 4 5 6A 6B 7 8 9 10 11 12 13 14 15 16 17 18
12Z AVG MX 2MIN
DY MAX MIN AVG DEP HDD CDD WTR SNW DPTH SPD SPD DIR MIN PSBL S-S WX SPD DR
================================================================================
1 52 38 45 3 20 0 0.01 M M 9.1 20 220 M M 10 1 26 230
2 46 38 42 0 23 0 T M M 4.3 18 270 M M 10 1 24 270
3 57 32 45 4 20 0 T M M 10.7 23 270 M M 4 1 39 270
4 53 35 44 3 21 0 0.00 M M 11.0 23 290 M M 3 1 31 300
5 51 29 40 -1 25 0 0.00 M M 9.9 22 320 M M 1 29 220
6 58 26 42 2 23 0 0.00 M M 9.1 20 200 M M 0 29 200
7 68 46 57 17 8 0 0.00 M M 19.8 32 200 M M 2 43 170
8 63 51 57 17 8 0 T M M 12.3 24 190 M M 8 34 190
9 51 32 42 2 23 0 T M M 9.0 21 320 M M 1 27 310
10 46 23 35 -4 30 0 0.00 M M 7.5 13 290 M M 1 17 280
11 53 30 42 3 23 0 0.00 M M 7.0 15 220 M M 0 21 210
12 61 29 45 6 20 0 0.00 M M 2.6 8 180 M M 1 10 50
13 60 31 46 7 19 0 0.00 M M 4.2 13 120 M M 0 17 120
14 60 31 46 8 19 0 0.00 M M 6.8 20 140 M M 1 26 120
15 56 46 51 13 14 0 0.16 M M 8.2 17 140 M M 8 1 26 130
16 47 30 39 1 26 0 0.01 M M 8.0 17 280 M M 7 12 25 270
17 57 27 42 4 23 0 0.00 M M 5.4 15 260 M M 0 1 19 250
18 43 23 33 -4 32 0 0.00 M M 6.9 20 350 M M 0 34 360
19 57 22 40 3 25 0 0.00 M M 10.5 20 200 M M 0 26 200
20 61 43 52 15 13 0 0.00 M M 15.0 24 210 M M 4 33 210
21 60 50 55 18 10 0 0.10 M M 12.3 22 200 M M 10 1 29 190
22 54 51 53 16 12 0 0.65 M M 10.6 17 210 M M 10 1 23 210
23 62 54 58 22 7 0 0.00 M M 8.5 15 190 M M 10 1 18 200
24 60 55 58 22 7 0 1.33 M M 10.4 21 150 M M 8 1 30 140
25 55 34 45 9 20 0 0.17 M M 13.8 22 240 M M 10 1 33 230
26 44 29 37 1 28 0 T M M 15.5 26 210 M M 7 38 190
27 36 31 34 -2 31 0 T M M 12.0 20 290 M M 10 18 28 290
28 42 33 38 2 27 0 T M M 10.4 16 330 M M 9 18 22 10
29 45 31 38 2 27 0 0.00 M M 9.5 16 270 M M 6 23 320
30 51 25 38 3 27 0 0.00 M M 7.9 14 220 M M 1 18 220
31 39 28 34 -1 31 0 0.00 M M 8.1 17 360 M M 7 18 20 350
================================================================================
SM 1648 1083 642 0 2.43 M 296.3 M 149
================================================================================
AV 53.2 34.9 9.6 FASTST M M 5 MAX(MPH)
MISC ----> 32 200 43 170
================================================================================
NOTES:
# LAST OF SEVERAL OCCURRENCES
COLUMN 17 PEAK WIND IN M.P.H.
PRELIMINARY LOCAL CLIMATOLOGICAL DATA (WS FORM: F-6) , PAGE 2
STATION: JOPLIN MO
MONTH: DECEMBER
YEAR: 2023
LATITUDE: 37 10 N
LONGITUDE: 94 30 W
[TEMPERATURE DATA] [PRECIPITATION DATA] SYMBOLS USED IN COLUMN 16
AVERAGE MONTHLY: 44.0 TOTAL FOR MONTH: 2.43 1 = FOG OR MIST
DPTR FM NORMAL: 5.9 DPTR FM NORMAL: -0.17 2 = FOG REDUCING VISIBILITY
HIGHEST: 68 ON 7 GRTST 24HR 1.49 ON 24-25 TO 1/4 MILE OR LESS
LOWEST: 22 ON 19 3 = THUNDER
SNOW, ICE PELLETS, HAIL 4 = ICE PELLETS
TOTAL MONTH: M 5 = HAIL
GRTST 24HR M ON M 6 = FREEZING RAIN OR DRIZZLE
GRTST DEPTH: M ON M 7 = DUSTSTORM OR SANDSTORM:
VSBY 1/2 MILE OR LESS
8 = SMOKE OR HAZE
[NO. OF DAYS WITH] [WEATHER - DAYS WITH] 9 = BLOWING SNOW
X = TORNADO
MAX 32 OR BELOW: 0 0.01 INCH OR MORE: 7
MAX 90 OR ABOVE: 0 0.10 INCH OR MORE: 5
MIN 32 OR BELOW: 18 0.50 INCH OR MORE: 2
MIN 0 OR BELOW: 0 1.00 INCH OR MORE: 1
[HDD (BASE 65) ]
TOTAL THIS MO. 642 CLEAR (SCALE 0-3) 14
DPTR FM NORMAL -190 PTCLDY (SCALE 4-7) 8
TOTAL FM JUL 1 1318 CLOUDY (SCALE 8-10) 9
DPTR FM NORMAL -300
[CDD (BASE 65) ]
TOTAL THIS MO. 0
DPTR FM NORMAL 0 [PRESSURE DATA]
TOTAL FM JAN 1 1947 HIGHEST SLP M ON M
DPTR FM NORMAL 297 LOWEST SLP 29.58 ON 8
[REMARKS]
#FINAL-12-23#