216
CDUS43 KSGF 210639
CLIJLN


CLIMATE REPORT
NATIONAL WEATHER SERVICE SPRINGFIELD MO
138 AM CDT MON MAY 21 2018


...................................

...THE JOPLIN MO CLIMATE SUMMARY FOR MAY 20 2018...

CLIMATE NORMAL PERIOD 1981 TO 2010
CLIMATE RECORD PERIOD 1902 TO 2018


WEATHER ITEM   OBSERVED TIME   RECORD YEAR NORMAL DEPARTURE LAST
                VALUE   (LST)  VALUE       VALUE  FROM      YEAR
                                                  NORMAL
..................................................................
TEMPERATURE (F)
 YESTERDAY
  MAXIMUM         81    203 PM  92    1956  79      2       71
  MINIMUM         63    629 AM  40    1981  57      6       51
  AVERAGE         72                        68      4       61

PRECIPITATION (IN)
  YESTERDAY        1.22          2.09 2011   0.18   1.04     0.62
  MONTH TO DATE    2.96                      3.77  -0.81     6.59
  SINCE MAR 1      7.37                     11.66  -4.29    20.53
  SINCE JAN 1     12.78                     16.01  -3.23    24.52

DEGREE DAYS
 HEATING
  YESTERDAY        0                         2     -2        4
  MONTH TO DATE    3                        55    -52       48
  SINCE MAR 1    899                       804     95      603
  SINCE JUL 1   4087                      4058     29     3155

 COOLING
  YESTERDAY        7                         4      3        0
  MONTH TO DATE  152                        64     88       85
  SINCE MAR 1    168                       117     51      149
  SINCE JAN 1    168                       118     50      159
..................................................................


WIND (MPH)
  HIGHEST WIND SPEED    29   HIGHEST WIND DIRECTION    SW (240)
  HIGHEST GUST SPEED    46   HIGHEST GUST DIRECTION    SW (240)
  AVERAGE WIND SPEED     7.4


SKY COVER
  AVERAGE SKY COVER 0.5


WEATHER CONDITIONS
 THE FOLLOWING WEATHER WAS RECORDED YESTERDAY.
  THUNDERSTORM
  HEAVY RAIN
  RAIN
  LIGHT RAIN
  FOG


RELATIVE HUMIDITY (PERCENT)
 HIGHEST   100          1000 PM
 LOWEST     69          1200 PM
 AVERAGE    85

..........................................................


THE JOPLIN MO CLIMATE NORMALS FOR TODAY
                         NORMAL    RECORD    YEAR
 MAXIMUM TEMPERATURE (F)   79        91      1987
 MINIMUM TEMPERATURE (F)   58        40      1968


SUNRISE AND SUNSET
MAY 21 2018...........SUNRISE   605 AM CDT   SUNSET   825 PM CDT
MAY 22 2018...........SUNRISE   604 AM CDT   SUNSET   825 PM CDT


-  INDICATES NEGATIVE NUMBERS.
R  INDICATES RECORD WAS SET OR TIED.
MM INDICATES DATA IS MISSING.
T  INDICATES TRACE AMOUNT.




$$
