700
CDUS43 KSGF 160627
CLIJLN


CLIMATE REPORT
NATIONAL WEATHER SERVICE SPRINGFIELD MO
126 AM CDT MON APR 16 2018


...................................

...THE JOPLIN MO CLIMATE SUMMARY FOR APRIL 15 2018...

CLIMATE NORMAL PERIOD 1981 TO 2010
CLIMATE RECORD PERIOD 1902 TO 2018


WEATHER ITEM   OBSERVED TIME   RECORD YEAR NORMAL DEPARTURE LAST
                VALUE   (LST)  VALUE       VALUE  FROM      YEAR
                                                  NORMAL
..................................................................
TEMPERATURE (F)
 YESTERDAY
  MAXIMUM         40    202 PM  86    2006  70    -30       82
                                      2002
  MINIMUM         29    750 AM  25    2014  47    -18       64
  AVERAGE         35                        58    -23       73

PRECIPITATION (IN)
  YESTERDAY        T             1.34 1973   0.15  -0.15     0.00
  MONTH TO DATE    0.42                      1.94  -1.52     1.47
  SINCE MAR 1      2.72                      5.36  -2.64     4.17
  SINCE JAN 1      8.13                      9.71  -1.58     8.16

DEGREE DAYS
 HEATING
  YESTERDAY       30                         8     22        0
  MONTH TO DATE  274                       149    125       85
  SINCE MAR 1    766                       657    109      465
  SINCE JUL 1   3954                      3911     43     3017

 COOLING
  YESTERDAY        0                         1     -1        8
  MONTH TO DATE   12                        15     -3       30
  SINCE MAR 1     12                        24    -12       47
  SINCE JAN 1     12                        25    -13       57
..................................................................


WIND (MPH)
  HIGHEST WIND SPEED    24   HIGHEST WIND DIRECTION    NW (320)
  HIGHEST GUST SPEED    35   HIGHEST GUST DIRECTION    NW (320)
  AVERAGE WIND SPEED    16.7


SKY COVER
  AVERAGE SKY COVER 1.0


WEATHER CONDITIONS
 THE FOLLOWING WEATHER WAS RECORDED YESTERDAY.
  LIGHT SNOW
  FOG


RELATIVE HUMIDITY (PERCENT)
 HIGHEST    92           800 AM
 LOWEST     52           100 PM
 AVERAGE    72

..........................................................


THE JOPLIN MO CLIMATE NORMALS FOR TODAY
                         NORMAL    RECORD    YEAR
 MAXIMUM TEMPERATURE (F)   70        91      2006
 MINIMUM TEMPERATURE (F)   47        29      1953


SUNRISE AND SUNSET
APRIL 16 2018.........SUNRISE   642 AM CDT   SUNSET   754 PM CDT
APRIL 17 2018.........SUNRISE   641 AM CDT   SUNSET   755 PM CDT


-  INDICATES NEGATIVE NUMBERS.
R  INDICATES RECORD WAS SET OR TIED.
MM INDICATES DATA IS MISSING.
T  INDICATES TRACE AMOUNT.




$$
