000
CDUS43 KSGF 140633
CLIJLN


CLIMATE REPORT
NATIONAL WEATHER SERVICE SPRINGFIELD MO
132 AM CDT MON MAY 14 2018


...................................

...THE JOPLIN MO CLIMATE SUMMARY FOR MAY 13 2018...

CLIMATE NORMAL PERIOD 1981 TO 2010
CLIMATE RECORD PERIOD 1902 TO 2018


WEATHER ITEM   OBSERVED TIME   RECORD YEAR NORMAL DEPARTURE LAST
                VALUE   (LST)  VALUE       VALUE  FROM      YEAR
                                                  NORMAL
..................................................................
TEMPERATURE (F)
 YESTERDAY
  MAXIMUM         88    243 PM  90    1995  77     11       80
  MINIMUM         66   1255 AM  42    1952  55     11       51
                                      1964
  AVERAGE         77                        66     11       66

PRECIPITATION (IN)
  YESTERDAY        0.00          2.34 1981   0.19  -0.19     0.00
  MONTH TO DATE    0.66                      2.49  -1.83     3.57
  SINCE MAR 1      5.07                     10.38  -5.31    17.51
  SINCE JAN 1     10.48                     14.73  -4.25    21.50

DEGREE DAYS
 HEATING
  YESTERDAY        0                         2     -2        0
  MONTH TO DATE    3                        41    -38       44
  SINCE MAR 1    899                       790    109      599
  SINCE JUL 1   4087                      4044     43     3151

 COOLING
  YESTERDAY       12                         4      8        1
  MONTH TO DATE   95                        36     59       36
  SINCE MAR 1    111                        89     22      100
  SINCE JAN 1    111                        90     21      110
..................................................................


WIND (MPH)
  HIGHEST WIND SPEED    22   HIGHEST WIND DIRECTION     S (200)
  HIGHEST GUST SPEED    29   HIGHEST GUST DIRECTION     S (190)
  AVERAGE WIND SPEED    11.8


SKY COVER
  AVERAGE SKY COVER 0.0


WEATHER CONDITIONS
 THE FOLLOWING WEATHER WAS RECORDED YESTERDAY.
  NO SIGNIFICANT WEATHER WAS OBSERVED.


RELATIVE HUMIDITY (PERCENT)
 HIGHEST    87           100 AM
 LOWEST     50           300 PM
 AVERAGE    69

..........................................................


THE JOPLIN MO CLIMATE NORMALS FOR TODAY
                         NORMAL    RECORD    YEAR
 MAXIMUM TEMPERATURE (F)   77        92      1947
 MINIMUM TEMPERATURE (F)   56        41      2000
                                             1959


SUNRISE AND SUNSET
MAY 14 2018...........SUNRISE   610 AM CDT   SUNSET   819 PM CDT
MAY 15 2018...........SUNRISE   610 AM CDT   SUNSET   820 PM CDT


-  INDICATES NEGATIVE NUMBERS.
R  INDICATES RECORD WAS SET OR TIED.
MM INDICATES DATA IS MISSING.
T  INDICATES TRACE AMOUNT.




$$
