000
CDUS43 KSGF 172232
CLIJLN


CLIMATE REPORT
NATIONAL WEATHER SERVICE SPRINGFIELD MO
532 PM CDT THU MAY 17 2018


...................................

...THE JOPLIN MO CLIMATE SUMMARY FOR MAY 17 2018...
VALID TODAY AS OF 0500 PM LOCAL TIME.

CLIMATE NORMAL PERIOD 1981 TO 2010
CLIMATE RECORD PERIOD 1902 TO 2018


WEATHER ITEM   OBSERVED TIME   RECORD YEAR NORMAL DEPARTURE LAST
                VALUE   (LST)  VALUE       VALUE  FROM      YEAR
                                                  NORMAL
..................................................................
TEMPERATURE (F)
 TODAY
  MAXIMUM         83    302 PM  89    1996  78      5       83
                                      2001
  MINIMUM         59    425 AM  40    2011  57      2       65
                                      1973
  AVERAGE         71                        67      4       74

PRECIPITATION (IN)
  TODAY            0.17          1.82 2002   0.18  -0.01     0.02
  MONTH TO DATE    1.74                      3.22  -1.48     3.59
  SINCE MAR 1      6.15                     11.11  -4.96    17.53
  SINCE JAN 1     11.56                     15.46  -3.90    21.52

DEGREE DAYS
 HEATING
  TODAY            0                         2     -2        0
  MONTH TO DATE    3                        49    -46       44
  SINCE MAR 1    899                       798    101      599
  SINCE JUL 1   4087                      4052     35     3151

 COOLING
  TODAY            6                         4      2        9
  MONTH TO DATE  126                        52     74       68
  SINCE MAR 1    142                       105     37      132
  SINCE JAN 1    142                       106     36      142
..................................................................


WIND (MPH)
  HIGHEST WIND SPEED    18   HIGHEST WIND DIRECTION    NE (30)
  HIGHEST GUST SPEED    25   HIGHEST GUST DIRECTION    NE (30)


SKY COVER
  AVERAGE SKY COVER 0.3


WEATHER CONDITIONS
 THE FOLLOWING WEATHER WAS RECORDED TODAY.
  THUNDERSTORM
  HEAVY RAIN
  FOG
  FOG W/VISIBILITY <= 1/4 MILE


RELATIVE HUMIDITY (PERCENT)
 HIGHEST   100          1200 AM
 LOWEST     51           100 PM
 AVERAGE    76

..........................................................


THE JOPLIN MO CLIMATE NORMALS FOR TOMORROW
                         NORMAL    RECORD    YEAR
 MAXIMUM TEMPERATURE (F)   78        90      1987
 MINIMUM TEMPERATURE (F)   57        39      2002


SUNRISE AND SUNSET
MAY 17 2018...........SUNRISE   608 AM CDT   SUNSET   821 PM CDT
MAY 18 2018...........SUNRISE   607 AM CDT   SUNSET   822 PM CDT


-  INDICATES NEGATIVE NUMBERS.
R  INDICATES RECORD WAS SET OR TIED.
MM INDICATES DATA IS MISSING.
T  INDICATES TRACE AMOUNT.




$$
