000
CDUS43 KSGF 140629
CLIJLN


CLIMATE REPORT
NATIONAL WEATHER SERVICE SPRINGFIELD MO
129 AM CDT SAT APR 14 2018


...................................

...THE JOPLIN MO CLIMATE SUMMARY FOR APRIL 13 2018...

CLIMATE NORMAL PERIOD 1981 TO 2010
CLIMATE RECORD PERIOD 1902 TO 2018


WEATHER ITEM   OBSERVED TIME   RECORD YEAR NORMAL DEPARTURE LAST
                VALUE   (LST)  VALUE       VALUE  FROM      YEAR
                                                  NORMAL
..................................................................
TEMPERATURE (F)
 YESTERDAY
  MAXIMUM         77    202 PM  92    1972  69      8       82
                                      2006
  MINIMUM         59   1159 PM  19    1957  46     13       58
  AVERAGE         68                        58     10       70

PRECIPITATION (IN)
  YESTERDAY        0.05          1.66 2007   0.13  -0.08     0.00
  MONTH TO DATE    0.42                      1.65  -1.23     1.45
  SINCE MAR 1      2.72                      5.07  -2.35     4.15
  SINCE JAN 1      8.13                      9.42  -1.29     8.14

DEGREE DAYS
 HEATING
  YESTERDAY        0                         9     -9        0
  MONTH TO DATE  226                       133     93       85
  SINCE MAR 1    718                       641     77      465
  SINCE JUL 1   3906                      3895     11     3017

 COOLING
  YESTERDAY        3                         1      2        5
  MONTH TO DATE   12                        13     -1       14
  SINCE MAR 1     12                        22    -10       31
  SINCE JAN 1     12                        23    -11       41
..................................................................


WIND (MPH)
  HIGHEST WIND SPEED    36   HIGHEST WIND DIRECTION     S (190)
  HIGHEST GUST SPEED    49   HIGHEST GUST DIRECTION    SE (140)
  AVERAGE WIND SPEED    20.7


SKY COVER
  AVERAGE SKY COVER 0.3


WEATHER CONDITIONS
 THE FOLLOWING WEATHER WAS RECORDED YESTERDAY.
  LIGHT RAIN
  FOG


RELATIVE HUMIDITY (PERCENT)
 HIGHEST    93           700 PM
 LOWEST     61          1200 AM
 AVERAGE    77

..........................................................


THE JOPLIN MO CLIMATE NORMALS FOR TODAY
                         NORMAL    RECORD    YEAR
 MAXIMUM TEMPERATURE (F)   70        88      2006
 MINIMUM TEMPERATURE (F)   46        28      2014
                                             2008
                                             1950


SUNRISE AND SUNSET
APRIL 14 2018.........SUNRISE   645 AM CDT   SUNSET   752 PM CDT
APRIL 15 2018.........SUNRISE   644 AM CDT   SUNSET   753 PM CDT


-  INDICATES NEGATIVE NUMBERS.
R  INDICATES RECORD WAS SET OR TIED.
MM INDICATES DATA IS MISSING.
T  INDICATES TRACE AMOUNT.




$$
