000
CDUS43 KSGF 040628
CLIJLN


CLIMATE REPORT
NATIONAL WEATHER SERVICE SPRINGFIELD MO
127 AM CDT WED APR 4 2018


...................................

...THE JOPLIN MO CLIMATE SUMMARY FOR APRIL 3 2018...

CLIMATE NORMAL PERIOD 1981 TO 2010
CLIMATE RECORD PERIOD 1902 TO 2018


WEATHER ITEM   OBSERVED TIME   RECORD YEAR NORMAL DEPARTURE LAST
                VALUE   (LST)  VALUE       VALUE  FROM      YEAR
                                                  NORMAL
..................................................................
TEMPERATURE (F)
 YESTERDAY
  MAXIMUM         69    948 AM  87    2011  66      3       68
  MINIMUM         30   1159 PM  19    1975  43    -13       49
  AVERAGE         50                        54     -4       59

PRECIPITATION (IN)
  YESTERDAY        0.03          1.91 1965   0.12  -0.09     0.11
  MONTH TO DATE    0.29                      0.36  -0.07     0.60
  SINCE MAR 1      2.59                      3.78  -1.19     3.30
  SINCE JAN 1      8.00                      8.13  -0.13     7.29

DEGREE DAYS
 HEATING
  YESTERDAY       15                        11      4        6
  MONTH TO DATE   64                        35     29       17
  SINCE MAR 1    556                       543     13      397
  SINCE JUL 1   3744                      3797    -53     2949

 COOLING
  YESTERDAY        0                         1     -1        0
  MONTH TO DATE    0                         3     -3        0
  SINCE MAR 1      0                        12    -12       17
  SINCE JAN 1      0                        13    -13       27
..................................................................


WIND (MPH)
  HIGHEST WIND SPEED    36   HIGHEST WIND DIRECTION     S (200)
  HIGHEST GUST SPEED    51   HIGHEST GUST DIRECTION     S (200)
  AVERAGE WIND SPEED    19.0


SKY COVER
  AVERAGE SKY COVER 0.7


WEATHER CONDITIONS
 THE FOLLOWING WEATHER WAS RECORDED YESTERDAY.
  LIGHT RAIN
  FOG


RELATIVE HUMIDITY (PERCENT)
 HIGHEST   100           100 AM
 LOWEST     67           600 PM
 AVERAGE    84

..........................................................


THE JOPLIN MO CLIMATE NORMALS FOR TODAY
                         NORMAL    RECORD    YEAR
 MAXIMUM TEMPERATURE (F)   67        84      1988
 MINIMUM TEMPERATURE (F)   43        24      1987


SUNRISE AND SUNSET
APRIL  4 2018.........SUNRISE   659 AM CDT   SUNSET   743 PM CDT
APRIL  5 2018.........SUNRISE   658 AM CDT   SUNSET   744 PM CDT


-  INDICATES NEGATIVE NUMBERS.
R  INDICATES RECORD WAS SET OR TIED.
MM INDICATES DATA IS MISSING.
T  INDICATES TRACE AMOUNT.




$$
