000
CDUS43 KSGF 110628
CLIJLN


CLIMATE REPORT
NATIONAL WEATHER SERVICE SPRINGFIELD MO
127 AM CDT WED APR 11 2018


...................................

...THE JOPLIN MO CLIMATE SUMMARY FOR APRIL 10 2018...

CLIMATE NORMAL PERIOD 1981 TO 2010
CLIMATE RECORD PERIOD 1902 TO 2018


WEATHER ITEM   OBSERVED TIME   RECORD YEAR NORMAL DEPARTURE LAST
                VALUE   (LST)  VALUE       VALUE  FROM      YEAR
                                                  NORMAL
..................................................................
TEMPERATURE (F)
 YESTERDAY
  MAXIMUM         63    515 PM  84    2011  68     -5       72
  MINIMUM         28    635 AM  27    1989  45    -17       47
                                      2003
  AVERAGE         46                        57    -11       60

PRECIPITATION (IN)
  YESTERDAY        0.00          1.59 1978   0.13  -0.13     0.00
  MONTH TO DATE    0.37                      1.24  -0.87     1.45
  SINCE MAR 1      2.67                      4.66  -1.99     4.15
  SINCE JAN 1      8.08                      9.01  -0.93     8.14

DEGREE DAYS
 HEATING
  YESTERDAY       19                         9     10        5
  MONTH TO DATE  226                       106    120       72
  SINCE MAR 1    718                       614    104      452
  SINCE JUL 1   3906                      3868     38     3004

 COOLING
  YESTERDAY        0                         1     -1        0
  MONTH TO DATE    0                        10    -10        9
  SINCE MAR 1      0                        19    -19       26
  SINCE JAN 1      0                        20    -20       36
..................................................................


WIND (MPH)
  HIGHEST WIND SPEED    20   HIGHEST WIND DIRECTION     S (190)
  HIGHEST GUST SPEED    29   HIGHEST GUST DIRECTION     S (200)
  AVERAGE WIND SPEED     5.9


SKY COVER
  AVERAGE SKY COVER 0.0


WEATHER CONDITIONS
 THE FOLLOWING WEATHER WAS RECORDED YESTERDAY.
  FOG


RELATIVE HUMIDITY (PERCENT)
 HIGHEST   100           300 AM
 LOWEST     36           500 PM
 AVERAGE    68

..........................................................


THE JOPLIN MO CLIMATE NORMALS FOR TODAY
                         NORMAL    RECORD    YEAR
 MAXIMUM TEMPERATURE (F)   69        86      1972
                                             1996
 MINIMUM TEMPERATURE (F)   45        26      1989


SUNRISE AND SUNSET
APRIL 11 2018.........SUNRISE   649 AM CDT   SUNSET   749 PM CDT
APRIL 12 2018.........SUNRISE   648 AM CDT   SUNSET   750 PM CDT


-  INDICATES NEGATIVE NUMBERS.
R  INDICATES RECORD WAS SET OR TIED.
MM INDICATES DATA IS MISSING.
T  INDICATES TRACE AMOUNT.




$$
