000
CDUS43 KSGF 050627
CLIJLN


CLIMATE REPORT
NATIONAL WEATHER SERVICE SPRINGFIELD MO
126 AM CDT SAT MAY 5 2018


...................................

...THE JOPLIN MO CLIMATE SUMMARY FOR MAY 4 2018...

CLIMATE NORMAL PERIOD 1981 TO 2010
CLIMATE RECORD PERIOD 1902 TO 2018


WEATHER ITEM   OBSERVED TIME   RECORD YEAR NORMAL DEPARTURE LAST
                VALUE   (LST)  VALUE       VALUE  FROM      YEAR
                                                  NORMAL
..................................................................
TEMPERATURE (F)
 YESTERDAY
  MAXIMUM         72    434 PM  94    2014  75     -3       68
  MINIMUM         51   1140 PM  33    2013  53     -2       41
                                      1954
  AVERAGE         62                        64     -2       55

PRECIPITATION (IN)
  YESTERDAY        0.00          5.21 1999   0.19  -0.19      T
  MONTH TO DATE    0.52                      0.77  -0.25     1.85
  SINCE MAR 1      4.93                      8.66  -3.73    15.79
  SINCE JAN 1     10.34                     13.01  -2.67    19.78

DEGREE DAYS
 HEATING
  YESTERDAY        3                         4     -1       10
  MONTH TO DATE    3                        16    -13       38
  SINCE MAR 1    899                       765    134      593
  SINCE JUL 1   4087                      4019     68     3145

 COOLING
  YESTERDAY        0                         2     -2        0
  MONTH TO DATE   16                         8      8        0
  SINCE MAR 1     32                        61    -29       64
  SINCE JAN 1     32                        62    -30       74
..................................................................


WIND (MPH)
  HIGHEST WIND SPEED    20   HIGHEST WIND DIRECTION    NW (310)
  HIGHEST GUST SPEED    29   HIGHEST GUST DIRECTION    SW (220)
  AVERAGE WIND SPEED     7.8


SKY COVER
  AVERAGE SKY COVER 0.5


WEATHER CONDITIONS
 THE FOLLOWING WEATHER WAS RECORDED YESTERDAY.
  NO SIGNIFICANT WEATHER WAS OBSERVED.


RELATIVE HUMIDITY (PERCENT)
 HIGHEST    93           200 AM
 LOWEST     53           500 PM
 AVERAGE    73

..........................................................


THE JOPLIN MO CLIMATE NORMALS FOR TODAY
                         NORMAL    RECORD    YEAR
 MAXIMUM TEMPERATURE (F)   75        91      2014
 MINIMUM TEMPERATURE (F)   53        35      2013


SUNRISE AND SUNSET
MAY  5 2018...........SUNRISE   619 AM CDT   SUNSET   811 PM CDT
MAY  6 2018...........SUNRISE   618 AM CDT   SUNSET   812 PM CDT


-  INDICATES NEGATIVE NUMBERS.
R  INDICATES RECORD WAS SET OR TIED.
MM INDICATES DATA IS MISSING.
T  INDICATES TRACE AMOUNT.




$$
