000
CDUS43 KSGF 262241
CLIJLN


CLIMATE REPORT
NATIONAL WEATHER SERVICE SPRINGFIELD MO
538 PM CDT SAT MAY 26 2018


...................................

...THE JOPLIN MO CLIMATE SUMMARY FOR MAY 26 2018...
VALID TODAY AS OF 0500 PM LOCAL TIME.

CLIMATE NORMAL PERIOD 1981 TO 2010
CLIMATE RECORD PERIOD 1902 TO 2018


WEATHER ITEM   OBSERVED TIME   RECORD YEAR NORMAL DEPARTURE LAST
                VALUE   (LST)  VALUE       VALUE  FROM      YEAR
                                                  NORMAL
..................................................................
TEMPERATURE (F)
 TODAY
  MAXIMUM         91    303 PM  94    1953  80     11       86
  MINIMUM         64    534 AM  41    1988  59      5       65
  AVERAGE         78                        70      8       76

PRECIPITATION (IN)
  TODAY            0.00          2.27 1963   0.18  -0.18     0.00
  MONTH TO DATE    3.48                      4.80  -1.32     6.59
  SINCE MAR 1      7.89                     12.69  -4.80    20.53
  SINCE JAN 1     13.30                     17.04  -3.74    24.52

DEGREE DAYS
 HEATING
  TODAY            0                         1     -1        0
  MONTH TO DATE    3                        61    -58       62
  SINCE MAR 1    899                       810     89      617
  SINCE JUL 1   4087                      4064     23     3169

 COOLING
  TODAY           13                         6      7       11
  MONTH TO DATE  214                        95    119       96
  SINCE MAR 1    230                       148     82      160
  SINCE JAN 1    230                       149     81      170
..................................................................


WIND (MPH)
  HIGHEST WIND SPEED    10   HIGHEST WIND DIRECTION    SW (210)
  HIGHEST GUST SPEED    14   HIGHEST GUST DIRECTION    SW (220)


SKY COVER
  AVERAGE SKY COVER 0.0


WEATHER CONDITIONS
 THE FOLLOWING WEATHER WAS RECORDED TODAY.
  NO SIGNIFICANT WEATHER WAS OBSERVED.


RELATIVE HUMIDITY (PERCENT)
 HIGHEST   100           500 AM
 LOWEST     52           300 PM
 AVERAGE    76

..........................................................


THE JOPLIN MO CLIMATE NORMALS FOR TOMORROW
                         NORMAL    RECORD    YEAR
 MAXIMUM TEMPERATURE (F)   80        92      2012
 MINIMUM TEMPERATURE (F)   59        44      1961


SUNRISE AND SUNSET
MAY 26 2018...........SUNRISE   602 AM CDT   SUNSET   828 PM CDT
MAY 27 2018...........SUNRISE   602 AM CDT   SUNSET   829 PM CDT


-  INDICATES NEGATIVE NUMBERS.
R  INDICATES RECORD WAS SET OR TIED.
MM INDICATES DATA IS MISSING.
T  INDICATES TRACE AMOUNT.




$$
