000
CDUS43 KSGF 192244
CLIJLN


CLIMATE REPORT
NATIONAL WEATHER SERVICE SPRINGFIELD MO
544 PM CDT SAT MAY 19 2018


...................................

...THE JOPLIN MO CLIMATE SUMMARY FOR MAY 19 2018...
VALID TODAY AS OF 0500 PM LOCAL TIME.

CLIMATE NORMAL PERIOD 1981 TO 2010
CLIMATE RECORD PERIOD 1902 TO 2018


WEATHER ITEM   OBSERVED TIME   RECORD YEAR NORMAL DEPARTURE LAST
                VALUE   (LST)  VALUE       VALUE  FROM      YEAR
                                                  NORMAL
..................................................................
TEMPERATURE (F)
 TODAY
  MAXIMUM         87    330 PM  91    1987  78      9       78
                                      2006
  MINIMUM         65    556 AM  43    1993  57      8       63
                                      2002
  AVERAGE         76                        68      8       71

PRECIPITATION (IN)
  TODAY            T             1.97 2017   0.19  -0.19     1.97
  MONTH TO DATE    1.74                      3.59  -1.85     5.97
  SINCE MAR 1      6.15                     11.48  -5.33    19.91
  SINCE JAN 1     11.56                     15.83  -4.27    23.90

DEGREE DAYS
 HEATING
  TODAY            0                         2     -2        0
  MONTH TO DATE    3                        53    -50       44
  SINCE MAR 1    899                       802     97      599
  SINCE JUL 1   4087                      4056     31     3151

 COOLING
  TODAY           11                         4      7        6
  MONTH TO DATE  145                        60     85       85
  SINCE MAR 1    161                       113     48      149
  SINCE JAN 1    161                       114     47      159
..................................................................


WIND (MPH)
  HIGHEST WIND SPEED    20   HIGHEST WIND DIRECTION     S (180)
  HIGHEST GUST SPEED    27   HIGHEST GUST DIRECTION    NW (330)


SKY COVER
  AVERAGE SKY COVER 0.1


WEATHER CONDITIONS
 THE FOLLOWING WEATHER WAS RECORDED TODAY.
  THUNDERSTORM
  LIGHT RAIN


RELATIVE HUMIDITY (PERCENT)
 HIGHEST    93           600 AM
 LOWEST     51           400 PM
 AVERAGE    72

..........................................................


THE JOPLIN MO CLIMATE NORMALS FOR TOMORROW
                         NORMAL    RECORD    YEAR
 MAXIMUM TEMPERATURE (F)   79        92      1956
 MINIMUM TEMPERATURE (F)   57        40      1981


SUNRISE AND SUNSET
MAY 19 2018...........SUNRISE   606 AM CDT   SUNSET   823 PM CDT
MAY 20 2018...........SUNRISE   606 AM CDT   SUNSET   824 PM CDT


-  INDICATES NEGATIVE NUMBERS.
R  INDICATES RECORD WAS SET OR TIED.
MM INDICATES DATA IS MISSING.
T  INDICATES TRACE AMOUNT.




$$
