000
CDUS43 KSGF 130628
CLIJLN


CLIMATE REPORT
NATIONAL WEATHER SERVICE SPRINGFIELD MO
127 AM CDT FRI APR 13 2018


...................................

...THE JOPLIN MO CLIMATE SUMMARY FOR APRIL 12 2018...

CLIMATE NORMAL PERIOD 1981 TO 2010
CLIMATE RECORD PERIOD 1902 TO 2018


WEATHER ITEM   OBSERVED TIME   RECORD YEAR NORMAL DEPARTURE LAST
                VALUE   (LST)  VALUE       VALUE  FROM      YEAR
                                                  NORMAL
..................................................................
TEMPERATURE (F)
 YESTERDAY
  MAXIMUM         83    321 PM  96    1972  69     14       79
  MINIMUM         62    433 AM  23    1957  46     16       49
  AVERAGE         73                        57     16       64

PRECIPITATION (IN)
  YESTERDAY        0.00          1.21 2009   0.14  -0.14     0.00
  MONTH TO DATE    0.37                      1.52  -1.15     1.45
  SINCE MAR 1      2.67                      4.94  -2.27     4.15
  SINCE JAN 1      8.08                      9.29  -1.21     8.14

DEGREE DAYS
 HEATING
  YESTERDAY        0                         9     -9        1
  MONTH TO DATE  226                       124    102       85
  SINCE MAR 1    718                       632     86      465
  SINCE JUL 1   3906                      3886     20     3017

 COOLING
  YESTERDAY        8                         1      7        0
  MONTH TO DATE    9                        12     -3        9
  SINCE MAR 1      9                        21    -12       26
  SINCE JAN 1      9                        22    -13       36
..................................................................


WIND (MPH)
  HIGHEST WIND SPEED    33   HIGHEST WIND DIRECTION     S (190)
  HIGHEST GUST SPEED    49   HIGHEST GUST DIRECTION     S (180)
  AVERAGE WIND SPEED    22.7


SKY COVER
  AVERAGE SKY COVER 0.0


WEATHER CONDITIONS
 THE FOLLOWING WEATHER WAS RECORDED YESTERDAY.
  NO SIGNIFICANT WEATHER WAS OBSERVED.


RELATIVE HUMIDITY (PERCENT)
 HIGHEST    60           600 AM
 LOWEST     40          1200 AM
 AVERAGE    50

..........................................................


THE JOPLIN MO CLIMATE NORMALS FOR TODAY
                         NORMAL    RECORD    YEAR
 MAXIMUM TEMPERATURE (F)   69        92      1972
                                             2006
 MINIMUM TEMPERATURE (F)   46        19      1957


SUNRISE AND SUNSET
APRIL 13 2018.........SUNRISE   646 AM CDT   SUNSET   751 PM CDT
APRIL 14 2018.........SUNRISE   645 AM CDT   SUNSET   752 PM CDT


-  INDICATES NEGATIVE NUMBERS.
R  INDICATES RECORD WAS SET OR TIED.
MM INDICATES DATA IS MISSING.
T  INDICATES TRACE AMOUNT.




$$
