000
CDUS43 KSGF 150626
CLIJLN


CLIMATE REPORT
NATIONAL WEATHER SERVICE SPRINGFIELD MO
126 AM CDT SUN APR 15 2018


...................................

...THE JOPLIN MO CLIMATE SUMMARY FOR APRIL 14 2018...

CLIMATE NORMAL PERIOD 1981 TO 2010
CLIMATE RECORD PERIOD 1902 TO 2018


WEATHER ITEM   OBSERVED TIME   RECORD YEAR NORMAL DEPARTURE LAST
                VALUE   (LST)  VALUE       VALUE  FROM      YEAR
                                                  NORMAL
..................................................................
TEMPERATURE (F)
 YESTERDAY
  MAXIMUM         59   1213 AM  88    2006  70    -11       82
  MINIMUM         34   1159 PM  28    2014  46    -12       64
                                      2008
                                      1950
  AVERAGE         47                        58    -11       73

PRECIPITATION (IN)
  YESTERDAY        0.00          2.58 1999   0.14  -0.14     0.02
  MONTH TO DATE    0.42                      1.79  -1.37     1.47
  SINCE MAR 1      2.72                      5.21  -2.49     4.17
  SINCE JAN 1      8.13                      9.56  -1.43     8.16

DEGREE DAYS
 HEATING
  YESTERDAY       18                         8     10        0
  MONTH TO DATE  244                       141    103       85
  SINCE MAR 1    736                       649     87      465
  SINCE JUL 1   3924                      3903     21     3017

 COOLING
  YESTERDAY        0                         1     -1        8
  MONTH TO DATE   12                        14     -2       22
  SINCE MAR 1     12                        23    -11       39
  SINCE JAN 1     12                        24    -12       49
..................................................................


WIND (MPH)
  HIGHEST WIND SPEED    28   HIGHEST WIND DIRECTION     W (290)
  HIGHEST GUST SPEED    37   HIGHEST GUST DIRECTION     W (250)
  AVERAGE WIND SPEED    18.2


SKY COVER
  AVERAGE SKY COVER 0.9


WEATHER CONDITIONS
 THE FOLLOWING WEATHER WAS RECORDED YESTERDAY.
  NO SIGNIFICANT WEATHER WAS OBSERVED.


RELATIVE HUMIDITY (PERCENT)
 HIGHEST    82           400 AM
 LOWEST     53          1200 AM
 AVERAGE    68

..........................................................


THE JOPLIN MO CLIMATE NORMALS FOR TODAY
                         NORMAL    RECORD    YEAR
 MAXIMUM TEMPERATURE (F)   70        86      2006
                                             2002
 MINIMUM TEMPERATURE (F)   47        25      2014


SUNRISE AND SUNSET
APRIL 15 2018.........SUNRISE   644 AM CDT   SUNSET   753 PM CDT
APRIL 16 2018.........SUNRISE   642 AM CDT   SUNSET   754 PM CDT


-  INDICATES NEGATIVE NUMBERS.
R  INDICATES RECORD WAS SET OR TIED.
MM INDICATES DATA IS MISSING.
T  INDICATES TRACE AMOUNT.




$$
