000
CDUS43 KSGF 072226
CLIJLN


CLIMATE REPORT
NATIONAL WEATHER SERVICE SPRINGFIELD MO
526 PM CDT SAT APR 7 2018


...................................

...THE JOPLIN MO CLIMATE SUMMARY FOR APRIL 7 2018...
VALID TODAY AS OF 0500 PM LOCAL TIME.

CLIMATE NORMAL PERIOD 1981 TO 2010
CLIMATE RECORD PERIOD 1902 TO 2018


WEATHER ITEM   OBSERVED TIME   RECORD YEAR NORMAL DEPARTURE LAST
                VALUE   (LST)  VALUE       VALUE  FROM      YEAR
                                                  NORMAL
..................................................................
TEMPERATURE (F)
 TODAY
  MAXIMUM         45    354 PM  84    2015  68    -23       68
                                      1978
                                      1986
  MINIMUM         23R   521 AM  23    2007  44    -21       31
  AVERAGE         34                        56    -22       50

PRECIPITATION (IN)
  TODAY            0.01          1.07 1986   0.13  -0.12     0.00
  MONTH TO DATE    0.37                      0.85  -0.48     1.45
  SINCE MAR 1      2.67                      4.27  -1.60     4.15
  SINCE JAN 1      8.08                      8.62  -0.54     8.14

DEGREE DAYS
 HEATING
  TODAY           31                        10     21       15
  MONTH TO DATE  159                        77     82       67
  SINCE MAR 1    651                       585     66      447
  SINCE JUL 1   3839                      3839      0     2999

 COOLING
  TODAY            0                         1     -1        0
  MONTH TO DATE    0                         7     -7        0
  SINCE MAR 1      0                        16    -16       17
  SINCE JAN 1      0                        17    -17       27
..................................................................


WIND (MPH)
  HIGHEST WIND SPEED    22   HIGHEST WIND DIRECTION     N (20)
  HIGHEST GUST SPEED    30   HIGHEST GUST DIRECTION     N (10)


SKY COVER
  AVERAGE SKY COVER 0.5


WEATHER CONDITIONS
 THE FOLLOWING WEATHER WAS RECORDED TODAY.
  LIGHT SNOW
  FOG


RELATIVE HUMIDITY (PERCENT)
 HIGHEST    88           500 AM
 LOWEST     33           400 PM
 AVERAGE    61

..........................................................


THE JOPLIN MO CLIMATE NORMALS FOR TOMORROW
                         NORMAL    RECORD    YEAR
 MAXIMUM TEMPERATURE (F)   68        86      2011
                                             2001
 MINIMUM TEMPERATURE (F)   44        19      2007


SUNRISE AND SUNSET
APRIL  7 2018.........SUNRISE   655 AM CDT   SUNSET   746 PM CDT
APRIL  8 2018.........SUNRISE   653 AM CDT   SUNSET   747 PM CDT


-  INDICATES NEGATIVE NUMBERS.
R  INDICATES RECORD WAS SET OR TIED.
MM INDICATES DATA IS MISSING.
T  INDICATES TRACE AMOUNT.




$$
